000
CDUS44 KMEG 230635
CLIJBR


CLIMATE REPORT
NATIONAL WEATHER SERVICE MEMPHIS TN
135 AM CDT WED APR 23 2014


...................................

...THE JONESBORO CLIMATE SUMMARY FOR APRIL 22 2014...

CLIMATE NORMAL PERIOD 1981 TO 2010
CLIMATE RECORD PERIOD 1897 TO 2014


WEATHER ITEM   OBSERVED TIME   RECORD YEAR NORMAL DEPARTURE LAST
                VALUE   (LST)  VALUE       VALUE  FROM      YEAR
                                                  NORMAL
..................................................................
TEMPERATURE (F)
 YESTERDAY
  MAXIMUM         77    450 PM  90    1987  72      5       74
  MINIMUM         53   1157 PM  32    1927  51      2       46
  AVERAGE         65                        62      3       60

PRECIPITATION (IN)
  YESTERDAY        0.01          3.20 1974   0.17  -0.16     0.00
  MONTH TO DATE    4.05                      3.53   0.52     3.27
  SINCE MAR 1      9.06                      8.03   1.03     5.36
  SINCE JAN 1     13.77                     15.18  -1.41    15.15

SNOWFALL (IN)
  YESTERDAY        0.0          MM      MM   0.0    0.0      0.0
  MONTH TO DATE    0.0                       0.0    0.0      0.0
  SINCE MAR 1      3.2                       0.7    2.5      4.0
  SINCE JUL 1      5.2                       4.8    0.4     11.0
  SNOW DEPTH       0

DEGREE DAYS
 HEATING
  YESTERDAY        0                         5     -5        5
  MONTH TO DATE  168                       168      0      183
  SINCE MAR 1    799                       632    167      798
  SINCE JUL 1   4064                      3588    476     3426

 COOLING
  YESTERDAY        0                         2     -2        0
  MONTH TO DATE   14                        25    -11       46
  SINCE MAR 1     14                        31    -17       46
  SINCE JAN 1     14                        31    -17       46
..................................................................


WIND (MPH)
  HIGHEST WIND SPEED    15   HIGHEST WIND DIRECTION     N (360)
  HIGHEST GUST SPEED    32   HIGHEST GUST DIRECTION    NE (40)
  AVERAGE WIND SPEED     6.4


SKY COVER
  POSSIBLE SUNSHINE  MM
  AVERAGE SKY COVER 0.2


WEATHER CONDITIONS
 THE FOLLOWING WEATHER WAS RECORDED YESTERDAY.
  LIGHT RAIN


RELATIVE HUMIDITY (PERCENT)
 HIGHEST    97           200 AM
 LOWEST     23           500 PM
 AVERAGE    60

..........................................................


THE JONESBORO CLIMATE NORMALS FOR TODAY
                         NORMAL    RECORD    YEAR
 MAXIMUM TEMPERATURE (F)   73        91      1965
 MINIMUM TEMPERATURE (F)   52        34      1909


SUNRISE AND SUNSET
APRIL 23 2014.........SUNRISE   620 AM CDT   SUNSET   743 PM CDT
APRIL 24 2014.........SUNRISE   618 AM CDT   SUNSET   744 PM CDT


-  INDICATES NEGATIVE NUMBERS.
R  INDICATES RECORD WAS SET OR TIED.
MM INDICATES DATA IS MISSING.
T  INDICATES TRACE AMOUNT.




$$
