000
CDUS44 KMEG 060740
CLIJBR


CLIMATE REPORT
NATIONAL WEATHER SERVICE MEMPHIS TN
139 AM CST FRI MAR 6 2015


...................................

...THE JONESBORO CLIMATE SUMMARY FOR MARCH 5 2015...

CLIMATE NORMAL PERIOD 1981 TO 2010
CLIMATE RECORD PERIOD 1897 TO 2015


WEATHER ITEM   OBSERVED TIME   RECORD YEAR NORMAL DEPARTURE LAST
                VALUE   (LST)  VALUE       VALUE  FROM      YEAR
                                                  NORMAL
..................................................................
TEMPERATURE (F)
 YESTERDAY
  MAXIMUM         31    206 PM  83    1918  57    -26       34
                                      1910
  MINIMUM         10   1021 PM   9    1960  37    -27       25
  AVERAGE         21                        47    -26       30

PRECIPITATION (IN)
  YESTERDAY       MM             2.40 1989   0.15  MM        0.00
  MONTH TO DATE    2.22                      0.64   1.58     1.57
  SINCE MAR 1      2.22                      0.64   1.58     1.57
  SINCE JAN 1      7.05                      7.79  -0.74     6.28

SNOWFALL (IN)
  YESTERDAY       MM             8.0  1965   0.1   MM        0.0
  MONTH TO DATE    7.5                       0.2    7.3      3.2
  SINCE MAR 1      7.5                       0.2    7.3      3.2
  SINCE JUL 1      9.3                       4.3    5.0      5.2
  SNOW DEPTH       8

DEGREE DAYS
 HEATING
  YESTERDAY       44                        18     26       35
  MONTH TO DATE  159                        95     64      170
  SINCE MAR 1    159                        95     64      170
  SINCE JUL 1   3407                      3051    356     3435

 COOLING
  YESTERDAY        0                         0      0        0
  MONTH TO DATE    0                         0      0        0
  SINCE MAR 1      0                         0      0        0
  SINCE JAN 1      0                         0      0        0
..................................................................


WIND (MPH)
  HIGHEST WIND SPEED    21   HIGHEST WIND DIRECTION    NE (30)
  HIGHEST GUST SPEED    26   HIGHEST GUST DIRECTION    NE (30)
  AVERAGE WIND SPEED     8.0


SKY COVER
  POSSIBLE SUNSHINE  MM
  AVERAGE SKY COVER 0.3


WEATHER CONDITIONS
 THE FOLLOWING WEATHER WAS RECORDED YESTERDAY.
  LIGHT SNOW
  FOG


RELATIVE HUMIDITY (PERCENT)
 HIGHEST    96           900 PM
 LOWEST     42          1200 PM
 AVERAGE    69

..........................................................


THE JONESBORO CLIMATE NORMALS FOR TODAY
                         NORMAL    RECORD    YEAR
 MAXIMUM TEMPERATURE (F)   57        85      1910
                                             1905
 MINIMUM TEMPERATURE (F)   37         1      1899


SUNRISE AND SUNSET
MARCH  6 2015.........SUNRISE   626 AM CST   SUNSET   602 PM CST
MARCH  7 2015.........SUNRISE   625 AM CST   SUNSET   603 PM CST


-  INDICATES NEGATIVE NUMBERS.
R  INDICATES RECORD WAS SET OR TIED.
MM INDICATES DATA IS MISSING.
T  INDICATES TRACE AMOUNT.




$$
