000
CDUS44 KMEG 290639
CLIJBR


CLIMATE REPORT
NATIONAL WEATHER SERVICE MEMPHIS TN
137 AM CDT SAT APR 29 2017


...................................

...THE JONESBORO CLIMATE SUMMARY FOR APRIL 28 2017...

CLIMATE NORMAL PERIOD 1981 TO 2010
CLIMATE RECORD PERIOD 1897 TO 2017


WEATHER ITEM   OBSERVED TIME   RECORD YEAR NORMAL DEPARTURE LAST
                VALUE   (LST)  VALUE       VALUE  FROM      YEAR
                                                  NORMAL
..................................................................
TEMPERATURE (F)
 YESTERDAY
  MAXIMUM         82    414 PM  94    1901  74      8       82
  MINIMUM         52    227 AM  36    1992  53     -1       56
  AVERAGE         67                        64      3       69

PRECIPITATION (IN)
  YESTERDAY        T             2.39 2009   0.17  -0.17     0.00
  MONTH TO DATE    3.81                      4.61  -0.80     1.01
  SINCE MAR 1     10.08                      9.11   0.97    14.23
  SINCE JAN 1     15.69                     16.26  -0.57    18.16

DEGREE DAYS
 HEATING
  YESTERDAY        0                         3     -3        0
  MONTH TO DATE   94                       190    -96      115
  SINCE MAR 1    458                       654   -196      461
  SINCE JUL 1   2591                      3610  -1019     2950

 COOLING
  YESTERDAY        2                         2      0        4
  MONTH TO DATE   52                        37     15       41
  SINCE MAR 1     58                        43     15       45
  SINCE JAN 1     62                        43     19       45
..................................................................


WIND (MPH)
  HIGHEST WIND SPEED    22   HIGHEST WIND DIRECTION     S (200)
  HIGHEST GUST SPEED    29   HIGHEST GUST DIRECTION     S (190)
  AVERAGE WIND SPEED     9.2


SKY COVER
  POSSIBLE SUNSHINE  MM
  AVERAGE SKY COVER 0.5


WEATHER CONDITIONS
 THE FOLLOWING WEATHER WAS RECORDED YESTERDAY.
  LIGHT RAIN


RELATIVE HUMIDITY (PERCENT)
 HIGHEST    93           100 AM
 LOWEST     73           900 AM
 AVERAGE    83

..........................................................


THE JONESBORO CLIMATE NORMALS FOR TODAY
                         NORMAL    RECORD    YEAR
 MAXIMUM TEMPERATURE (F)   75        96      1901
 MINIMUM TEMPERATURE (F)   54        35      2008


SUNRISE AND SUNSET
APRIL 29 2017.........SUNRISE   612 AM CDT   SUNSET   748 PM CDT
APRIL 30 2017.........SUNRISE   611 AM CDT   SUNSET   749 PM CDT


-  INDICATES NEGATIVE NUMBERS.
R  INDICATES RECORD WAS SET OR TIED.
MM INDICATES DATA IS MISSING.
T  INDICATES TRACE AMOUNT.




$$
