000
CDUS44 KMEG 110732
CLIJBR


CLIMATE REPORT
NATIONAL WEATHER SERVICE MEMPHIS TN
132 AM CST MON DEC 11 2017


...................................

...THE JONESBORO CLIMATE SUMMARY FOR DECEMBER 10 2017...

CLIMATE NORMAL PERIOD 1981 TO 2010
CLIMATE RECORD PERIOD 1897 TO 2017


WEATHER ITEM   OBSERVED TIME   RECORD YEAR NORMAL DEPARTURE LAST
                VALUE   (LST)  VALUE       VALUE  FROM      YEAR
                                                  NORMAL
..................................................................
TEMPERATURE (F)
 YESTERDAY
  MAXIMUM         56    351 PM  77    1918  49      7       39
  MINIMUM         24    516 AM   4    1917  32     -8       20
  AVERAGE         40                        40      0       30

PRECIPITATION (IN)
  YESTERDAY        0.00          1.59 1923   0.18  -0.18     0.00
  MONTH TO DATE    0.23                      1.81  -1.58     0.87
  SINCE DEC 1      0.23                      1.81  -1.58     0.87
  SINCE JAN 1     42.28                     45.14  -2.86    48.97

DEGREE DAYS
 HEATING
  YESTERDAY       25                        25      0       35
  MONTH TO DATE  200                       234    -34      255
  SINCE DEC 1    200                       234    -34      255
  SINCE JUL 1    744                       884   -140      604

 COOLING
  YESTERDAY        0                         0      0        0
  MONTH TO DATE    0                         0      0        0
  SINCE DEC 1      0                         0      0        0
  SINCE JAN 1   1958                      1827    131     2285
..................................................................


WIND (MPH)
  HIGHEST WIND SPEED    25   HIGHEST WIND DIRECTION    SW (220)
  HIGHEST GUST SPEED    32   HIGHEST GUST DIRECTION    SW (230)
  AVERAGE WIND SPEED     8.8


SKY COVER
  POSSIBLE SUNSHINE  MM
  AVERAGE SKY COVER 0.0


WEATHER CONDITIONS
 THE FOLLOWING WEATHER WAS RECORDED YESTERDAY.
  NO SIGNIFICANT WEATHER WAS OBSERVED.


RELATIVE HUMIDITY (PERCENT)
 HIGHEST    88           500 AM
 LOWEST     41           200 PM
 AVERAGE    65

..........................................................


THE JONESBORO CLIMATE NORMALS FOR TODAY
                         NORMAL    RECORD    YEAR
 MAXIMUM TEMPERATURE (F)   49        75      1949
                                             1931
 MINIMUM TEMPERATURE (F)   32         0      1917


SUNRISE AND SUNSET
DECEMBER 11 2017......SUNRISE   703 AM CST   SUNSET   449 PM CST
DECEMBER 12 2017......SUNRISE   703 AM CST   SUNSET   449 PM CST


-  INDICATES NEGATIVE NUMBERS.
R  INDICATES RECORD WAS SET OR TIED.
MM INDICATES DATA IS MISSING.
T  INDICATES TRACE AMOUNT.




$$
