000
CDUS44 KMEG 220733
CLIJBR


CLIMATE REPORT
NATIONAL WEATHER SERVICE MEMPHIS TN
133 AM CST WED FEB 22 2017


...................................

...THE JONESBORO CLIMATE SUMMARY FOR FEBRUARY 21 2017...

CLIMATE NORMAL PERIOD 1981 TO 2010
CLIMATE RECORD PERIOD 1897 TO 2017


WEATHER ITEM   OBSERVED TIME   RECORD YEAR NORMAL DEPARTURE LAST
                VALUE   (LST)  VALUE       VALUE  FROM      YEAR
                                                  NORMAL
..................................................................
TEMPERATURE (F)
 YESTERDAY
  MAXIMUM         67    259 PM  78    1922  53     14       72
  MINIMUM         58    926 AM  12    1963  33     25       52
  AVERAGE         63                        43     20       62

PRECIPITATION (IN)
  YESTERDAY        0.51          1.90 2015   0.14   0.37     0.01
  MONTH TO DATE    1.30                      2.79  -1.49     0.28
  SINCE DEC 1      9.46                     10.99  -1.53     8.45
  SINCE JAN 1      5.00                      6.22  -1.22     2.08

DEGREE DAYS
 HEATING
  YESTERDAY        2                        22    -20        3
  MONTH TO DATE  323                       513   -190      466
  SINCE DEC 1   1710                      2159   -449     1824
  SINCE JUL 1   2059                      2809   -750     2333

 COOLING
  YESTERDAY        0                         0      0        0
  MONTH TO DATE    3                         0      3        0
  SINCE DEC 1      3                         0      3        3
  SINCE JAN 1      3                         0      3        0
..................................................................


WIND (MPH)
  HIGHEST WIND SPEED    17   HIGHEST WIND DIRECTION     E (70)
  HIGHEST GUST SPEED    21   HIGHEST GUST DIRECTION    NE (60)
  AVERAGE WIND SPEED     6.3


SKY COVER
  POSSIBLE SUNSHINE  MM
  AVERAGE SKY COVER 0.8


WEATHER CONDITIONS
 THE FOLLOWING WEATHER WAS RECORDED YESTERDAY.
  RAIN
  LIGHT RAIN
  FOG


RELATIVE HUMIDITY (PERCENT)
 HIGHEST   100           500 AM
 LOWEST     73           200 PM
 AVERAGE    87

..........................................................


THE JONESBORO CLIMATE NORMALS FOR TODAY
                         NORMAL    RECORD    YEAR
 MAXIMUM TEMPERATURE (F)   53        73      1944
 MINIMUM TEMPERATURE (F)   34         8      1978


SUNRISE AND SUNSET
FEBRUARY 22 2017......SUNRISE   641 AM CST   SUNSET   551 PM CST
FEBRUARY 23 2017......SUNRISE   640 AM CST   SUNSET   552 PM CST


-  INDICATES NEGATIVE NUMBERS.
R  INDICATES RECORD WAS SET OR TIED.
MM INDICATES DATA IS MISSING.
T  INDICATES TRACE AMOUNT.


$$
