000
CDUS44 KMEG 220634
CLIJBR


CLIMATE REPORT
NATIONAL WEATHER SERVICE MEMPHIS TN
133 AM CDT SUN OCT 22 2017


...................................

...THE JONESBORO CLIMATE SUMMARY FOR OCTOBER 21 2017...

CLIMATE NORMAL PERIOD 1981 TO 2010
CLIMATE RECORD PERIOD 1897 TO 2017


WEATHER ITEM   OBSERVED TIME   RECORD YEAR NORMAL DEPARTURE LAST
                VALUE   (LST)  VALUE       VALUE  FROM      YEAR
                                                  NORMAL
..................................................................
TEMPERATURE (F)
 YESTERDAY
  MAXIMUM         87    227 PM  89    1963  71     16       67
  MINIMUM         59    522 AM  27    1952  48     11       45
                                      1916
  AVERAGE         73                        60     13       56

PRECIPITATION (IN)
  YESTERDAY        T             2.72 1984   0.16  -0.16     0.00
  MONTH TO DATE    0.45                      2.90  -2.45     1.32
  SINCE SEP 1      0.84                      5.96  -5.12     3.26
  SINCE JAN 1     40.46                     37.07   3.39    44.28

DEGREE DAYS
 HEATING
  YESTERDAY        0                         7     -7        9
  MONTH TO DATE   36                        90    -54       20
  SINCE SEP 1     38                       108    -70       20
  SINCE JUL 1     38                       108    -70       20

 COOLING
  YESTERDAY        8                         1      7        0
  MONTH TO DATE  126                        43     83      119
  SINCE SEP 1    407                       268    139      480
  SINCE JAN 1   1940                      1814    126     2233
..................................................................


WIND (MPH)
  HIGHEST WIND SPEED    23   HIGHEST WIND DIRECTION     S (170)
  HIGHEST GUST SPEED    29   HIGHEST GUST DIRECTION     S (170)
  AVERAGE WIND SPEED    11.3


SKY COVER
  POSSIBLE SUNSHINE  MM
  AVERAGE SKY COVER 0.4


WEATHER CONDITIONS
 THE FOLLOWING WEATHER WAS RECORDED YESTERDAY.
  LIGHT RAIN


RELATIVE HUMIDITY (PERCENT)
 HIGHEST    90           300 AM
 LOWEST     51          1100 AM
 AVERAGE    71

..........................................................


THE JONESBORO CLIMATE NORMALS FOR TODAY
                         NORMAL    RECORD    YEAR
 MAXIMUM TEMPERATURE (F)   71        94      1900
 MINIMUM TEMPERATURE (F)   48        26      1917


SUNRISE AND SUNSET
OCTOBER 22 2017.......SUNRISE   716 AM CDT   SUNSET   618 PM CDT
OCTOBER 23 2017.......SUNRISE   717 AM CDT   SUNSET   617 PM CDT


-  INDICATES NEGATIVE NUMBERS.
R  INDICATES RECORD WAS SET OR TIED.
MM INDICATES DATA IS MISSING.
T  INDICATES TRACE AMOUNT.




$$
