000
CDUS44 KMEG 212246
CLIJBR


CLIMATE REPORT
NATIONAL WEATHER SERVICE MEMPHIS TN
446 PM CST FRI NOV 21 2014


...................................

...THE JONESBORO CLIMATE SUMMARY FOR NOVEMBER 21 2014...
VALID TODAY AS OF 0400 PM LOCAL TIME.

CLIMATE NORMAL PERIOD 1981 TO 2010
CLIMATE RECORD PERIOD 1897 TO 2014


WEATHER ITEM   OBSERVED TIME   RECORD YEAR NORMAL DEPARTURE LAST
                VALUE   (LST)  VALUE       VALUE  FROM      YEAR
                                                  NORMAL
..................................................................
TEMPERATURE (F)
 TODAY
  MAXIMUM         47    107 PM  77    1943  57    -10       59
  MINIMUM         42    856 AM  15    1937  38      4       40
  AVERAGE         45                        47     -2       50

PRECIPITATION (IN)
  TODAY            0.02          2.80 1906   0.17  -0.15     0.94
  MONTH TO DATE    1.11                      3.24  -2.13     1.98
  SINCE SEP 1      6.90                     10.56  -3.66     8.12
  SINCE JAN 1     40.58                     41.67  -1.09    45.57

SNOWFALL (IN)
  TODAY            0.0

DEGREE DAYS
 HEATING
  TODAY           20                        18      2       15
  MONTH TO DATE  471                       284    187      309
  SINCE SEP 1    612                       471    141      478
  SINCE JUL 1    612                       471    141      478

 COOLING
  TODAY            0                         0      0        0
  MONTH TO DATE    0                         1     -1        5
  SINCE SEP 1    338                       279     59      444
  SINCE JAN 1   1798                      1825    -27     2044
..................................................................


WIND (MPH)
  HIGHEST WIND SPEED    16   HIGHEST WIND DIRECTION    NE (60)
  HIGHEST GUST SPEED    20   HIGHEST GUST DIRECTION    NE (60)
  AVERAGE WIND SPEED    10.4


SKY COVER
  POSSIBLE SUNSHINE  MM
  AVERAGE SKY COVER 1.0


WEATHER CONDITIONS
 THE FOLLOWING WEATHER WAS RECORDED TODAY.
  LIGHT RAIN


RELATIVE HUMIDITY (PERCENT)
 HIGHEST    92           300 PM
 LOWEST     57          1200 AM
 AVERAGE    75

..........................................................


THE JONESBORO CLIMATE NORMALS FOR TOMORROW
                         NORMAL    RECORD    YEAR
 MAXIMUM TEMPERATURE (F)   56        78      1931
 MINIMUM TEMPERATURE (F)   37        17      1964


SUNRISE AND SUNSET
NOVEMBER 21 2014......SUNRISE   645 AM CST   SUNSET   452 PM CST
NOVEMBER 22 2014......SUNRISE   646 AM CST   SUNSET   452 PM CST


-  INDICATES NEGATIVE NUMBERS.
R  INDICATES RECORD WAS SET OR TIED.
MM INDICATES DATA IS MISSING.
T  INDICATES TRACE AMOUNT.




$$
