000
CDUS45 KGGW 270035
CLIJDN


CLIMATE REPORT
NATIONAL WEATHER SERVICE GLASGOW MT
635 PM MDT WED APR 26 2017


...................................

...THE JORDAN  ASOS MT CLIMATE SUMMARY FOR APRIL 26 2017...
VALID TODAY AS OF 0500 PM LOCAL TIME.

CLIMATE NORMAL PERIOD 1981 TO 2010
CLIMATE RECORD PERIOD 9999 TO 9999


WEATHER ITEM   OBSERVED TIME   RECORD YEAR NORMAL DEPARTURE LAST
                VALUE   (LST)  VALUE       VALUE  FROM      YEAR
                                                  NORMAL
..................................................................
TEMPERATURE (F)
 TODAY
  MAXIMUM         50        MM  MM      MM  62    -12       40
  MINIMUM         30        MM  MM      MM  32     -2       33
  AVERAGE         40                        47     -7       37

PRECIPITATION (IN)
  TODAY            0.00         MM      MM   0.05  -0.05     0.04
  MONTH TO DATE    0.51                      0.86  -0.35     1.97
  SINCE OCT 1      5.43                      3.40   2.03     7.54
  SINCE JAN 1      2.22                      1.86   0.36     3.85

SNOWFALL (IN)
  TODAY            0.0          MM      MM  MM     MM       MM
  MONTH TO DATE    0.0                      MM     MM        0.0
  SINCE MAR 1      0.0                      MM     MM        0.0
  SINCE JUL 1      0.0                      MM     MM        0.0
  SNOW DEPTH       0

DEGREE DAYS
 HEATING
  TODAY           25                        18      7       28
  MONTH TO DATE  497                       561    -64      484
  SINCE MAR 1   1369                      1545   -176     1270
  SINCE JUL 1   7115                      7663   -548     6619

 COOLING
  TODAY            0                         0      0        0
  MONTH TO DATE    0                         0      0        0
  SINCE MAR 1      0                         0      0        0
  SINCE JAN 1      0                         0      0        0
..................................................................


WIND (MPH)
  HIGHEST WIND SPEED    13   HIGHEST WIND DIRECTION    SE (130)
  HIGHEST GUST SPEED    16   HIGHEST GUST DIRECTION    SE (130)
  AVERAGE WIND SPEED     9.7


SKY COVER
  POSSIBLE SUNSHINE  MM
  AVERAGE SKY COVER 0.0


WEATHER CONDITIONS
 THE FOLLOWING WEATHER WAS RECORDED TODAY.
  NO SIGNIFICANT WEATHER WAS OBSERVED.


RELATIVE HUMIDITY (PERCENT)
 HIGHEST    85           300 AM
 LOWEST     50           300 PM
 AVERAGE    68

..........................................................


THE JORDAN  ASOS MT CLIMATE NORMALS FOR TOMORROW
                         NORMAL    RECORD    YEAR
 MAXIMUM TEMPERATURE (F)   62        MM        MM
 MINIMUM TEMPERATURE (F)   33        MM        MM


SUNRISE AND SUNSET
APRIL 26 2017.........SUNRISE   559 AM MDT   SUNSET   812 PM MDT
APRIL 27 2017.........SUNRISE   557 AM MDT   SUNSET   814 PM MDT


-  INDICATES NEGATIVE NUMBERS.
R  INDICATES RECORD WAS SET OR TIED.
MM INDICATES DATA IS MISSING.
T  INDICATES TRACE AMOUNT.




$$
