000
CDUS45 KBOI 190932
CLIJER


CLIMATE REPORT
NATIONAL WEATHER SERVICE BOISE ID
232 AM MST THU JAN 19 2017


...................................

...THE JEROME ID CLIMATE SUMMARY FOR JANUARY 18 2017...

CLIMATE NORMAL PERIOD 1981 TO 2010
CLIMATE RECORD PERIOD 1915 TO 2017


WEATHER ITEM   OBSERVED TIME   RECORD YEAR NORMAL DEPARTURE LAST
                VALUE   (LST)  VALUE       VALUE  FROM      YEAR
                                                  NORMAL
..................................................................
TEMPERATURE (F)
 YESTERDAY
  MAXIMUM         28    512 PM  50    1920  33     -5       39
  MINIMUM         13    708 AM -13    1984  20     -7       29
  AVERAGE         21                        26     -5       34

PRECIPITATION (IN)
  YESTERDAY        0.05          0.74 2012   0.02   0.03     0.10
  MONTH TO DATE    0.91                      0.76   0.15     0.30
  SINCE OCT 1      5.43                      4.28   1.15     4.89
  SINCE JAN 1      0.91                      0.76   0.15     0.30

DEGREE DAYS
 HEATING
  YESTERDAY       44                        39      5       31
  MONTH TO DATE  739                       702     37      694
  SINCE DEC 1   2028                      1881    147     1866
  SINCE JUL 1   3254                      3432   -178     3199

 COOLING
  YESTERDAY        0                         0      0        0
  MONTH TO DATE    0                         0      0        0
  SINCE DEC 1      0                         0      0        0
  SINCE JAN 1      0                         0      0        0
..................................................................


WIND (MPH)
  HIGHEST WIND SPEED    33   HIGHEST WIND DIRECTION    NE (50)
  HIGHEST GUST SPEED    37   HIGHEST GUST DIRECTION    NE (40)
  AVERAGE WIND SPEED    23.6


SKY COVER
  AVERAGE SKY COVER 0.6


WEATHER CONDITIONS
 THE FOLLOWING WEATHER WAS RECORDED YESTERDAY.
  LT FREEZING RAIN
  LIGHT SNOW
  FOG


RELATIVE HUMIDITY (PERCENT)
 HIGHEST    92          1000 PM
 LOWEST     71          1100 AM
 AVERAGE    82

..........................................................


THE JEROME ID CLIMATE NORMALS FOR TODAY
                         NORMAL    RECORD    YEAR
 MAXIMUM TEMPERATURE (F)   33        54      1981
 MINIMUM TEMPERATURE (F)   20       -23      1922


SUNRISE AND SUNSET
JANUARY 19 2017.......SUNRISE   803 AM MST   SUNSET   535 PM MST
JANUARY 20 2017.......SUNRISE   802 AM MST   SUNSET   536 PM MST


-  INDICATES NEGATIVE NUMBERS.
R  INDICATES RECORD WAS SET OR TIED.
MM INDICATES DATA IS MISSING.
T  INDICATES TRACE AMOUNT.




$$
