000
CDUS45 KBOI 250931
CLIJER


CLIMATE REPORT
NATIONAL WEATHER SERVICE BOISE ID
330 AM MDT SUN JUN 25 2017


...................................

...THE JEROME ID CLIMATE SUMMARY FOR JUNE 24 2017...

CLIMATE NORMAL PERIOD 1981 TO 2010
CLIMATE RECORD PERIOD 1915 TO 2017


WEATHER ITEM   OBSERVED TIME   RECORD YEAR NORMAL DEPARTURE LAST
                VALUE   (LST)  VALUE       VALUE  FROM      YEAR
                                                  NORMAL
..................................................................
TEMPERATURE (F)
 YESTERDAY
  MAXIMUM         86    404 PM 100    1992  81      5       74
  MINIMUM         50    529 AM  37    1985  52     -2       53
  AVERAGE         68                        66      2       64

PRECIPITATION (IN)
  YESTERDAY        0.00          0.46 1923   0.01  -0.01     0.00
  MONTH TO DATE    0.36                      0.73  -0.37     0.10
  SINCE OCT 1     11.25                      9.85   1.40     9.94
  SINCE JAN 1      6.73                      6.33   0.40     5.35

DEGREE DAYS
 HEATING
  YESTERDAY        0                         2     -2        1
  MONTH TO DATE   63                        98    -35       38
  SINCE JUN 1     63                        98    -35       38
  SINCE JUL 1   5973                      6625   -652     5904

 COOLING
  YESTERDAY        3                         3      0        0
  MONTH TO DATE   76                        44     32      110
  SINCE JUN 1     76                        44     32      110
  SINCE JAN 1     92                        57     35      114
..................................................................


WIND (MPH)
  HIGHEST WIND SPEED    13   HIGHEST WIND DIRECTION    SW (240)
  HIGHEST GUST SPEED    16   HIGHEST GUST DIRECTION     W (260)
  AVERAGE WIND SPEED     6.5


SKY COVER
  AVERAGE SKY COVER 0.0


WEATHER CONDITIONS
 THE FOLLOWING WEATHER WAS RECORDED YESTERDAY.
  NO SIGNIFICANT WEATHER WAS OBSERVED.


RELATIVE HUMIDITY (PERCENT)
 HIGHEST    48           500 AM
 LOWEST     18           700 PM
 AVERAGE    33

..........................................................


THE JEROME ID CLIMATE NORMALS FOR TODAY
                         NORMAL    RECORD    YEAR
 MAXIMUM TEMPERATURE (F)   81       100      1926
 MINIMUM TEMPERATURE (F)   52        31      1950


SUNRISE AND SUNSET
JUNE 25 2017..........SUNRISE   601 AM MDT   SUNSET   920 PM MDT
JUNE 26 2017..........SUNRISE   601 AM MDT   SUNSET   920 PM MDT


-  INDICATES NEGATIVE NUMBERS.
R  INDICATES RECORD WAS SET OR TIED.
MM INDICATES DATA IS MISSING.
T  INDICATES TRACE AMOUNT.




$$
