000
CDUS45 KBOI 160931
CLIJER


CLIMATE REPORT
NATIONAL WEATHER SERVICE BOISE ID
231 AM MST TUE JAN 16 2018


...................................

...THE JEROME ID CLIMATE SUMMARY FOR JANUARY 15 2018...

CLIMATE NORMAL PERIOD 1981 TO 2010
CLIMATE RECORD PERIOD 1915 TO 2018


WEATHER ITEM   OBSERVED TIME   RECORD YEAR NORMAL DEPARTURE LAST
                VALUE   (LST)  VALUE       VALUE  FROM      YEAR
                                                  NORMAL
..................................................................
TEMPERATURE (F)
 YESTERDAY
  MAXIMUM         49    348 PM  56    1961  33     16       14
  MINIMUM         31    904 AM  -9    1917  20     11        2
  AVERAGE         40                        26     14        8

PRECIPITATION (IN)
  YESTERDAY        0.00          1.07 1936   0.02  -0.02      T
  MONTH TO DATE    0.78                      0.69   0.09     0.86
  SINCE OCT 1      3.33                      4.21  -0.88     5.38
  SINCE JAN 1      0.78                      0.69   0.09     0.86

DEGREE DAYS
 HEATING
  YESTERDAY       25                        39    -14       57
  MONTH TO DATE  437                       585   -148      583
  SINCE DEC 1   1600                      1764   -164     1872
  SINCE JUL 1   3056                      3315   -259     3098

 COOLING
  YESTERDAY        0                         0      0        0
  MONTH TO DATE    0                         0      0        0
  SINCE DEC 1      0                         0      0        0
  SINCE JAN 1      0                         0      0        0
..................................................................


WIND (MPH)
  HIGHEST WIND SPEED    28   HIGHEST WIND DIRECTION    NE (60)
  HIGHEST GUST SPEED    34   HIGHEST GUST DIRECTION    NE (60)
  AVERAGE WIND SPEED    19.2


SKY COVER
  AVERAGE SKY COVER 0.0


WEATHER CONDITIONS
 THE FOLLOWING WEATHER WAS RECORDED YESTERDAY.
  NO SIGNIFICANT WEATHER WAS OBSERVED.


RELATIVE HUMIDITY (PERCENT)
 HIGHEST    85           100 AM
 LOWEST     53           100 PM
 AVERAGE    69

..........................................................


THE JEROME ID CLIMATE NORMALS FOR TODAY
                         NORMAL    RECORD    YEAR
 MAXIMUM TEMPERATURE (F)   33        52      1974
 MINIMUM TEMPERATURE (F)   20       -19      1917


SUNRISE AND SUNSET
JANUARY 16 2018.......SUNRISE   805 AM MST   SUNSET   531 PM MST
JANUARY 17 2018.......SUNRISE   804 AM MST   SUNSET   532 PM MST


-  INDICATES NEGATIVE NUMBERS.
R  INDICATES RECORD WAS SET OR TIED.
MM INDICATES DATA IS MISSING.
T  INDICATES TRACE AMOUNT.




$$
