000
CDUS45 KBOI 010932
CLIJER


CLIMATE REPORT
NATIONAL WEATHER SERVICE BOISE ID
232 AM MST SUN FEB 1 2015


...................................

...THE JEROME ID CLIMATE SUMMARY FOR JANUARY 31 2015...

CLIMATE NORMAL PERIOD 1981 TO 2010
CLIMATE RECORD PERIOD 1919 TO 2015


WEATHER ITEM   OBSERVED TIME   RECORD YEAR NORMAL DEPARTURE LAST
                VALUE   (LST)  VALUE       VALUE  FROM      YEAR
                                                  NORMAL
..................................................................
TEMPERATURE (F)
 YESTERDAY
  MAXIMUM         40    123 PM  57    1971  35      5       36
  MINIMUM         29   1130 PM -17    1985  20      9       26
  AVERAGE         35                        27      8       31

PRECIPITATION (IN)
  YESTERDAY        0.00          0.59 1974   0.02  -0.02     0.00
  MONTH TO DATE    1.19                      1.06   0.13     0.74
  SINCE OCT 1      4.09                      4.58  -0.49     1.34
  SINCE JAN 1      1.19                      1.06   0.13     0.74

DEGREE DAYS
 HEATING
  YESTERDAY       30                        38     -8       34
  MONTH TO DATE 1089                      1196   -107     1063
  SINCE DEC 1   2038                      2374   -336     2364
  SINCE JUL 1   3374                      3925   -551     3847

 COOLING
  YESTERDAY        0                         0      0        0
  MONTH TO DATE    0                         0      0        0
  SINCE DEC 1      0                         0      0        0
  SINCE JAN 1      0                         0      0        0
..................................................................


WIND (MPH)
  HIGHEST WIND SPEED    15   HIGHEST WIND DIRECTION    SW (240)
  HIGHEST GUST SPEED    20   HIGHEST GUST DIRECTION    SW (240)
  AVERAGE WIND SPEED     6.7


SKY COVER
  AVERAGE SKY COVER 0.7


WEATHER CONDITIONS
 THE FOLLOWING WEATHER WAS RECORDED YESTERDAY.
  FOG


RELATIVE HUMIDITY (PERCENT)
 HIGHEST    92          1200 AM
 LOWEST     70           200 PM
 AVERAGE    81

..........................................................


THE JEROME ID CLIMATE NORMALS FOR TODAY
                         NORMAL    RECORD    YEAR
 MAXIMUM TEMPERATURE (F)   35        61      2003
 MINIMUM TEMPERATURE (F)   20       -11      1985


SUNRISE AND SUNSET
FEBRUARY  1 2015......SUNRISE   752 AM MST   SUNSET   551 PM MST
FEBRUARY  2 2015......SUNRISE   751 AM MST   SUNSET   552 PM MST


-  INDICATES NEGATIVE NUMBERS.
R  INDICATES RECORD WAS SET OR TIED.
MM INDICATES DATA IS MISSING.
T  INDICATES TRACE AMOUNT.




$$
