000
CDUS45 KBOI 160930
CLIJER


CLIMATE REPORT
NATIONAL WEATHER SERVICE BOISE ID
330 AM MDT WED AUG 16 2017


...................................

...THE JEROME ID CLIMATE SUMMARY FOR AUGUST 15 2017...

CLIMATE NORMAL PERIOD 1981 TO 2010
CLIMATE RECORD PERIOD 1915 TO 2017


WEATHER ITEM   OBSERVED TIME   RECORD YEAR NORMAL DEPARTURE LAST
                VALUE   (LST)  VALUE       VALUE  FROM      YEAR
                                                  NORMAL
..................................................................
TEMPERATURE (F)
 YESTERDAY
  MAXIMUM         81    514 PM 103    1992  87     -6       91
  MINIMUM         49    552 AM  42    2005  55     -6       59
  AVERAGE         65                        71     -6       75

PRECIPITATION (IN)
  YESTERDAY        0.00          0.80 1979   0.01  -0.01     0.00
  MONTH TO DATE    0.02                      0.12  -0.10      T
  SINCE OCT 1     11.32                     10.24   1.08     9.99
  SINCE JAN 1      6.80                      6.72   0.08     5.40

DEGREE DAYS
 HEATING
  YESTERDAY        0                         0      0        0
  MONTH TO DATE    1                         0      1        3
  SINCE JUN 1     65                       119    -54       60
  SINCE JUL 1      1                        12    -11       18

 COOLING
  YESTERDAY        0                         6     -6       10
  MONTH TO DATE  145                       106     39       86
  SINCE JUN 1    658                       376    282      478
  SINCE JAN 1    674                       389    285      482
..................................................................


WIND (MPH)
  HIGHEST WIND SPEED    10   HIGHEST WIND DIRECTION    SW (220)
  HIGHEST GUST SPEED    14   HIGHEST GUST DIRECTION    SW (210)
  AVERAGE WIND SPEED     4.7


SKY COVER
  AVERAGE SKY COVER 0.0


WEATHER CONDITIONS
 THE FOLLOWING WEATHER WAS RECORDED YESTERDAY.
  NO SIGNIFICANT WEATHER WAS OBSERVED.


RELATIVE HUMIDITY (PERCENT)
 HIGHEST    89           200 AM
 LOWEST     18           500 PM
 AVERAGE    54

..........................................................


THE JEROME ID CLIMATE NORMALS FOR TODAY
                         NORMAL    RECORD    YEAR
 MAXIMUM TEMPERATURE (F)   87       105      2003
 MINIMUM TEMPERATURE (F)   55        43      1976


SUNRISE AND SUNSET
AUGUST 16 2017........SUNRISE   646 AM MDT   SUNSET   838 PM MDT
AUGUST 17 2017........SUNRISE   647 AM MDT   SUNSET   836 PM MDT


-  INDICATES NEGATIVE NUMBERS.
R  INDICATES RECORD WAS SET OR TIED.
MM INDICATES DATA IS MISSING.
T  INDICATES TRACE AMOUNT.




$$
