369
CDUS45 KBOI 100932
CLIJER


CLIMATE REPORT
NATIONAL WEATHER SERVICE BOISE ID
232 AM MST WED FEB 10 2016


...................................

...THE JEROME ID CLIMATE SUMMARY FOR FEBRUARY 9 2016...

CLIMATE NORMAL PERIOD 1981 TO 2010
CLIMATE RECORD PERIOD 1919 TO 2016


WEATHER ITEM   OBSERVED TIME   RECORD YEAR NORMAL DEPARTURE LAST
                VALUE   (LST)  VALUE       VALUE  FROM      YEAR
                                                  NORMAL
..................................................................
TEMPERATURE (F)
 YESTERDAY
  MAXIMUM         34    437 PM  61    1963  37     -3       55
  MINIMUM         21    925 AM  -4    1989  21      0       39
  AVERAGE         28                        29     -1       47

PRECIPITATION (IN)
  YESTERDAY        0.00          0.19 1975   0.03  -0.03     0.01
  MONTH TO DATE    0.01                      0.26  -0.25     0.31
  SINCE OCT 1      5.81                      4.84   0.97     4.40
  SINCE JAN 1      1.22                      1.32  -0.10     1.50

DEGREE DAYS
 HEATING
  YESTERDAY       37                        36      1       18
  MONTH TO DATE  362                       330     32      177
  SINCE DEC 1   2699                      2704     -5     2215
  SINCE JUL 1   4032                      4255   -223     3551

 COOLING
  YESTERDAY        0                         0      0        0
  MONTH TO DATE    0                         0      0        0
  SINCE DEC 1      0                         0      0        0
  SINCE JAN 1      0                         0      0        0
..................................................................


WIND (MPH)
  HIGHEST WIND SPEED    26   HIGHEST WIND DIRECTION    NE (50)
  HIGHEST GUST SPEED    30   HIGHEST GUST DIRECTION    NE (60)
  AVERAGE WIND SPEED    14.9


SKY COVER
  AVERAGE SKY COVER 0.5


WEATHER CONDITIONS
 THE FOLLOWING WEATHER WAS RECORDED YESTERDAY.
  FOG


RELATIVE HUMIDITY (PERCENT)
 HIGHEST    96          1200 AM
 LOWEST     81           900 PM
 AVERAGE    89

..........................................................


THE JEROME ID CLIMATE NORMALS FOR TODAY
                         NORMAL    RECORD    YEAR
 MAXIMUM TEMPERATURE (F)   37        59      1999
 MINIMUM TEMPERATURE (F)   21         1      1982


SUNRISE AND SUNSET
FEBRUARY 10 2016......SUNRISE   742 AM MST   SUNSET   602 PM MST
FEBRUARY 11 2016......SUNRISE   741 AM MST   SUNSET   604 PM MST


-  INDICATES NEGATIVE NUMBERS.
R  INDICATES RECORD WAS SET OR TIED.
MM INDICATES DATA IS MISSING.
T  INDICATES TRACE AMOUNT.




$$
