000
CDUS45 KBOI 150931
CLIJER


CLIMATE REPORT
NATIONAL WEATHER SERVICE BOISE ID
331 AM MDT MON SEP 15 2014


...................................

...THE JEROME ID CLIMATE SUMMARY FOR SEPTEMBER 14 2014...

CLIMATE NORMAL PERIOD 1981 TO 2010
CLIMATE RECORD PERIOD 1919 TO 2014


WEATHER ITEM   OBSERVED TIME   RECORD YEAR NORMAL DEPARTURE LAST
                VALUE   (LST)  VALUE       VALUE  FROM      YEAR
                                                  NORMAL
..................................................................
TEMPERATURE (F)
 YESTERDAY
  MAXIMUM         83    512 PM  92    2000  76      7       79
  MINIMUM         48    609 AM  31    1970  47      1       58
  AVERAGE         66                        62      4       69

PRECIPITATION (IN)
  YESTERDAY        0.00          0.68 1959   0.01  -0.01     0.03
  MONTH TO DATE    T                         0.13  -0.13     0.23
  SINCE OCT 1      9.17                     10.51  -1.34     6.05
  SINCE JAN 1      8.57                      6.99   1.58     2.75

DEGREE DAYS
 HEATING
  YESTERDAY        0                         5     -5        0
  MONTH TO DATE   57                        50      7        1
  SINCE SEP 1     57                        50      7        1
  SINCE JUL 1     84                        83      1        1

 COOLING
  YESTERDAY        1                         1      0        4
  MONTH TO DATE    9                        34    -25       76
  SINCE SEP 1      9                        34    -25       76
  SINCE JAN 1    601                       499    102      894
..................................................................


WIND (MPH)
  HIGHEST WIND SPEED    12   HIGHEST WIND DIRECTION    NE (40)
  HIGHEST GUST SPEED    13   HIGHEST GUST DIRECTION    NE (40)
  AVERAGE WIND SPEED     4.4


SKY COVER
  AVERAGE SKY COVER 0.0


WEATHER CONDITIONS
 THE FOLLOWING WEATHER WAS RECORDED YESTERDAY.
  NO SIGNIFICANT WEATHER WAS OBSERVED.


RELATIVE HUMIDITY (PERCENT)
 HIGHEST    52           600 AM
 LOWEST     18           300 PM
 AVERAGE    35

..........................................................


THE JEROME ID CLIMATE NORMALS FOR TODAY
                         NORMAL    RECORD    YEAR
 MAXIMUM TEMPERATURE (F)   76       100      2000
 MINIMUM TEMPERATURE (F)   47        34      1992


SUNRISE AND SUNSET
SEPTEMBER 15 2014.....SUNRISE   718 AM MDT   SUNSET   747 PM MDT
SEPTEMBER 16 2014.....SUNRISE   719 AM MDT   SUNSET   746 PM MDT


-  INDICATES NEGATIVE NUMBERS.
R  INDICATES RECORD WAS SET OR TIED.
MM INDICATES DATA IS MISSING.
T  INDICATES TRACE AMOUNT.




$$
