000
CDUS41 KOKX 020706
CLIJFK


CLIMATE REPORT
NATIONAL WEATHER SERVICE NEW YORK NY
306 AM EDT THU JUL 2 2015


...................................

...THE KENNEDY NY CLIMATE SUMMARY FOR JULY 1 2015...

CLIMATE NORMAL PERIOD 1981 TO 2010
CLIMATE RECORD PERIOD 1949 TO 2015


WEATHER ITEM   OBSERVED TIME   RECORD YEAR NORMAL DEPARTURE LAST
                VALUE   (LST)  VALUE       VALUE  FROM      YEAR
                                                  NORMAL
..................................................................
TEMPERATURE (F)
 YESTERDAY
  MAXIMUM         85    521 PM 102    1963  82      3       84
  MINIMUM         71    647 AM  56    1988  67      4       71
  AVERAGE         78                        74      4       78

PRECIPITATION (IN)
  YESTERDAY        0.26          1.04 1960   0.12   0.14     0.00
  MONTH TO DATE    0.26                      0.12   0.14     0.00
  SINCE JUN 1      5.25                      3.98   1.27     2.61
  SINCE JAN 1     19.86                     21.32  -1.46    25.05

SNOWFALL (IN)
  YESTERDAY        0.0          MM      MM   0.0    0.0      0.0
  MONTH TO DATE    0.0                       0.0    0.0      0.0
  SINCE OCT 1     44.2                      23.8   20.4     45.6
  SINCE JUL 1      0.0                       0.0    0.0      0.0
  SNOW DEPTH       0

DEGREE DAYS
 HEATING
  YESTERDAY        0                         0      0        0
  MONTH TO DATE    0                         0      0        0
  SINCE JUN 1     29                        21      8        0
  SINCE JUL 1      0                         0      0        0

 COOLING
  YESTERDAY       13                        10      3       13
  MONTH TO DATE   13                        10      3       13
  SINCE JUN 1    238                       193     45      221
  SINCE JAN 1    298                       228     70      253
..................................................................


WIND (MPH)
  HIGHEST WIND SPEED    30   HIGHEST WIND DIRECTION    SW (210)
  HIGHEST GUST SPEED    43   HIGHEST GUST DIRECTION    SW (210)
  AVERAGE WIND SPEED    13.6


SKY COVER
  POSSIBLE SUNSHINE  MM
  AVERAGE SKY COVER 0.7


WEATHER CONDITIONS
 THE FOLLOWING WEATHER WAS RECORDED YESTERDAY.
  THUNDERSTORM
  HEAVY RAIN
  LIGHT RAIN
  FOG


RELATIVE HUMIDITY (PERCENT)
 HIGHEST    87           100 AM
 LOWEST     40           800 PM
 AVERAGE    64

..........................................................


THE KENNEDY NY CLIMATE NORMALS FOR TODAY
                         NORMAL    RECORD    YEAR
 MAXIMUM TEMPERATURE (F)   82       101      1966
 MINIMUM TEMPERATURE (F)   67        56      2001


SUNRISE AND SUNSET
JULY  2 2015..........SUNRISE   528 AM EDT   SUNSET   830 PM EDT
JULY  3 2015..........SUNRISE   529 AM EDT   SUNSET   830 PM EDT


-  INDICATES NEGATIVE NUMBERS.
R  INDICATES RECORD WAS SET OR TIED.
MM INDICATES DATA IS MISSING.
T  INDICATES TRACE AMOUNT.




$$
