000
CDUS41 KOKX 240620
CLIJFK


CLIMATE REPORT
NATIONAL WEATHER SERVICE NEW YORK NY
219 AM EDT SAT JUN 24 2017


...................................

...THE KENNEDY NY CLIMATE SUMMARY FOR JUNE 23 2017...

CLIMATE NORMAL PERIOD 1981 TO 2010
CLIMATE RECORD PERIOD 1948 TO 2017


WEATHER ITEM   OBSERVED TIME   RECORD YEAR NORMAL DEPARTURE LAST
                VALUE   (LST)  VALUE       VALUE  FROM      YEAR
                                                  NORMAL
..................................................................
TEMPERATURE (F)
 YESTERDAY
  MAXIMUM         83   1157 AM  94    2010  80      3       84
  MINIMUM         71    422 AM  52    1992  65      6       69
  AVERAGE         77                        73      4       77

PRECIPITATION (IN)
  YESTERDAY        T             1.05 1967   0.12  -0.12      T
  MONTH TO DATE    2.36                      3.07  -0.71     1.38
  SINCE JUN 1      2.36                      3.07  -0.71     1.38
  SINCE JAN 1     24.26                     20.41   3.85    16.36

SNOWFALL (IN)
  YESTERDAY        0.0          MM      MM   0.0    0.0      0.0
  MONTH TO DATE    0.0                       0.0    0.0      0.0
  SINCE OCT 1     30.9                      23.8    7.1     41.4
  SINCE JUL 1     30.9                      23.8    7.1     41.4
  SNOW DEPTH       0

DEGREE DAYS
 HEATING
  YESTERDAY        0                         0      0        0
  MONTH TO DATE   20                        20      0        3
  SINCE JUN 1     20                        20      0        3
  SINCE JUL 1   4197                      4838   -641     3893

 COOLING
  YESTERDAY       12                         8      4       12
  MONTH TO DATE  141                       120     21      145
  SINCE JUN 1    141                       120     21      145
  SINCE JAN 1    191                       155     36      196
..................................................................


WIND (MPH)
  HIGHEST WIND SPEED    21   HIGHEST WIND DIRECTION    SW (220)
  HIGHEST GUST SPEED    25   HIGHEST GUST DIRECTION    SW (220)
  AVERAGE WIND SPEED    11.5


SKY COVER
  POSSIBLE SUNSHINE  MM
  AVERAGE SKY COVER 0.8


WEATHER CONDITIONS
 THE FOLLOWING WEATHER WAS RECORDED YESTERDAY.
  FOG


RELATIVE HUMIDITY (PERCENT)
 HIGHEST   100           300 AM
 LOWEST     74           200 PM
 AVERAGE    87

..........................................................


THE KENNEDY NY CLIMATE NORMALS FOR TODAY
                         NORMAL    RECORD    YEAR
 MAXIMUM TEMPERATURE (F)   81        97      2010
 MINIMUM TEMPERATURE (F)   66        58      2007
                                             1988
                                             1977


SUNRISE AND SUNSET
JUNE 24 2017..........SUNRISE   525 AM EDT   SUNSET   830 PM EDT
JUNE 25 2017..........SUNRISE   525 AM EDT   SUNSET   830 PM EDT


-  INDICATES NEGATIVE NUMBERS.
R  INDICATES RECORD WAS SET OR TIED.
MM INDICATES DATA IS MISSING.
T  INDICATES TRACE AMOUNT.




$$
