000
CDUS43 KSGF 080639
CLIJLN


CLIMATE REPORT
NATIONAL WEATHER SERVICE SPRINGFIELD MO
1239 AM CST THU DEC 8 2016


...................................

...THE JOPLIN MO CLIMATE SUMMARY FOR DECEMBER 7 2016...

CLIMATE NORMAL PERIOD 1981 TO 2010
CLIMATE RECORD PERIOD 1902 TO 2016


WEATHER ITEM   OBSERVED TIME   RECORD YEAR NORMAL DEPARTURE LAST
                VALUE   (LST)  VALUE       VALUE  FROM      YEAR
                                                  NORMAL
..................................................................
TEMPERATURE (F)
 YESTERDAY
  MAXIMUM         36    154 PM  76    1966  49    -13       62
  MINIMUM         21   1115 PM   1    1950  29     -8       28
  AVERAGE         29                        39    -10       45

PRECIPITATION (IN)
  YESTERDAY        T             0.65 1986   0.10  -0.10     0.00
  MONTH TO DATE    0.21                      0.73  -0.52     0.00
  SINCE DEC 1      0.21                      0.73  -0.52     0.00
  SINCE JAN 1     38.85                     44.46  -5.61    48.63

DEGREE DAYS
 HEATING
  YESTERDAY       36                        26     10       20
  MONTH TO DATE  178                       174      4      159
  SINCE DEC 1    178                       174      4      159
  SINCE JUL 1    633                       931   -298      777

 COOLING
  YESTERDAY        0                         0      0        0
  MONTH TO DATE    0                         0      0        0
  SINCE DEC 1      0                         0      0        0
  SINCE JAN 1   1878                      1698    180     1703
..................................................................


WIND (MPH)
  HIGHEST WIND SPEED    18   HIGHEST WIND DIRECTION     N (360)
  HIGHEST GUST SPEED    23   HIGHEST GUST DIRECTION     S (190)
  AVERAGE WIND SPEED     7.4


SKY COVER
  AVERAGE SKY COVER 0.8


WEATHER CONDITIONS
 THE FOLLOWING WEATHER WAS RECORDED YESTERDAY.
  LIGHT SNOW
  FOG


RELATIVE HUMIDITY (PERCENT)
 HIGHEST    92          1000 PM
 LOWEST     47          1000 AM
 AVERAGE    70

..........................................................


THE JOPLIN MO CLIMATE NORMALS FOR TODAY
                         NORMAL    RECORD    YEAR
 MAXIMUM TEMPERATURE (F)   49        73      1991
 MINIMUM TEMPERATURE (F)   29         7      1995
                                             2005
                                             2006


SUNRISE AND SUNSET
DECEMBER  8 2016......SUNRISE   720 AM CST   SUNSET   501 PM CST
DECEMBER  9 2016......SUNRISE   720 AM CST   SUNSET   501 PM CST


-  INDICATES NEGATIVE NUMBERS.
R  INDICATES RECORD WAS SET OR TIED.
MM INDICATES DATA IS MISSING.
T  INDICATES TRACE AMOUNT.




$$
