000
CDUS43 KSGF 220634
CLIJLN


CLIMATE REPORT
NATIONAL WEATHER SERVICE SPRINGFIELD MO
134 AM CDT SUN OCT 22 2017


...................................

...THE JOPLIN MO CLIMATE SUMMARY FOR OCTOBER 21 2017...

CLIMATE NORMAL PERIOD 1981 TO 2010
CLIMATE RECORD PERIOD 1902 TO 2017


WEATHER ITEM   OBSERVED TIME   RECORD YEAR NORMAL DEPARTURE LAST
                VALUE   (LST)  VALUE       VALUE  FROM      YEAR
                                                  NORMAL
..................................................................
TEMPERATURE (F)
 YESTERDAY
  MAXIMUM         80    240 PM  89    1978  70     10       64
  MINIMUM         59   1159 PM  27    1987  47     12       38
  AVERAGE         70                        58     12       51

PRECIPITATION (IN)
  YESTERDAY        0.66          1.48 1972   0.14   0.52     0.00
  MONTH TO DATE    3.46                      2.75   0.71     5.04
  SINCE SEP 1      4.95                      7.70  -2.75     7.78
  SINCE JAN 1     43.63                     38.67   4.96    37.56

DEGREE DAYS
 HEATING
  YESTERDAY        0                         8     -8       14
  MONTH TO DATE   57                       119    -62       77
  SINCE SEP 1     64                       160    -96       94
  SINCE JUL 1     64                       161    -97       94

 COOLING
  YESTERDAY        5                         1      4        0
  MONTH TO DATE   94                        39     55       79
  SINCE SEP 1    316                       254     62      336
  SINCE JAN 1   1748                      1681     67     1823
..................................................................


WIND (MPH)
  HIGHEST WIND SPEED    31   HIGHEST WIND DIRECTION     W (280)
  HIGHEST GUST SPEED    38   HIGHEST GUST DIRECTION     W (290)
  AVERAGE WIND SPEED    14.9


SKY COVER
  AVERAGE SKY COVER 0.6


WEATHER CONDITIONS
 THE FOLLOWING WEATHER WAS RECORDED YESTERDAY.
  HEAVY RAIN
  RAIN
  LIGHT RAIN
  FOG


RELATIVE HUMIDITY (PERCENT)
 HIGHEST    87           600 AM
 LOWEST     62          1200 PM
 AVERAGE    75

..........................................................


THE JOPLIN MO CLIMATE NORMALS FOR TODAY
                         NORMAL    RECORD    YEAR
 MAXIMUM TEMPERATURE (F)   70        84      1963
 MINIMUM TEMPERATURE (F)   47        27      1982


SUNRISE AND SUNSET
OCTOBER 22 2017.......SUNRISE   733 AM CDT   SUNSET   632 PM CDT
OCTOBER 23 2017.......SUNRISE   734 AM CDT   SUNSET   630 PM CDT


-  INDICATES NEGATIVE NUMBERS.
R  INDICATES RECORD WAS SET OR TIED.
MM INDICATES DATA IS MISSING.
T  INDICATES TRACE AMOUNT.




$$
