000
CDUS43 KSGF 290628
CLIJLN


CLIMATE REPORT
NATIONAL WEATHER SERVICE SPRINGFIELD MO
128 AM CDT SUN MAR 29 2015


...................................

...THE JOPLIN MO CLIMATE SUMMARY FOR MARCH 28 2015...

CLIMATE NORMAL PERIOD 1981 TO 2010
CLIMATE RECORD PERIOD 1902 TO 2015


WEATHER ITEM   OBSERVED TIME   RECORD YEAR NORMAL DEPARTURE LAST
                VALUE   (LST)  VALUE       VALUE  FROM      YEAR
                                                  NORMAL
..................................................................
TEMPERATURE (F)
 YESTERDAY
  MAXIMUM         60    324 PM  87    1963  64     -4       52
  MINIMUM         38    200 AM  25    1948  41     -3       34
  AVERAGE         49                        53     -4       43

PRECIPITATION (IN)
  YESTERDAY        0.00          2.10 1988   0.12  -0.12      T
  MONTH TO DATE    1.83                      3.04  -1.21     1.88
  SINCE MAR 1      1.83                      3.04  -1.21     1.88
  SINCE JAN 1      3.35                      7.39  -4.04     2.73

DEGREE DAYS
 HEATING
  YESTERDAY       16                        13      3       22
  MONTH TO DATE  464                       471     -7      629
  SINCE MAR 1    464                       471     -7      629
  SINCE JUL 1   4000                      3725    275     4478

 COOLING
  YESTERDAY        0                         1     -1        0
  MONTH TO DATE    0                         2     -2        0
  SINCE MAR 1      0                         2     -2        0
  SINCE JAN 1      0                         3     -3        0
..................................................................


WIND (MPH)
  HIGHEST WIND SPEED    17   HIGHEST WIND DIRECTION     E (100)
  HIGHEST GUST SPEED    26   HIGHEST GUST DIRECTION    SE (130)
  AVERAGE WIND SPEED     9.9


SKY COVER
  AVERAGE SKY COVER 0.1


WEATHER CONDITIONS
 THE FOLLOWING WEATHER WAS RECORDED YESTERDAY.
  NO SIGNIFICANT WEATHER WAS OBSERVED.


RELATIVE HUMIDITY (PERCENT)
 HIGHEST    79          1100 PM
 LOWEST     42           200 PM
 AVERAGE    61

..........................................................


THE JOPLIN MO CLIMATE NORMALS FOR TODAY
                         NORMAL    RECORD    YEAR
 MAXIMUM TEMPERATURE (F)   64        87      1967
 MINIMUM TEMPERATURE (F)   41        20      1964


SUNRISE AND SUNSET
MARCH 29 2015.........SUNRISE   708 AM CDT   SUNSET   738 PM CDT
MARCH 30 2015.........SUNRISE   707 AM CDT   SUNSET   739 PM CDT


-  INDICATES NEGATIVE NUMBERS.
R  INDICATES RECORD WAS SET OR TIED.
MM INDICATES DATA IS MISSING.
T  INDICATES TRACE AMOUNT.




$$
