000
CDUS43 KBIS 090739
CLIJMS


CLIMATE REPORT
NATIONAL WEATHER SERVICE BISMARCK ND
138 AM CST FRI DEC 9 2016


...................................

...THE JAMESTOWN ND CLIMATE SUMMARY FOR DECEMBER 8 2016...

CLIMATE NORMAL PERIOD 1981 TO 2010
CLIMATE RECORD PERIOD 1891 TO 2016


WEATHER ITEM   OBSERVED TIME   RECORD YEAR NORMAL DEPARTURE LAST
                VALUE   (LST)  VALUE       VALUE  FROM      YEAR
                                                  NORMAL
..................................................................
TEMPERATURE (F)
 YESTERDAY
  MAXIMUM          8   1216 AM  59    1939  25    -17       45
                                      1918
  MINIMUM         -5   1159 PM -27    1927   7    -12       26
  AVERAGE          2                        16    -14       36

PRECIPITATION (IN)
  YESTERDAY        T             0.31 1945   0.01  -0.01     0.00
  MONTH TO DATE    0.19                      0.11   0.08     0.01
  SINCE DEC 1      0.19                      0.11   0.08     0.01
  SINCE JAN 1     25.05                     18.48   6.57    22.25

DEGREE DAYS
 HEATING
  YESTERDAY       63                        49     14       29
  MONTH TO DATE  359                       379    -20      281
  SINCE DEC 1    359                       379    -20      281
  SINCE JUL 1   1920                      2463   -543     1929

 COOLING
  YESTERDAY        0                         0      0        0
  MONTH TO DATE    0                         0      0        0
  SINCE DEC 1      0                         0      0        0
  SINCE JAN 1    419                       446    -27      508
..................................................................


WIND (MPH)
  HIGHEST WIND SPEED    31   HIGHEST WIND DIRECTION    NW (320)
  HIGHEST GUST SPEED    38   HIGHEST GUST DIRECTION    NW (320)
  AVERAGE WIND SPEED    20.7


SKY COVER
  POSSIBLE SUNSHINE  MM
  AVERAGE SKY COVER 0.6


WEATHER CONDITIONS
 THE FOLLOWING WEATHER WAS RECORDED YESTERDAY.
  FOG
  HAZE
  BLOWING SNOW


RELATIVE HUMIDITY (PERCENT)
 HIGHEST    88           100 AM
 LOWEST     71          1000 PM
 AVERAGE    80

..........................................................


THE JAMESTOWN ND CLIMATE NORMALS FOR TODAY
                         NORMAL    RECORD    YEAR
 MAXIMUM TEMPERATURE (F)   25        63      1939
 MINIMUM TEMPERATURE (F)    7       -30      1927


SUNRISE AND SUNSET
DECEMBER  9 2016......SUNRISE   809 AM CST   SUNSET   446 PM CST
DECEMBER 10 2016......SUNRISE   810 AM CST   SUNSET   446 PM CST


-  INDICATES NEGATIVE NUMBERS.
R  INDICATES RECORD WAS SET OR TIED.
MM INDICATES DATA IS MISSING.
T  INDICATES TRACE AMOUNT.




$$
