000
CDUS43 KBIS 030142
CLIJMS


CLIMATE REPORT
NATIONAL WEATHER SERVICE BISMARCK ND
831 PM CDT THU JUL 2 2015


...................................

...THE JAMESTOWN ND CLIMATE SUMMARY FOR JULY 2 2015...
VALID TODAY AS OF 0800 PM LOCAL TIME.

CLIMATE NORMAL PERIOD 1981 TO 2010
CLIMATE RECORD PERIOD 1891 TO 2015


WEATHER ITEM   OBSERVED TIME   RECORD YEAR NORMAL DEPARTURE LAST
                VALUE   (LST)  VALUE       VALUE  FROM      YEAR
                                                  NORMAL
..................................................................
TEMPERATURE (F)
 TODAY
  MAXIMUM         78        MM 104    1949  80     -2       71
  MINIMUM         61        MM  35    1945  56      5       47
  AVERAGE         70                        68      2       59

PRECIPITATION (IN)
  TODAY            0.00          1.53 1983   0.13  -0.13     0.00
  MONTH TO DATE    0.10                      0.25  -0.15     0.15
  SINCE JUN 1      5.76                      3.44   2.32     6.51
  SINCE JAN 1     15.92                      8.99   6.93    14.95

DEGREE DAYS
 HEATING
  TODAY            0                         1     -1        6
  MONTH TO DATE    0                         2     -2       14
  SINCE JUN 1     42                        99    -57       73
  SINCE JUL 1      0                         2     -2       14

 COOLING
  TODAY            5                         5      0        0
  MONTH TO DATE   10                        10      0        0
  SINCE JUN 1    112                        90     22       56
  SINCE JAN 1    120                       110     10      110
..................................................................


WIND (MPH)
  RESULTANT WIND SPEED   7   RESULTANT WIND DIRECTION   S (180)
  HIGHEST WIND SPEED    12   HIGHEST WIND DIRECTION     S (170)
  HIGHEST GUST SPEED    MM   HIGHEST GUST DIRECTION    MM
  AVERAGE WIND SPEED     7.0


SKY COVER
  POSSIBLE SUNSHINE  MM
  AVERAGE SKY COVER 0.3


WEATHER CONDITIONS
 THE FOLLOWING WEATHER WAS RECORDED TODAY.
  FOG


RELATIVE HUMIDITY (PERCENT)
 HIGHEST    93           100 AM
 LOWEST     62           300 PM
 AVERAGE    78

..........................................................


THE JAMESTOWN ND CLIMATE NORMALS FOR TOMORROW
                         NORMAL    RECORD    YEAR
 MAXIMUM TEMPERATURE (F)   81        94      1989
 MINIMUM TEMPERATURE (F)   56        37      1917


SUNRISE AND SUNSET
JULY  2 2015..........SUNRISE   544 AM CDT   SUNSET   933 PM CDT
JULY  3 2015..........SUNRISE   545 AM CDT   SUNSET   932 PM CDT


-  INDICATES NEGATIVE NUMBERS.
R  INDICATES RECORD WAS SET OR TIED.
MM INDICATES DATA IS MISSING.
T  INDICATES TRACE AMOUNT.




$$
