000
CDUS43 KBIS 270730
CLIJMS


CLIMATE REPORT
NATIONAL WEATHER SERVICE BISMARCK ND
229 AM CDT SAT MAY 27 2017


...................................

...THE JAMESTOWN ND CLIMATE SUMMARY FOR MAY 26 2017...

CLIMATE NORMAL PERIOD 1981 TO 2010
CLIMATE RECORD PERIOD 1891 TO 2017


WEATHER ITEM   OBSERVED TIME   RECORD YEAR NORMAL DEPARTURE LAST
                VALUE   (LST)  VALUE       VALUE  FROM      YEAR
                                                  NORMAL
..................................................................
TEMPERATURE (F)
 YESTERDAY
  MAXIMUM         66    518 PM 101    1934  71     -5       75
  MINIMUM         48    515 AM  29    1961  46      2       54
  AVERAGE         57                        59     -2       65

PRECIPITATION (IN)
  YESTERDAY        0.00          1.48 1932   0.09  -0.09     0.00
                                      1955
                                      2007
  MONTH TO DATE    0.69                      2.18  -1.49     1.69
  SINCE MAR 1      2.17                      4.22  -2.05     4.62
  SINCE JAN 1      2.59                      5.07  -2.48     4.73

DEGREE DAYS
 HEATING
  YESTERDAY        8                         7      1        0
  MONTH TO DATE  266                       290    -24      243
  SINCE MAR 1   2071                      2125    -54     1788
  SINCE JUL 1   8080                      8884   -804     7530

 COOLING
  YESTERDAY        0                         1     -1        0
  MONTH TO DATE    0                        15    -15       12
  SINCE MAR 1      0                        17    -17       12
  SINCE JAN 1      0                        17    -17       12
..................................................................


WIND (MPH)
  HIGHEST WIND SPEED    23   HIGHEST WIND DIRECTION     W (290)
  HIGHEST GUST SPEED    29   HIGHEST GUST DIRECTION     W (290)
  AVERAGE WIND SPEED    11.9


SKY COVER
  POSSIBLE SUNSHINE  MM
  AVERAGE SKY COVER 0.3


WEATHER CONDITIONS
 THE FOLLOWING WEATHER WAS RECORDED YESTERDAY.
  NO SIGNIFICANT WEATHER WAS OBSERVED.


RELATIVE HUMIDITY (PERCENT)
 HIGHEST    86           500 AM
 LOWEST     44           400 PM
 AVERAGE    65

..........................................................


THE JAMESTOWN ND CLIMATE NORMALS FOR TODAY
                         NORMAL    RECORD    YEAR
 MAXIMUM TEMPERATURE (F)   71       102      1934
 MINIMUM TEMPERATURE (F)   47        23      1907


SUNRISE AND SUNSET
MAY 27 2017...........SUNRISE   547 AM CDT   SUNSET   917 PM CDT
MAY 28 2017...........SUNRISE   546 AM CDT   SUNSET   918 PM CDT


-  INDICATES NEGATIVE NUMBERS.
R  INDICATES RECORD WAS SET OR TIED.
MM INDICATES DATA IS MISSING.
T  INDICATES TRACE AMOUNT.




$$
