000
CDUS43 KBIS 010732
CLIJMS


CLIMATE REPORT
NATIONAL WEATHER SERVICE BISMARCK ND
231 AM CDT SUN MAY 1 2016


...................................

...THE JAMESTOWN ND CLIMATE SUMMARY FOR APRIL 30 2016...

CLIMATE NORMAL PERIOD 1981 TO 2010
CLIMATE RECORD PERIOD 1891 TO 2016


WEATHER ITEM   OBSERVED TIME   RECORD YEAR NORMAL DEPARTURE LAST
                VALUE   (LST)  VALUE       VALUE  FROM      YEAR
                                                  NORMAL
..................................................................
TEMPERATURE (F)
 YESTERDAY
  MAXIMUM         62    254 PM  97    1992  63     -1       81
  MINIMUM         37   1159 PM  16    1903  36      1       40
  AVERAGE         50                        49      1       61

PRECIPITATION (IN)
  YESTERDAY        0.00          1.18 1953   0.06  -0.06     0.02
  MONTH TO DATE    2.57                      1.20   1.37     0.38
  SINCE MAR 1      2.93                      2.04   0.89     0.99
  SINCE JAN 1      3.04                      2.89   0.15     1.41

DEGREE DAYS
 HEATING
  YESTERDAY       15                        16     -1        4
  MONTH TO DATE  687                       677     10      595
  SINCE MAR 1   1545                      1835   -290     1587
  SINCE JUL 1   7287                      8594  -1307     8324

 COOLING
  YESTERDAY        0                         0      0        0
  MONTH TO DATE    0                         2     -2        0
  SINCE MAR 1      0                         2     -2        0
  SINCE JAN 1      0                         2     -2        0
..................................................................


WIND (MPH)
  HIGHEST WIND SPEED    30   HIGHEST WIND DIRECTION    NE (60)
  HIGHEST GUST SPEED    41   HIGHEST GUST DIRECTION    NE (60)
  AVERAGE WIND SPEED    16.3


SKY COVER
  POSSIBLE SUNSHINE  MM
  AVERAGE SKY COVER 0.0


WEATHER CONDITIONS
 THE FOLLOWING WEATHER WAS RECORDED YESTERDAY.
  NO SIGNIFICANT WEATHER WAS OBSERVED.


RELATIVE HUMIDITY (PERCENT)
 HIGHEST    82           600 AM
 LOWEST     25           400 PM
 AVERAGE    54

..........................................................


THE JAMESTOWN ND CLIMATE NORMALS FOR TODAY
                         NORMAL    RECORD    YEAR
 MAXIMUM TEMPERATURE (F)   63        88      1959
 MINIMUM TEMPERATURE (F)   37         8      1909


SUNRISE AND SUNSET
MAY  1 2016...........SUNRISE   618 AM CDT   SUNSET   846 PM CDT
MAY  2 2016...........SUNRISE   617 AM CDT   SUNSET   847 PM CDT


-  INDICATES NEGATIVE NUMBERS.
R  INDICATES RECORD WAS SET OR TIED.
MM INDICATES DATA IS MISSING.
T  INDICATES TRACE AMOUNT.




$$
