000
CDUS43 KBIS 240751
CLIJMS


CLIMATE REPORT
NATIONAL WEATHER SERVICE BISMARCK ND
150 AM CST SAT FEB 24 2018


...................................

...THE JAMESTOWN ND CLIMATE SUMMARY FOR FEBRUARY 23 2018...

CLIMATE NORMAL PERIOD 1981 TO 2010
CLIMATE RECORD PERIOD 1891 TO 2018


WEATHER ITEM   OBSERVED TIME   RECORD YEAR NORMAL DEPARTURE LAST
                VALUE   (LST)  VALUE       VALUE  FROM      YEAR
                                                  NORMAL
..................................................................
TEMPERATURE (F)
 YESTERDAY
  MAXIMUM         19    251 AM  60    1905  27     -8       31
  MINIMUM          2   1159 PM -26    1910   9     -7       20
  AVERAGE         11                        18     -7       26

PRECIPITATION (IN)
  YESTERDAY        0.03          0.46 1982   0.02   0.01     0.00
  MONTH TO DATE    0.08                      0.30  -0.22     0.20
  SINCE DEC 1      0.21                      1.15  -0.94     1.71
  SINCE JAN 1      0.09                      0.75  -0.66     0.42

DEGREE DAYS
 HEATING
  YESTERDAY       54                        47      7       39
  MONTH TO DATE 1362                      1168    194      976
  SINCE DEC 1   4508                      4446     62     4227
  SINCE JUL 1   6478                      6530    -52     5788

 COOLING
  YESTERDAY        0                         0      0        0
  MONTH TO DATE    0                         0      0        0
  SINCE DEC 1      0                         0      0        0
  SINCE JAN 1      0                         0      0        0
..................................................................


WIND (MPH)
  HIGHEST WIND SPEED    18   HIGHEST WIND DIRECTION    NW (320)
  HIGHEST GUST SPEED    22   HIGHEST GUST DIRECTION    NW (320)
  AVERAGE WIND SPEED    10.5


SKY COVER
  POSSIBLE SUNSHINE  MM
  AVERAGE SKY COVER 0.4


WEATHER CONDITIONS
 THE FOLLOWING WEATHER WAS RECORDED YESTERDAY.
  LIGHT SNOW
  FOG


RELATIVE HUMIDITY (PERCENT)
 HIGHEST    95          1100 PM
 LOWEST     66          1000 AM
 AVERAGE    81

..........................................................


THE JAMESTOWN ND CLIMATE NORMALS FOR TODAY
                         NORMAL    RECORD    YEAR
 MAXIMUM TEMPERATURE (F)   28        55      1905
 MINIMUM TEMPERATURE (F)    9       -27      1955


SUNRISE AND SUNSET
FEBRUARY 24 2018......SUNRISE   723 AM CST   SUNSET   613 PM CST
FEBRUARY 25 2018......SUNRISE   722 AM CST   SUNSET   614 PM CST


-  INDICATES NEGATIVE NUMBERS.
R  INDICATES RECORD WAS SET OR TIED.
MM INDICATES DATA IS MISSING.
T  INDICATES TRACE AMOUNT.




$$
