000
CDUS43 KBIS 240804
CLIJMS


CLIMATE REPORT
NATIONAL WEATHER SERVICE BISMARCK ND
303 AM CDT WED AUG 24 2016


...................................

...THE JAMESTOWN ND CLIMATE SUMMARY FOR AUGUST 23 2016...

CLIMATE NORMAL PERIOD 1981 TO 2010
CLIMATE RECORD PERIOD 1891 TO 2016


WEATHER ITEM   OBSERVED TIME   RECORD YEAR NORMAL DEPARTURE LAST
                VALUE   (LST)  VALUE       VALUE  FROM      YEAR
                                                  NORMAL
..................................................................
TEMPERATURE (F)
 YESTERDAY
  MAXIMUM         84    104 PM 103    1929  80      4       67
  MINIMUM         57   1128 PM  34    1908  54      3       50
  AVERAGE         71                        67      4       59

PRECIPITATION (IN)
  YESTERDAY        0.00          1.62 1985   0.07  -0.07     0.21
  MONTH TO DATE    4.58                      1.50   3.08     1.21
  SINCE JUN 1     12.91                      8.04   4.87     9.83
  SINCE JAN 1     18.74                     13.59   5.15    19.99

DEGREE DAYS
 HEATING
  YESTERDAY        0                         2     -2        6
  MONTH TO DATE   12                        25    -13       28
  SINCE JUN 1     68                       144    -76       79
  SINCE JUL 1     19                        47    -28       37

 COOLING
  YESTERDAY        6                         4      2        0
  MONTH TO DATE   93                       119    -26      100
  SINCE JUN 1    363                       371     -8      396
  SINCE JAN 1    377                       391    -14      404
..................................................................


WIND (MPH)
  HIGHEST WIND SPEED    23   HIGHEST WIND DIRECTION     S (180)
  HIGHEST GUST SPEED    28   HIGHEST GUST DIRECTION     S (180)
  AVERAGE WIND SPEED    12.0


SKY COVER
  POSSIBLE SUNSHINE  MM
  AVERAGE SKY COVER 0.2


WEATHER CONDITIONS
 THE FOLLOWING WEATHER WAS RECORDED YESTERDAY.
  THUNDERSTORM
  LIGHT RAIN


RELATIVE HUMIDITY (PERCENT)
 HIGHEST    87           400 AM
 LOWEST     55           100 PM
 AVERAGE    71

..........................................................


THE JAMESTOWN ND CLIMATE NORMALS FOR TODAY
                         NORMAL    RECORD    YEAR
 MAXIMUM TEMPERATURE (F)   80       105      1925
 MINIMUM TEMPERATURE (F)   53        33      1934


SUNRISE AND SUNSET
AUGUST 24 2016........SUNRISE   644 AM CDT   SUNSET   828 PM CDT
AUGUST 25 2016........SUNRISE   646 AM CDT   SUNSET   826 PM CDT


-  INDICATES NEGATIVE NUMBERS.
R  INDICATES RECORD WAS SET OR TIED.
MM INDICATES DATA IS MISSING.
T  INDICATES TRACE AMOUNT.




$$
