000
CDUS43 KBIS 020745
CLIJMS


CLIMATE REPORT
NATIONAL WEATHER SERVICE BISMARCK ND
244 AM CDT TUE SEP 2 2014


...................................

...THE JAMESTOWN ND CLIMATE SUMMARY FOR SEPTEMBER 1 2014...

CLIMATE NORMAL PERIOD 1981 TO 2010
CLIMATE RECORD PERIOD 1891 TO 2014


WEATHER ITEM   OBSERVED TIME   RECORD YEAR NORMAL DEPARTURE LAST
                VALUE   (LST)  VALUE       VALUE  FROM      YEAR
                                                  NORMAL
..................................................................
TEMPERATURE (F)
 YESTERDAY
  MAXIMUM         73    331 PM 101    1983  77     -4       73
  MINIMUM         54   1149 PM  33    1946  51      3       51
  AVERAGE         64                        64      0       62

PRECIPITATION (IN)
  YESTERDAY        0.00          2.94 1992   0.08  -0.08     0.00
  MONTH TO DATE    0.00                      0.08  -0.08     0.00
  SINCE SEP 1      0.00                      0.08  -0.08     0.00
  SINCE JAN 1     18.68                     14.27   4.41     9.20

DEGREE DAYS
 HEATING
  YESTERDAY        1                         4     -3        3
  MONTH TO DATE    1                         4     -3        3
  SINCE SEP 1      1                         4     -3        3
  SINCE JUL 1     56                        70    -14       47

 COOLING
  YESTERDAY        0                         2     -2        0
  MONTH TO DATE    0                         2     -2        0
  SINCE SEP 1      0                         2     -2        0
  SINCE JAN 1    338                       417    -79      466
..................................................................


WIND (MPH)
  HIGHEST WIND SPEED    20   HIGHEST WIND DIRECTION    NW (320)
  HIGHEST GUST SPEED    24   HIGHEST GUST DIRECTION    NW (310)
  AVERAGE WIND SPEED     7.8


SKY COVER
  POSSIBLE SUNSHINE  MM
  AVERAGE SKY COVER 0.1


WEATHER CONDITIONS
 THE FOLLOWING WEATHER WAS RECORDED YESTERDAY.
  NO SIGNIFICANT WEATHER WAS OBSERVED.


RELATIVE HUMIDITY (PERCENT)
 HIGHEST    93          1200 AM
 LOWEST     49           300 PM
 AVERAGE    71

..........................................................


THE JAMESTOWN ND CLIMATE NORMALS FOR TODAY
                         NORMAL    RECORD    YEAR
 MAXIMUM TEMPERATURE (F)   77       105      1983
 MINIMUM TEMPERATURE (F)   50        32      1946


SUNRISE AND SUNSET
SEPTEMBER  2 2014.....SUNRISE   655 AM CDT   SUNSET   812 PM CDT
SEPTEMBER  3 2014.....SUNRISE   657 AM CDT   SUNSET   810 PM CDT


-  INDICATES NEGATIVE NUMBERS.
R  INDICATES RECORD WAS SET OR TIED.
MM INDICATES DATA IS MISSING.
T  INDICATES TRACE AMOUNT.




$$
