000
CDUS43 KBIS 220735
CLIJMS


CLIMATE REPORT
NATIONAL WEATHER SERVICE BISMARCK ND
235 AM CDT FRI AUG 22 2014


...................................

...THE JAMESTOWN ND CLIMATE SUMMARY FOR AUGUST 21 2014...

CLIMATE NORMAL PERIOD 1981 TO 2010
CLIMATE RECORD PERIOD 1891 TO 2014


WEATHER ITEM   OBSERVED TIME   RECORD YEAR NORMAL DEPARTURE LAST
                VALUE   (LST)  VALUE       VALUE  FROM      YEAR
                                                  NORMAL
..................................................................
TEMPERATURE (F)
 YESTERDAY
  MAXIMUM         80    357 PM 105    1947  81     -1       82
  MINIMUM         66   1135 PM  38    1907  54     12       56
  AVERAGE         73                        68      5       69

PRECIPITATION (IN)
  YESTERDAY        T             0.96 1964   0.07  -0.07     0.00
  MONTH TO DATE    1.56                      1.36   0.20     0.62
  SINCE JUN 1      8.74                      7.90   0.84     3.02
  SINCE JAN 1     17.18                     13.45   3.73     8.61

DEGREE DAYS
 HEATING
  YESTERDAY        0                         2     -2        0
  MONTH TO DATE    1                        21    -20       21
  SINCE JUN 1     88                       140    -52      129
  SINCE JUL 1     29                        43    -14       44

 COOLING
  YESTERDAY        8                         4      4        4
  MONTH TO DATE  101                       111    -10       60
  SINCE JUN 1    274                       363    -89      342
  SINCE JAN 1    328                       383    -55      353
..................................................................


WIND (MPH)
  HIGHEST WIND SPEED    22   HIGHEST WIND DIRECTION     E (90)
  HIGHEST GUST SPEED    33   HIGHEST GUST DIRECTION     E (90)
  AVERAGE WIND SPEED     6.7


SKY COVER
  POSSIBLE SUNSHINE  MM
  AVERAGE SKY COVER 0.5


WEATHER CONDITIONS
 THE FOLLOWING WEATHER WAS RECORDED YESTERDAY.
  LIGHT RAIN
  FOG
  HAZE


RELATIVE HUMIDITY (PERCENT)
 HIGHEST   100          1200 AM
 LOWEST     67           300 PM
 AVERAGE    84

..........................................................


THE JAMESTOWN ND CLIMATE NORMALS FOR TODAY
                         NORMAL    RECORD    YEAR
 MAXIMUM TEMPERATURE (F)   80       102      1947
 MINIMUM TEMPERATURE (F)   54        32      1908


SUNRISE AND SUNSET
AUGUST 22 2014........SUNRISE   641 AM CDT   SUNSET   833 PM CDT
AUGUST 23 2014........SUNRISE   642 AM CDT   SUNSET   831 PM CDT


-  INDICATES NEGATIVE NUMBERS.
R  INDICATES RECORD WAS SET OR TIED.
MM INDICATES DATA IS MISSING.
T  INDICATES TRACE AMOUNT.




$$
