000
CDUS43 KBIS 020742
CLIJMS


CLIMATE REPORT
NATIONAL WEATHER SERVICE BISMARCK ND
141 AM CST MON MAR 2 2015


...................................

...THE JAMESTOWN ND CLIMATE SUMMARY FOR MARCH 1 2015...

CLIMATE NORMAL PERIOD 1981 TO 2010
CLIMATE RECORD PERIOD 1891 TO 2015


WEATHER ITEM   OBSERVED TIME   RECORD YEAR NORMAL DEPARTURE LAST
                VALUE   (LST)  VALUE       VALUE  FROM      YEAR
                                                  NORMAL
..................................................................
TEMPERATURE (F)
 YESTERDAY
  MAXIMUM         22    341 PM  64    1992  30     -8       -7
  MINIMUM         -3    417 AM -23    1980  11    -14      -16
  AVERAGE         10                        20    -10      -11

PRECIPITATION (IN)
  YESTERDAY        0.00          0.29 1954   0.02  -0.02      T
  MONTH TO DATE    0.00                      0.02  -0.02      T
  SINCE MAR 1      0.00                      0.02  -0.02      T
  SINCE JAN 1      0.42                      0.87  -0.45     0.39

DEGREE DAYS
 HEATING
  YESTERDAY       55                        44     11       76
  MONTH TO DATE   55                        44     11       76
  SINCE MAR 1     55                        44     11       76
  SINCE JUL 1   6792                      6803    -11     7344

 COOLING
  YESTERDAY        0                         0      0        0
  MONTH TO DATE    0                         0      0        0
  SINCE MAR 1      0                         0      0        0
  SINCE JAN 1      0                         0      0        0
..................................................................


WIND (MPH)
  HIGHEST WIND SPEED    24   HIGHEST WIND DIRECTION    NW (320)
  HIGHEST GUST SPEED    29   HIGHEST GUST DIRECTION    NW (320)
  AVERAGE WIND SPEED    11.9


SKY COVER
  POSSIBLE SUNSHINE  MM
  AVERAGE SKY COVER 0.0


WEATHER CONDITIONS
 THE FOLLOWING WEATHER WAS RECORDED YESTERDAY.
  NO SIGNIFICANT WEATHER WAS OBSERVED.


RELATIVE HUMIDITY (PERCENT)
 HIGHEST    79          1200 AM
 LOWEST     56           500 PM
 AVERAGE    68

..........................................................


THE JAMESTOWN ND CLIMATE NORMALS FOR TODAY
                         NORMAL    RECORD    YEAR
 MAXIMUM TEMPERATURE (F)   30        68      1905
 MINIMUM TEMPERATURE (F)   12       -27      1913


SUNRISE AND SUNSET
MARCH  2 2015.........SUNRISE   713 AM CST   SUNSET   621 PM CST
MARCH  3 2015.........SUNRISE   711 AM CST   SUNSET   623 PM CST


-  INDICATES NEGATIVE NUMBERS.
R  INDICATES RECORD WAS SET OR TIED.
MM INDICATES DATA IS MISSING.
T  INDICATES TRACE AMOUNT.




$$
