000
CDUS43 KBIS 210729
CLIJMS


CLIMATE REPORT
NATIONAL WEATHER SERVICE BISMARCK ND
227 AM CDT TUE OCT 21 2014


...................................

...THE JAMESTOWN ND CLIMATE SUMMARY FOR OCTOBER 20 2014...

CLIMATE NORMAL PERIOD 1981 TO 2010
CLIMATE RECORD PERIOD 1891 TO 2014


WEATHER ITEM   OBSERVED TIME   RECORD YEAR NORMAL DEPARTURE LAST
                VALUE   (LST)  VALUE       VALUE  FROM      YEAR
                                                  NORMAL
..................................................................
TEMPERATURE (F)
 YESTERDAY
  MAXIMUM         69    352 PM  88    1918  54     15       41
  MINIMUM         36    732 AM   6    1917  31      5       30
  AVERAGE         53                        42     11       36

PRECIPITATION (IN)
  YESTERDAY        0.00          0.38 2009   0.05  -0.05     0.14
  MONTH TO DATE    0.33                      1.10  -0.77     4.49
  SINCE SEP 1      1.92                      3.10  -1.18     6.66
  SINCE JAN 1     20.60                     17.29   3.31    15.86

DEGREE DAYS
 HEATING
  YESTERDAY       12                        23    -11       29
  MONTH TO DATE  351                       368    -17      370
  SINCE SEP 1    570                       620    -50      489
  SINCE JUL 1    625                       686    -61      533

 COOLING
  YESTERDAY        0                         0      0        0
  MONTH TO DATE    0                         0      0        0
  SINCE SEP 1     29                        30     -1       55
  SINCE JAN 1    367                       445    -78      521
..................................................................


WIND (MPH)
  HIGHEST WIND SPEED    13   HIGHEST WIND DIRECTION    SE (140)
  HIGHEST GUST SPEED    16   HIGHEST GUST DIRECTION    SE (140)
  AVERAGE WIND SPEED     4.7


SKY COVER
  POSSIBLE SUNSHINE  MM
  AVERAGE SKY COVER 0.0


WEATHER CONDITIONS
 THE FOLLOWING WEATHER WAS RECORDED YESTERDAY.
  NO SIGNIFICANT WEATHER WAS OBSERVED.


RELATIVE HUMIDITY (PERCENT)
 HIGHEST    92           500 AM
 LOWEST     31           300 PM
 AVERAGE    62

..........................................................


THE JAMESTOWN ND CLIMATE NORMALS FOR TODAY
                         NORMAL    RECORD    YEAR
 MAXIMUM TEMPERATURE (F)   53        83      1901
 MINIMUM TEMPERATURE (F)   31         7      1930


SUNRISE AND SUNSET
OCTOBER 21 2014.......SUNRISE   801 AM CDT   SUNSET   637 PM CDT
OCTOBER 22 2014.......SUNRISE   803 AM CDT   SUNSET   635 PM CDT


-  INDICATES NEGATIVE NUMBERS.
R  INDICATES RECORD WAS SET OR TIED.
MM INDICATES DATA IS MISSING.
T  INDICATES TRACE AMOUNT.




$$
