921
CDUS43 KBIS 110801
CLIJMS


CLIMATE REPORT
NATIONAL WEATHER SERVICE BISMARCK ND
159 AM CST MON DEC 11 2017


...................................

...THE JAMESTOWN ND CLIMATE SUMMARY FOR DECEMBER 10 2017...

CLIMATE NORMAL PERIOD 1981 TO 2010
CLIMATE RECORD PERIOD 1891 TO 2017


WEATHER ITEM   OBSERVED TIME   RECORD YEAR NORMAL DEPARTURE LAST
                VALUE   (LST)  VALUE       VALUE  FROM      YEAR
                                                  NORMAL
..................................................................
TEMPERATURE (F)
 YESTERDAY
  MAXIMUM         41   1129 PM  55    1939  24     17        0
  MINIMUM         26    855 AM -26    1927   7     19      -17
                                      1919
  AVERAGE         34                        16     18       -8

PRECIPITATION (IN)
  YESTERDAY        T             0.42 1929   0.01  -0.01      T
  MONTH TO DATE    T                         0.13  -0.13     0.19
  SINCE DEC 1      T                         0.13  -0.13     0.19
  SINCE JAN 1     12.38                     18.50  -6.12    25.05

DEGREE DAYS
 HEATING
  YESTERDAY       31                        49    -18       73
  MONTH TO DATE  394                       477    -83      504
  SINCE DEC 1    394                       477    -83      504
  SINCE JUL 1   2364                      2561   -197     2065

 COOLING
  YESTERDAY        0                         0      0        0
  MONTH TO DATE    0                         0      0        0
  SINCE DEC 1      0                         0      0        0
  SINCE JAN 1    397                       446    -49      419
..................................................................


WIND (MPH)
  HIGHEST WIND SPEED    21   HIGHEST WIND DIRECTION     W (270)
  HIGHEST GUST SPEED    28   HIGHEST GUST DIRECTION     W (270)
  AVERAGE WIND SPEED     9.8


SKY COVER
  POSSIBLE SUNSHINE  MM
  AVERAGE SKY COVER 0.6


WEATHER CONDITIONS
 THE FOLLOWING WEATHER WAS RECORDED YESTERDAY.
  LIGHT RAIN


RELATIVE HUMIDITY (PERCENT)
 HIGHEST    92           700 AM
 LOWEST     64          1100 PM
 AVERAGE    78

..........................................................


THE JAMESTOWN ND CLIMATE NORMALS FOR TODAY
                         NORMAL    RECORD    YEAR
 MAXIMUM TEMPERATURE (F)   24        62      1939
 MINIMUM TEMPERATURE (F)    6       -32      1945


SUNRISE AND SUNSET
DECEMBER 11 2017......SUNRISE   810 AM CST   SUNSET   446 PM CST
DECEMBER 12 2017......SUNRISE   811 AM CST   SUNSET   446 PM CST


-  INDICATES NEGATIVE NUMBERS.
R  INDICATES RECORD WAS SET OR TIED.
MM INDICATES DATA IS MISSING.
T  INDICATES TRACE AMOUNT.




$$
