000
CDUS43 KBIS 270731
CLIJMS


CLIMATE REPORT
NATIONAL WEATHER SERVICE BISMARCK ND
230 AM CDT WED MAY 27 2015


...................................

...THE JAMESTOWN ND CLIMATE SUMMARY FOR MAY 26 2015...

CLIMATE NORMAL PERIOD 1981 TO 2010
CLIMATE RECORD PERIOD 1891 TO 2015


WEATHER ITEM   OBSERVED TIME   RECORD YEAR NORMAL DEPARTURE LAST
                VALUE   (LST)  VALUE       VALUE  FROM      YEAR
                                                  NORMAL
..................................................................
TEMPERATURE (F)
 YESTERDAY
  MAXIMUM         81    116 PM 101    1934  71     10       78
  MINIMUM         51    455 AM  29    1961  46      5       56
  AVERAGE         66                        59      7       67

PRECIPITATION (IN)
  YESTERDAY        T             0.91 1955   0.09  -0.09     0.00
                                      1955
                                      2007
  MONTH TO DATE    8.48                      2.18   6.30     4.28
  SINCE MAR 1      9.47                      4.22   5.25     6.95
  SINCE JAN 1      9.89                      5.07   4.82     7.34

DEGREE DAYS
 HEATING
  YESTERDAY        0                         7     -7        0
  MONTH TO DATE  326                       290     36      354
  SINCE MAR 1   1913                      2125   -212     2406
  SINCE JUL 1   8650                      8884   -234     9674

 COOLING
  YESTERDAY        1                         1      0        2
  MONTH TO DATE    1                        15    -14       21
  SINCE MAR 1      1                        17    -16       21
  SINCE JAN 1      1                        17    -16       21
..................................................................


WIND (MPH)
  HIGHEST WIND SPEED    29   HIGHEST WIND DIRECTION     N (350)
  HIGHEST GUST SPEED    36   HIGHEST GUST DIRECTION     N (350)
  AVERAGE WIND SPEED     9.7


SKY COVER
  POSSIBLE SUNSHINE  MM
  AVERAGE SKY COVER 0.2


WEATHER CONDITIONS
 THE FOLLOWING WEATHER WAS RECORDED YESTERDAY.
  THUNDERSTORM


RELATIVE HUMIDITY (PERCENT)
 HIGHEST    96           500 AM
 LOWEST     31           300 PM
 AVERAGE    64

..........................................................


THE JAMESTOWN ND CLIMATE NORMALS FOR TODAY
                         NORMAL    RECORD    YEAR
 MAXIMUM TEMPERATURE (F)   71       102      1934
 MINIMUM TEMPERATURE (F)   47        23      1907


SUNRISE AND SUNSET
MAY 27 2015...........SUNRISE   548 AM CDT   SUNSET   917 PM CDT
MAY 28 2015...........SUNRISE   547 AM CDT   SUNSET   918 PM CDT


-  INDICATES NEGATIVE NUMBERS.
R  INDICATES RECORD WAS SET OR TIED.
MM INDICATES DATA IS MISSING.
T  INDICATES TRACE AMOUNT.




$$
