000
CDUS43 KBIS 300728
CLIJMS


CLIMATE REPORT
NATIONAL WEATHER SERVICE BISMARCK ND
226 AM CDT SAT JUL 30 2016


...................................

...THE JAMESTOWN ND CLIMATE SUMMARY FOR JULY 29 2016...

CLIMATE NORMAL PERIOD 1981 TO 2010
CLIMATE RECORD PERIOD 1891 TO 2016


WEATHER ITEM   OBSERVED TIME   RECORD YEAR NORMAL DEPARTURE LAST
                VALUE   (LST)  VALUE       VALUE  FROM      YEAR
                                                  NORMAL
..................................................................
TEMPERATURE (F)
 YESTERDAY
  MAXIMUM         78    141 PM 103    1939  84     -6       81
  MINIMUM         60    432 AM  40    1899  58      2       61
  AVERAGE         69                        71     -2       71

PRECIPITATION (IN)
  YESTERDAY        0.02          1.48 1921   0.09  -0.07     0.00
  MONTH TO DATE    5.88                      3.20   2.68     2.96
  SINCE JUN 1      8.33                      6.39   1.94     8.62
  SINCE JAN 1     14.16                     11.94   2.22    18.78

DEGREE DAYS
 HEATING
  YESTERDAY        0                         0      0        0
  MONTH TO DATE    7                        19    -12        9
  SINCE JUN 1     56                       116    -60       51
  SINCE JUL 1      7                        19    -12        9

 COOLING
  YESTERDAY        4                         6     -2        6
  MONTH TO DATE  151                       163    -12      184
  SINCE JUN 1    255                       243     12      286
  SINCE JAN 1    269                       263      6      294
..................................................................


WIND (MPH)
  HIGHEST WIND SPEED    17   HIGHEST WIND DIRECTION     S (190)
  HIGHEST GUST SPEED    23   HIGHEST GUST DIRECTION     S (180)
  AVERAGE WIND SPEED     5.5


SKY COVER
  POSSIBLE SUNSHINE  MM
  AVERAGE SKY COVER 0.5


WEATHER CONDITIONS
 THE FOLLOWING WEATHER WAS RECORDED YESTERDAY.
  THUNDERSTORM
  LIGHT RAIN
  FOG


RELATIVE HUMIDITY (PERCENT)
 HIGHEST    97           300 AM
 LOWEST     60          1200 PM
 AVERAGE    79

..........................................................


THE JAMESTOWN ND CLIMATE NORMALS FOR TODAY
                         NORMAL    RECORD    YEAR
 MAXIMUM TEMPERATURE (F)   84       106      2006
 MINIMUM TEMPERATURE (F)   58        38      1903


SUNRISE AND SUNSET
JULY 30 2016..........SUNRISE   613 AM CDT   SUNSET   909 PM CDT
JULY 31 2016..........SUNRISE   614 AM CDT   SUNSET   908 PM CDT


-  INDICATES NEGATIVE NUMBERS.
R  INDICATES RECORD WAS SET OR TIED.
MM INDICATES DATA IS MISSING.
T  INDICATES TRACE AMOUNT.




$$
