000
CDAK47 PAJK 011215
CLIJNU
AKZ025-020000-
CLIMATE REPORT
NATIONAL WEATHER SERVICE JUNEAU, AK
413 AM AKDT MON SEP 1 2014

...................................

...THE JUNEAU CLIMATE SUMMARY FOR AUGUST 31 2014...

CLIMATE NORMAL PERIOD 1981 TO 2010
CLIMATE RECORD PERIOD 1943 TO 2014


WEATHER ITEM   OBSERVED TIME   RECORD YEAR NORMAL DEPARTURE LAST
                VALUE   (LST)  VALUE       VALUE  FROM      YEAR
                                                  NORMAL
..................................................................
TEMPERATURE (F)
 YESTERDAY
  MAXIMUM         54   1116 AM  74    1963  60     -6       57
  MINIMUM         50   1159 PM  34    1973  47      3       54
  AVERAGE         52                        53     -1       56

PRECIPITATION (IN)
  YESTERDAY        0.36          1.60 1998   0.24   0.12     1.01
  MONTH TO DATE    8.53                      5.73   2.80     4.90
  SINCE JUN 1     24.18                     13.57  10.61    12.54
  SINCE JAN 1     44.10                     33.17  10.93    40.91

DEGREE DAYS
 HEATING
  YESTERDAY       13                        12      1        9
  MONTH TO DATE  246                       285    -39      213
  SINCE JUN 1    826                       850    -24      649
  SINCE JUL 1    476                       535    -59      435

 COOLING
  YESTERDAY        0                         0      0        0
  MONTH TO DATE    0                         0      0        0
  SINCE JUN 1      0                         2     -2        9
  SINCE JAN 1      0                         2     -2        9
..................................................................


WIND (MPH)
  HIGHEST WIND SPEED    17   HIGHEST WIND DIRECTION     E (100)
  HIGHEST GUST SPEED    28   HIGHEST GUST DIRECTION    SE (130)
  AVERAGE WIND SPEED    11.1


SKY COVER
  POSSIBLE SUNSHINE  MM
  AVERAGE SKY COVER 1.0


WEATHER CONDITIONS
 THE FOLLOWING WEATHER WAS RECORDED YESTERDAY.
  LIGHT RAIN
  FOG


RELATIVE HUMIDITY (PERCENT)
 HIGHEST    96          1200 AM
 LOWEST     89           100 AM
 AVERAGE    93

..........................................................


THE JUNEAU CLIMATE NORMALS FOR TODAY
                         NORMAL    RECORD    YEAR
 MAXIMUM TEMPERATURE (F)   60        70      1974
 MINIMUM TEMPERATURE (F)   46        35      1962


SUNRISE AND SUNSET
SEPTEMBER  1 2014.....SUNRISE   558 AM AKDT  SUNSET   757 PM AKDT
SEPTEMBER  2 2014.....SUNRISE   600 AM AKDT  SUNSET   754 PM AKDT


-  INDICATES NEGATIVE NUMBERS.
R  INDICATES RECORD WAS SET OR TIED.
MM INDICATES DATA IS MISSING.
T  INDICATES TRACE AMOUNT.




$$


&&
----------------------------
AMOUNT OF DAYLIGHT TODAY  (HOUR:MIN)........13:59
GAIN/LOSS SINCE YESTERDAY (HOUR:MIN:SEC)....-0:04:59
