000
CDAK47 PAJK 281207
CLIJNU
AKZ025-010000-
CLIMATE REPORT
NATIONAL WEATHER SERVICE JUNEAU, AK
306 AM AKST SAT FEB 28 2015

...................................

...THE JUNEAU CLIMATE SUMMARY FOR FEBRUARY 27 2015...

CLIMATE NORMAL PERIOD 1981 TO 2010
CLIMATE RECORD PERIOD 1943 TO 2015


WEATHER ITEM   OBSERVED TIME   RECORD YEAR NORMAL DEPARTURE LAST
                VALUE   (LST)  VALUE       VALUE  FROM      YEAR
                                                  NORMAL
..................................................................
TEMPERATURE (F)
 YESTERDAY
  MAXIMUM         43    430 PM  57    1992  37      6       41
  MINIMUM         23    739 AM   0    1972  26     -3       18
  AVERAGE         33                        31      2       30

PRECIPITATION (IN)
  YESTERDAY        0.00          1.17 1990   0.15  -0.15     0.00
  MONTH TO DATE    3.62                      3.99  -0.37     1.98
  SINCE DEC 1     18.89                     15.18   3.71    20.65
  SINCE JAN 1     15.60                      9.34   6.26    12.13

SNOWFALL (IN)
  YESTERDAY        0.0           7.7  1994   0.4   -0.4      0.0
  MONTH TO DATE   10.3                      16.3   -6.0     26.8
  SINCE DEC 1     28.9                      59.6  -30.7     71.6
  SINCE JUL 1     38.7                      73.5  -34.8     90.8
  SNOW DEPTH       0

DEGREE DAYS
 HEATING
  YESTERDAY       32                        34     -2       35
  MONTH TO DATE  891                       944    -53     1106
  SINCE DEC 1   2783                      3173   -390     3132
  SINCE JUL 1   5192                      5804   -612     5605
..................................................................


WIND (MPH)
  HIGHEST WIND SPEED    10   HIGHEST WIND DIRECTION    SW (240)
  HIGHEST GUST SPEED    12   HIGHEST GUST DIRECTION    SW (240)
  AVERAGE WIND SPEED     2.5


SKY COVER
  POSSIBLE SUNSHINE  MM
  AVERAGE SKY COVER 0.1


WEATHER CONDITIONS
 THE FOLLOWING WEATHER WAS RECORDED YESTERDAY.
  NO SIGNIFICANT WEATHER WAS OBSERVED.


RELATIVE HUMIDITY (PERCENT)
 HIGHEST   100           700 AM
 LOWEST     49           100 PM
 AVERAGE    75

..........................................................


THE JUNEAU CLIMATE NORMALS FOR TODAY
                         NORMAL    RECORD    YEAR
 MAXIMUM TEMPERATURE (F)   37        49      1992
 MINIMUM TEMPERATURE (F)   26        -4      2007


SUNRISE AND SUNSET
FEBRUARY 28 2015......SUNRISE   657 AM AKST  SUNSET   526 PM AKST
MARCH  1 2015.........SUNRISE   654 AM AKST  SUNSET   529 PM AKST


-  INDICATES NEGATIVE NUMBERS.
R  INDICATES RECORD WAS SET OR TIED.
MM INDICATES DATA IS MISSING.
T  INDICATES TRACE AMOUNT.


$$


&&
----------------------------
AMOUNT OF DAYLIGHT TODAY  (HOUR:MIN)........10:30
GAIN/LOSS SINCE YESTERDAY (HOUR:MIN:SEC)....+0:05:05
