000
CDAK47 PAJK 061313
CLIJNU
AKZ025-070100-
CLIMATE REPORT
NATIONAL WEATHER SERVICE JUNEAU, AK
511 AM AKDT MON JUL 6 2015


...................................

...THE JUNEAU CLIMATE SUMMARY FOR JULY 5 2015...

CLIMATE NORMAL PERIOD 1981 TO 2010
CLIMATE RECORD PERIOD 1943 TO 2015


WEATHER ITEM   OBSERVED TIME   RECORD YEAR NORMAL DEPARTURE LAST
                VALUE   (LST)  VALUE       VALUE  FROM      YEAR
                                                  NORMAL
..................................................................
TEMPERATURE (F)
 YESTERDAY
  MAXIMUM         76    626 PM  83    1972  64     12       64
  MINIMUM         48    358 AM  39    1954  49     -1       50
  AVERAGE         62                        56      6       57

PRECIPITATION (IN)
  YESTERDAY        0.00          1.05 1964   0.13  -0.13     0.14
  MONTH TO DATE    0.71                      0.63   0.08     1.33
  SINCE JUN 1      5.37                      3.87   1.50     8.81
  SINCE JAN 1     33.19                     23.47   9.72    28.73

DEGREE DAYS
 HEATING
  YESTERDAY        3                         9     -6        8
  MONTH TO DATE   41                        45     -4       41
  SINCE JUN 1    275                       360    -85      395
  SINCE JUL 1     41                        45     -4       41

 COOLING
  YESTERDAY        0                         0      0        0
  MONTH TO DATE    0                         0      0        0
  SINCE JUN 1      2                         1      1        0
  SINCE JAN 1      2                         1      1        0
..................................................................

WIND (MPH)
  HIGHEST WIND SPEED    14   HIGHEST WIND DIRECTION    SW (230)
  HIGHEST GUST SPEED    17   HIGHEST GUST DIRECTION    SW (230)
  AVERAGE WIND SPEED     5.6


SKY COVER
  AVERAGE SKY COVER 0.4


WEATHER CONDITIONS
 THE FOLLOWING WEATHER WAS RECORDED YESTERDAY.
  FOG


RELATIVE HUMIDITY (PERCENT)
 HIGHEST    96           500 AM
 LOWEST     38           700 PM
 AVERAGE    67

..........................................................


THE JUNEAU CLIMATE NORMALS FOR TODAY
                         NORMAL    RECORD    YEAR
 MAXIMUM TEMPERATURE (F)   64        85      2009
 MINIMUM TEMPERATURE (F)   49        41      1965


SUNRISE AND SUNSET
JULY  6 2015..........SUNRISE   403 AM AKDT  SUNSET  1003 PM AKDT
JULY  7 2015..........SUNRISE   404 AM AKDT  SUNSET  1002 PM AKDT


-  INDICATES NEGATIVE NUMBERS.
R  INDICATES RECORD WAS SET OR TIED.
MM INDICATES DATA IS MISSING.
T  INDICATES TRACE AMOUNT.


$$


&&
----------------------------
AMOUNT OF DAYLIGHT TODAY  (HOUR:MIN)........18:00
GAIN/LOSS SINCE YESTERDAY (HOUR:MIN:SEC)....-0:02:10
