000
CDAK47 PAJK 271125
CLIJNU
AKZ025-272300-
CLIMATE REPORT
NATIONAL WEATHER SERVICE JUNEAU, AK
225 AM AKST SAT DEC 27 2014


...................................

...THE JUNEAU CLIMATE SUMMARY FOR DECEMBER 26 2014...

CLIMATE NORMAL PERIOD 1981 TO 2010
CLIMATE RECORD PERIOD 1943 TO 2014


WEATHER ITEM   OBSERVED TIME   RECORD YEAR NORMAL DEPARTURE LAST
                VALUE   (LST)  VALUE       VALUE  FROM      YEAR
                                                  NORMAL
..................................................................
TEMPERATURE (F)
 YESTERDAY
  MAXIMUM         40    149 PM  53    1999  33      7       40
  MINIMUM         34   1159 PM -10    1955  25      9       33
  AVERAGE         37                        29      8       37

PRECIPITATION (IN)
  YESTERDAY        0.13          0.59 1990   0.17  -0.04     0.25
  MONTH TO DATE    3.01                      4.99  -1.98     6.81
  SINCE DEC 1      3.01                      4.99  -1.98     6.81
  SINCE JAN 1     68.41                     61.42   6.99    72.13

SNOWFALL (IN)
  YESTERDAY        0.0           6.4  2008   0.5   -0.5      0.0
  MONTH TO DATE    3.5                      12.7   -9.2     28.5
  SINCE DEC 1      3.5                      12.7   -9.2     28.5
  SINCE JUL 1     13.3                      26.6  -13.3     47.7
  SNOW DEPTH       0

DEGREE DAYS
 HEATING
  YESTERDAY       28                        36     -8       28
  MONTH TO DATE  789                       908   -119      991
  SINCE DEC 1    789                       908   -119      991
  SINCE JUL 1   3198                      3539   -341     3464
..................................................................


WIND (MPH)
  HIGHEST WIND SPEED    12   HIGHEST WIND DIRECTION     E (100)
  HIGHEST GUST SPEED    16   HIGHEST GUST DIRECTION     E (70)
  AVERAGE WIND SPEED     5.7


SKY COVER
  POSSIBLE SUNSHINE  MM
  AVERAGE SKY COVER 1.0


WEATHER CONDITIONS
 THE FOLLOWING WEATHER WAS RECORDED YESTERDAY.
  LIGHT RAIN
  FOG


RELATIVE HUMIDITY (PERCENT)
 HIGHEST   100           600 PM
 LOWEST     92           100 AM
 AVERAGE    96

..........................................................


THE JUNEAU CLIMATE NORMALS FOR TODAY
                         NORMAL    RECORD    YEAR
 MAXIMUM TEMPERATURE (F)   33        48      1999
 MINIMUM TEMPERATURE (F)   25       -11      1949


SUNRISE AND SUNSET
DECEMBER 27 2014......SUNRISE   847 AM AKST  SUNSET   312 PM AKST
DECEMBER 28 2014......SUNRISE   847 AM AKST  SUNSET   313 PM AKST


-  INDICATES NEGATIVE NUMBERS.
R  INDICATES RECORD WAS SET OR TIED.
MM INDICATES DATA IS MISSING.
T  INDICATES TRACE AMOUNT.




$$


&&
----------------------------
AMOUNT OF DAYLIGHT TODAY  (HOUR:MIN)........ 6:24
GAIN/LOSS SINCE YESTERDAY (HOUR:MIN:SEC)....+0:00:52
