000
CDUS41 KCTP 240637
CLIJST


CLIMATE REPORT
NATIONAL WEATHER SERVICE STATE COLLEGE PA
236 AM EDT SAT JUN 24 2017


...................................

...THE JOHNSTOWN CLIMATE SUMMARY FOR JUNE 23 2017...

CLIMATE NORMAL PERIOD 1981 TO 2010
CLIMATE RECORD PERIOD 1892 TO 2017


WEATHER ITEM   OBSERVED TIME   RECORD YEAR NORMAL DEPARTURE LAST
                VALUE   (LST)  VALUE       VALUE  FROM      YEAR
                                                  NORMAL
..................................................................
TEMPERATURE (F)
 YESTERDAY
  MAXIMUM         73    322 PM  97    1894  76     -3       71
  MINIMUM         64   1159 PM  42    1902  58      6       62
  AVERAGE         69                        67      2       67

PRECIPITATION (IN)
  YESTERDAY        2.23          2.75 1972   0.13   2.10     0.43
  MONTH TO DATE    7.53                      3.22   4.31     4.68
  SINCE JUN 1      7.53                      3.22   4.31     4.68
  SINCE JAN 1     27.42                     19.86   7.56    15.48

DEGREE DAYS
 HEATING
  YESTERDAY        0                         1     -1        0
  MONTH TO DATE   44                        72    -28       38
  SINCE JUN 1     44                        72    -28       38
  SINCE JUL 1   5507                      6681  -1174     5525

 COOLING
  YESTERDAY        4                         3      1        2
  MONTH TO DATE   91                        49     42       66
  SINCE JUN 1     91                        49     42       66
  SINCE JAN 1    120                        73     47      104
..................................................................


WIND (MPH)
  HIGHEST WIND SPEED    20   HIGHEST WIND DIRECTION     W (250)
  HIGHEST GUST SPEED    29   HIGHEST GUST DIRECTION    SW (240)
  AVERAGE WIND SPEED    10.0


SKY COVER
  POSSIBLE SUNSHINE  MM
  AVERAGE SKY COVER 0.9


WEATHER CONDITIONS
 THE FOLLOWING WEATHER WAS RECORDED YESTERDAY.
  THUNDERSTORM
  HEAVY RAIN
  RAIN
  LIGHT RAIN
  FOG
  FOG W/VISIBILITY <= 1/4 MILE


RELATIVE HUMIDITY (PERCENT)
 HIGHEST   100           700 AM
 LOWEST     84          1200 AM
 AVERAGE    92

..........................................................


THE JOHNSTOWN CLIMATE NORMALS FOR TODAY
                         NORMAL    RECORD    YEAR
 MAXIMUM TEMPERATURE (F)   76        97      1894
 MINIMUM TEMPERATURE (F)   58        38      1902


SUNRISE AND SUNSET
JUNE 24 2017..........SUNRISE   546 AM EDT   SUNSET   849 PM EDT
JUNE 25 2017..........SUNRISE   547 AM EDT   SUNSET   849 PM EDT


-  INDICATES NEGATIVE NUMBERS.
R  INDICATES RECORD WAS SET OR TIED.
MM INDICATES DATA IS MISSING.
T  INDICATES TRACE AMOUNT.




$$
