000
CDUS41 KCTP 020640
CLIJST


CLIMATE REPORT
NATIONAL WEATHER SERVICE STATE COLLEGE PA
240 AM EDT THU OCT 2 2014


...................................

...THE JOHNSTOWN CLIMATE SUMMARY FOR OCTOBER 1 2014...

CLIMATE NORMAL PERIOD 1981 TO 2010
CLIMATE RECORD PERIOD 2000 TO 2014


WEATHER ITEM   OBSERVED TIME   RECORD YEAR NORMAL DEPARTURE LAST
                VALUE   (LST)  VALUE       VALUE  FROM      YEAR
                                                  NORMAL
..................................................................
TEMPERATURE (F)
 YESTERDAY
  MAXIMUM         69    145 PM  94    1953  63      6       70
  MINIMUM         48    608 AM  28    1899  45      3       55
  AVERAGE         59                        54      5       63

PRECIPITATION (IN)
  YESTERDAY        0.00          1.94 1913   0.12  -0.12     0.00
  MONTH TO DATE    0.00                      0.12  -0.12     0.00
  SINCE SEP 1      1.20                      0.12   1.08     4.07
  SINCE JAN 1     27.10                     24.41   2.69    29.02

DEGREE DAYS
 HEATING
  YESTERDAY        6                        11     -5        2
  MONTH TO DATE    6                        11     -5        2
  SINCE SEP 1    156                       191    -35      219
  SINCE JUL 1    239                       229     10      290

 COOLING
  YESTERDAY        0                         0      0        0
  MONTH TO DATE    0                         0      0        0
  SINCE SEP 1     46                        22     24       31
  SINCE JAN 1    341                       382    -41      377
..................................................................


WIND (MPH)
  HIGHEST WIND SPEED    12   HIGHEST WIND DIRECTION     S (160)
  HIGHEST GUST SPEED    14   HIGHEST GUST DIRECTION     S (160)
  AVERAGE WIND SPEED     3.8


SKY COVER
  POSSIBLE SUNSHINE  MM
  AVERAGE SKY COVER 0.5


WEATHER CONDITIONS
 THE FOLLOWING WEATHER WAS RECORDED YESTERDAY.
  FOG
  FOG W/VISIBILITY <= 1/4 MILE


RELATIVE HUMIDITY (PERCENT)
 HIGHEST   100           400 AM
 LOWEST     52           200 PM
 AVERAGE    76

..........................................................


THE JOHNSTOWN CLIMATE NORMALS FOR TODAY
                         NORMAL    RECORD    YEAR
 MAXIMUM TEMPERATURE (F)   63        92      1927
 MINIMUM TEMPERATURE (F)   45        29      1899


SUNRISE AND SUNSET
OCTOBER  2 2014.......SUNRISE   713 AM EDT   SUNSET   656 PM EDT
OCTOBER  3 2014.......SUNRISE   714 AM EDT   SUNSET   654 PM EDT


-  INDICATES NEGATIVE NUMBERS.
R  INDICATES RECORD WAS SET OR TIED.
MM INDICATES DATA IS MISSING.
T  INDICATES TRACE AMOUNT.




$$
