000
CDUS41 KCTP 300629
CLIJST


CLIMATE REPORT
NATIONAL WEATHER SERVICE STATE COLLEGE PA
229 AM EDT WED JUL 30 2014


...................................

...THE JOHNSTOWN CLIMATE SUMMARY FOR JULY 29 2014...

CLIMATE NORMAL PERIOD 1981 TO 2010
CLIMATE RECORD PERIOD 2000 TO 2014


WEATHER ITEM   OBSERVED TIME   RECORD YEAR NORMAL DEPARTURE LAST
                VALUE   (LST)  VALUE       VALUE  FROM      YEAR
                                                  NORMAL
..................................................................
TEMPERATURE (F)
 YESTERDAY
  MAXIMUM         62    439 PM  98    1901  79    -17       69
  MINIMUM         48R   259 AM  50    2013  60    -12       50
                                      1914
  AVERAGE         55                        69    -14       60

PRECIPITATION (IN)
  YESTERDAY        0.00          4.27 1945   0.14  -0.14     0.00
  MONTH TO DATE    3.49                      3.56  -0.07     2.62
  SINCE JUN 1      8.33                      3.56   4.77     8.47
  SINCE JAN 1     21.89                     20.20   1.69    19.39

DEGREE DAYS
 HEATING
  YESTERDAY       10                         0     10        5
  MONTH TO DATE   42                         8     34       20
  SINCE JUN 1     82                        87     -5       83
  SINCE JUL 1     42                         8     34       20

 COOLING
  YESTERDAY        0                         5     -5        0
  MONTH TO DATE  108                       140    -32      161
  SINCE JUN 1    192                       215    -23      230
  SINCE JAN 1    218                       233    -15      271
..................................................................


WIND (MPH)
  HIGHEST WIND SPEED    14   HIGHEST WIND DIRECTION     W (280)
  HIGHEST GUST SPEED    18   HIGHEST GUST DIRECTION    NW (300)
  AVERAGE WIND SPEED     7.1


SKY COVER
  POSSIBLE SUNSHINE  MM
  AVERAGE SKY COVER 0.8


WEATHER CONDITIONS
 THE FOLLOWING WEATHER WAS RECORDED YESTERDAY.
  NO SIGNIFICANT WEATHER WAS OBSERVED.


RELATIVE HUMIDITY (PERCENT)
 HIGHEST    93           200 AM
 LOWEST     60           200 PM
 AVERAGE    77

..........................................................


THE JOHNSTOWN CLIMATE NORMALS FOR TODAY
                         NORMAL    RECORD    YEAR
 MAXIMUM TEMPERATURE (F)   78        96      1988
 MINIMUM TEMPERATURE (F)   60        42      1956


SUNRISE AND SUNSET
JULY 30 2014..........SUNRISE   611 AM EDT   SUNSET   832 PM EDT
JULY 31 2014..........SUNRISE   612 AM EDT   SUNSET   831 PM EDT


-  INDICATES NEGATIVE NUMBERS.
R  INDICATES RECORD WAS SET OR TIED.
MM INDICATES DATA IS MISSING.
T  INDICATES TRACE AMOUNT.




$$
