000
CDUS41 KCTP 280708
CLIJST


CLIMATE REPORT
NATIONAL WEATHER SERVICE STATE COLLEGE PA
308 AM EDT SAT MAY 28 2016


...................................

...THE JOHNSTOWN CLIMATE SUMMARY FOR MAY 27 2016...

CLIMATE NORMAL PERIOD 1981 TO 2010
CLIMATE RECORD PERIOD 1892 TO 2016


WEATHER ITEM   OBSERVED TIME   RECORD YEAR NORMAL DEPARTURE LAST
                VALUE   (LST)  VALUE       VALUE  FROM      YEAR
                                                  NORMAL
..................................................................
TEMPERATURE (F)
 YESTERDAY
  MAXIMUM         83    400 PM  91    1918  69     14       76
  MINIMUM         64    245 AM  32    1915  51     13       63
  AVERAGE         74                        60     14       70

PRECIPITATION (IN)
  YESTERDAY        T             3.15 2012   0.16  -0.16     0.20
  MONTH TO DATE    3.91                      3.90   0.01     2.20
  SINCE MAR 1      7.71                     10.78  -3.07    10.66
  SINCE JAN 1     10.56                     16.01  -5.45    14.06

DEGREE DAYS
 HEATING
  YESTERDAY        0                         7     -7        0
  MONTH TO DATE  278                       254     24      132
  SINCE MAR 1   1424                      1705   -281     1588
  SINCE JUL 1   5487                      6585  -1098     6777

 COOLING
  YESTERDAY        9                         1      8        5
  MONTH TO DATE   16                        14      2       58
  SINCE MAR 1     16                        19     -3       58
  SINCE JAN 1     16                        19     -3       58
..................................................................


WIND (MPH)
  HIGHEST WIND SPEED    14   HIGHEST WIND DIRECTION     W (260)
  HIGHEST GUST SPEED    20   HIGHEST GUST DIRECTION     W (270)
  AVERAGE WIND SPEED     6.9


SKY COVER
  POSSIBLE SUNSHINE  MM
  AVERAGE SKY COVER 0.4


WEATHER CONDITIONS
 THE FOLLOWING WEATHER WAS RECORDED YESTERDAY.
  LIGHT RAIN


RELATIVE HUMIDITY (PERCENT)
 HIGHEST    84           300 AM
 LOWEST     40           300 PM
 AVERAGE    62

..........................................................


THE JOHNSTOWN CLIMATE NORMALS FOR TODAY
                         NORMAL    RECORD    YEAR
 MAXIMUM TEMPERATURE (F)   69        97      1911
 MINIMUM TEMPERATURE (F)   51        33      1983


SUNRISE AND SUNSET
MAY 28 2016...........SUNRISE   549 AM EDT   SUNSET   836 PM EDT
MAY 29 2016...........SUNRISE   549 AM EDT   SUNSET   837 PM EDT


-  INDICATES NEGATIVE NUMBERS.
R  INDICATES RECORD WAS SET OR TIED.
MM INDICATES DATA IS MISSING.
T  INDICATES TRACE AMOUNT.




$$
