803
CDUS41 KCTP 170617
CLIJST


CLIMATE REPORT
NATIONAL WEATHER SERVICE STATE COLLEGE PA
117 AM EST TUE JAN 17 2017


...................................

...THE JOHNSTOWN CLIMATE SUMMARY FOR JANUARY 16 2017...

CLIMATE NORMAL PERIOD 1981 TO 2010
CLIMATE RECORD PERIOD 1892 TO 2017


WEATHER ITEM   OBSERVED TIME   RECORD YEAR NORMAL DEPARTURE LAST
                VALUE   (LST)  VALUE       VALUE  FROM      YEAR
                                                  NORMAL
..................................................................
TEMPERATURE (F)
 YESTERDAY
  MAXIMUM         39   1158 PM  67    1952  32      7       38
  MINIMUM         24   1252 AM  -7    2009  18      6       27
  AVERAGE         32                        25      7       33

PRECIPITATION (IN)
  YESTERDAY        0.02          0.94 1924   0.10  -0.08     0.14
  MONTH TO DATE    1.86                      1.69   0.17     0.72
  SINCE DEC 1      6.04                      4.26   1.78     4.45
  SINCE JAN 1      1.86                      1.69   0.17     0.72

DEGREE DAYS
 HEATING
  YESTERDAY       33                        40     -7       32
  MONTH TO DATE  588                       633    -45      615
  SINCE DEC 1   1661                      1760    -99     1289
  SINCE JUL 1   2730                      3217   -487     2407

 COOLING
  YESTERDAY        0                         0      0        0
  MONTH TO DATE    0                         0      0        0
  SINCE DEC 1      0                         0      0        0
  SINCE JAN 1      0                         0      0        0
..................................................................


WIND (MPH)
  HIGHEST WIND SPEED     9   HIGHEST WIND DIRECTION     S (170)
  HIGHEST GUST SPEED    12   HIGHEST GUST DIRECTION     S (170)
  AVERAGE WIND SPEED     3.4


SKY COVER
  POSSIBLE SUNSHINE  MM
  AVERAGE SKY COVER 0.8


WEATHER CONDITIONS
 THE FOLLOWING WEATHER WAS RECORDED YESTERDAY.
  LIGHT RAIN
  FOG
  FOG W/VISIBILITY <= 1/4 MILE


RELATIVE HUMIDITY (PERCENT)
 HIGHEST   100           500 AM
 LOWEST     55          1200 AM
 AVERAGE    78

..........................................................


THE JOHNSTOWN CLIMATE NORMALS FOR TODAY
                         NORMAL    RECORD    YEAR
 MAXIMUM TEMPERATURE (F)   32        66      1990
 MINIMUM TEMPERATURE (F)   18       -15      1982


SUNRISE AND SUNSET
JANUARY 17 2017.......SUNRISE   735 AM EST   SUNSET   516 PM EST
JANUARY 18 2017.......SUNRISE   735 AM EST   SUNSET   517 PM EST


-  INDICATES NEGATIVE NUMBERS.
R  INDICATES RECORD WAS SET OR TIED.
MM INDICATES DATA IS MISSING.
T  INDICATES TRACE AMOUNT.




$$
