000
CDUS41 KCTP 170622
CLIJST


CLIMATE REPORT
NATIONAL WEATHER SERVICE STATE COLLEGE PA
222 AM EDT THU APR 17 2014


...................................

...THE JOHNSTOWN CLIMATE SUMMARY FOR APRIL 16 2014...

CLIMATE NORMAL PERIOD 1981 TO 2010
CLIMATE RECORD PERIOD 2000 TO 2014


WEATHER ITEM   OBSERVED TIME   RECORD YEAR NORMAL DEPARTURE LAST
                VALUE   (LST)  VALUE       VALUE  FROM      YEAR
                                                  NORMAL
..................................................................
TEMPERATURE (F)
 YESTERDAY
  MAXIMUM         39    530 PM  86    1896  57    -18       75
  MINIMUM         18R   628 AM  20    1943  38    -20       51
  AVERAGE         29                        48    -19       63

PRECIPITATION (IN)
  YESTERDAY        0.00          1.48 1954   0.12  -0.12     0.43
  MONTH TO DATE    1.94                      2.06  -0.12     1.41
  SINCE MAR 1      3.89                      5.35  -1.46     2.97
  SINCE JAN 1      7.93                     10.58  -2.65     7.10

DEGREE DAYS
 HEATING
  YESTERDAY       36                        18     18        2
  MONTH TO DATE  283                       328    -45      292
  SINCE MAR 1   1379                      1241    138     1327
  SINCE JUL 1   6707                      6120    587     6120

 COOLING
  YESTERDAY        0                         0      0        0
  MONTH TO DATE    4                         0      4        1
  SINCE MAR 1      4                         0      4        1
  SINCE JAN 1      4                         0      4        1
..................................................................


WIND (MPH)
  HIGHEST WIND SPEED    20   HIGHEST WIND DIRECTION    NW (330)
  HIGHEST GUST SPEED    27   HIGHEST GUST DIRECTION     N (350)
  AVERAGE WIND SPEED     8.4


SKY COVER
  POSSIBLE SUNSHINE  MM
  AVERAGE SKY COVER 0.1


WEATHER CONDITIONS
 THE FOLLOWING WEATHER WAS RECORDED YESTERDAY.
  NO SIGNIFICANT WEATHER WAS OBSERVED.


RELATIVE HUMIDITY (PERCENT)
 HIGHEST    77           100 AM
 LOWEST     33           400 PM
 AVERAGE    55

..........................................................


THE JOHNSTOWN CLIMATE NORMALS FOR TODAY
                         NORMAL    RECORD    YEAR
 MAXIMUM TEMPERATURE (F)   57        92      1976
 MINIMUM TEMPERATURE (F)   39        21      1966


SUNRISE AND SUNSET
APRIL 17 2014.........SUNRISE   634 AM EDT   SUNSET   756 PM EDT
APRIL 18 2014.........SUNRISE   633 AM EDT   SUNSET   757 PM EDT


-  INDICATES NEGATIVE NUMBERS.
R  INDICATES RECORD WAS SET OR TIED.
MM INDICATES DATA IS MISSING.
T  INDICATES TRACE AMOUNT.




$$
