000
CDUS41 KCTP 300638
CLIJST


CLIMATE REPORT
NATIONAL WEATHER SERVICE STATE COLLEGE PA
238 AM EDT THU JUL 30 2015


...................................

...THE JOHNSTOWN CLIMATE SUMMARY FOR JULY 29 2015...

CLIMATE NORMAL PERIOD 1981 TO 2010
CLIMATE RECORD PERIOD 2000 TO 2015


WEATHER ITEM   OBSERVED TIME   RECORD YEAR NORMAL DEPARTURE LAST
                VALUE   (LST)  VALUE       VALUE  FROM      YEAR
                                                  NORMAL
..................................................................
TEMPERATURE (F)
 YESTERDAY
  MAXIMUM         85    343 PM  98    1901  79      6       62
  MINIMUM         67    441 AM  48    2014  60      7       48
  AVERAGE         76                        69      7       55

PRECIPITATION (IN)
  YESTERDAY        0.00          4.27 1945   0.14  -0.14     0.00
  MONTH TO DATE    4.52                      3.56   0.96     3.49
  SINCE JUN 1     16.48                      3.56  12.92     8.33
  SINCE JAN 1     30.88                     20.20  10.68    21.89

DEGREE DAYS
 HEATING
  YESTERDAY        0                         0      0       10
  MONTH TO DATE    7                         8     -1       42
  SINCE JUN 1     68                        87    -19       82
  SINCE JUL 1      7                         8     -1       42

 COOLING
  YESTERDAY       11                         5      6        0
  MONTH TO DATE  141                       140      1      108
  SINCE JUN 1    231                       215     16      192
  SINCE JAN 1    315                       233     82      218
..................................................................


WIND (MPH)
  HIGHEST WIND SPEED    15   HIGHEST WIND DIRECTION     S (170)
  HIGHEST GUST SPEED    17   HIGHEST GUST DIRECTION     S (170)
  AVERAGE WIND SPEED     5.0


SKY COVER
  POSSIBLE SUNSHINE  MM
  AVERAGE SKY COVER 0.1


WEATHER CONDITIONS
 THE FOLLOWING WEATHER WAS RECORDED YESTERDAY.
  FOG
  HAZE


RELATIVE HUMIDITY (PERCENT)
 HIGHEST    87           400 AM
 LOWEST     58           100 PM
 AVERAGE    73

..........................................................


THE JOHNSTOWN CLIMATE NORMALS FOR TODAY
                         NORMAL    RECORD    YEAR
 MAXIMUM TEMPERATURE (F)   78        96      1988
 MINIMUM TEMPERATURE (F)   60        42      1956


SUNRISE AND SUNSET
JULY 30 2015..........SUNRISE   611 AM EDT   SUNSET   832 PM EDT
JULY 31 2015..........SUNRISE   612 AM EDT   SUNSET   831 PM EDT


-  INDICATES NEGATIVE NUMBERS.
R  INDICATES RECORD WAS SET OR TIED.
MM INDICATES DATA IS MISSING.
T  INDICATES TRACE AMOUNT.




$$
