000
CDUS43 KGRR 220512
CLIJXN


CLIMATE REPORT
NATIONAL WEATHER SERVICE GRAND RAPIDS, MI
112 AM EDT WED OCT 22 2014


...................................

...THE JACKSON MI CLIMATE SUMMARY FOR OCTOBER 21 2014...

CLIMATE NORMAL PERIOD 1981 TO 2010
CLIMATE RECORD PERIOD 1944 TO 9999


WEATHER ITEM   OBSERVED TIME   NORMAL DEPARTURE LAST
                VALUE   (LST)  VALUE  FROM      YEAR
                                      NORMAL
......................................................
TEMPERATURE (F)
 YESTERDAY
  MAXIMUM         48   1125 AM  59    -11       56
  MINIMUM         36   1129 PM  39     -3       40
  AVERAGE         42            49     -7       48

PRECIPITATION (IN)
  YESTERDAY        0.03          0.07  -0.04     0.01
  MONTH TO DATE    1.10          1.85  -0.75     1.02
  SINCE SEP 1      3.20          5.33  -2.13     3.57
  SINCE JAN 1     26.21         26.25  -0.04    28.12

DEGREE DAYS
 HEATING
  YESTERDAY       23            16      7       17
  MONTH TO DATE  290           281      9      197
  SINCE SEP 1    453           434     19      357
  SINCE JUL 1    495           469     26      405

 COOLING
  YESTERDAY        0             0      0        0
  MONTH TO DATE    0             3     -3       12
  SINCE SEP 1     50            60    -10       76
  SINCE JAN 1    496           589    -93      616
......................................................


WIND (MPH)
  RESULTANT WIND SPEED   6   RESULTANT WIND DIRECTION   N (0)
  HIGHEST WIND SPEED    16   HIGHEST WIND DIRECTION     N (350)
  HIGHEST GUST SPEED    22   HIGHEST GUST DIRECTION     N (350)
  AVERAGE WIND SPEED     6.8


SKY COVER
  AVERAGE SKY COVER 0.9


WEATHER CONDITIONS
 THE FOLLOWING WEATHER WAS RECORDED YESTERDAY.
  LIGHT RAIN
  FOG


RELATIVE HUMIDITY (PERCENT)
 HIGHEST    92           900 AM
 LOWEST     70           500 PM
 AVERAGE    81

..........................................................


THE JACKSON MI CLIMATE NORMALS FOR TODAY
                         NORMAL
 MAXIMUM TEMPERATURE (F)   58
 MINIMUM TEMPERATURE (F)   39


SUNRISE AND SUNSET
OCTOBER 22 2014.......SUNRISE   759 AM EDT   SUNSET   645 PM EDT
OCTOBER 23 2014.......SUNRISE   800 AM EDT   SUNSET   644 PM EDT


-  INDICATES NEGATIVE NUMBERS.
R  INDICATES RECORD WAS SET OR TIED.
MM INDICATES DATA IS MISSING.
T  INDICATES TRACE AMOUNT.




$$
