000
CDUS43 KGRR 310517
CLIJXN


CLIMATE REPORT
NATIONAL WEATHER SERVICE GRAND RAPIDS, MI
117 AM EDT FRI JUL 31 2015


...................................

...THE JACKSON MI CLIMATE SUMMARY FOR JULY 30 2015...

CLIMATE NORMAL PERIOD 1981 TO 2010
CLIMATE RECORD PERIOD 1944 TO 9999


WEATHER ITEM   OBSERVED TIME   NORMAL DEPARTURE LAST
                VALUE   (LST)  VALUE  FROM      YEAR
                                      NORMAL
......................................................
TEMPERATURE (F)
 YESTERDAY
  MAXIMUM         82    410 PM  81      1       75
  MINIMUM         60    535 AM  60      0       53
  AVERAGE         71            71      0       64

PRECIPITATION (IN)
  YESTERDAY        0.00          0.13  -0.13      T
  MONTH TO DATE    2.60          3.46  -0.86     3.14
  SINCE JUN 1      9.83          6.73   3.10     7.90
  SINCE JAN 1     20.46         17.33   3.13    20.23

DEGREE DAYS
 HEATING
  YESTERDAY        0             0      0        1
  MONTH TO DATE   13             1     12       30
  SINCE JUN 1     45            56    -11       61
  SINCE JUL 1     13             1     12       30

 COOLING
  YESTERDAY        6             6      0        0
  MONTH TO DATE  146           198    -52       98
  SINCE JUN 1    232           324    -92      239
  SINCE JAN 1    287           361    -74      273
......................................................


WIND (MPH)
  RESULTANT WIND SPEED   9   RESULTANT WIND DIRECTION   W (270)
  HIGHEST WIND SPEED    20   HIGHEST WIND DIRECTION     W (290)
  HIGHEST GUST SPEED    26   HIGHEST GUST DIRECTION     W (280)
  AVERAGE WIND SPEED     9.2


SKY COVER
  AVERAGE SKY COVER 0.0


WEATHER CONDITIONS
 THE FOLLOWING WEATHER WAS RECORDED YESTERDAY.
  NO SIGNIFICANT WEATHER WAS OBSERVED.


RELATIVE HUMIDITY (PERCENT)
 HIGHEST    90           500 AM
 LOWEST     42           100 PM
 AVERAGE    66

..........................................................


THE JACKSON MI CLIMATE NORMALS FOR TODAY
                         NORMAL
 MAXIMUM TEMPERATURE (F)   81
 MINIMUM TEMPERATURE (F)   60


SUNRISE AND SUNSET
JULY 31 2015..........SUNRISE   629 AM EDT   SUNSET   859 PM EDT
AUGUST  1 2015........SUNRISE   630 AM EDT   SUNSET   857 PM EDT


-  INDICATES NEGATIVE NUMBERS.
R  INDICATES RECORD WAS SET OR TIED.
MM INDICATES DATA IS MISSING.
T  INDICATES TRACE AMOUNT.




$$
