000
CDUS43 KGRR 070514
CLIJXN


CLIMATE REPORT
NATIONAL WEATHER SERVICE GRAND RAPIDS, MI
113 AM EDT TUE JUL 7 2015


...................................

...THE JACKSON MI CLIMATE SUMMARY FOR JULY 6 2015...

CLIMATE NORMAL PERIOD 1981 TO 2010
CLIMATE RECORD PERIOD 1944 TO 9999


WEATHER ITEM   OBSERVED TIME   NORMAL DEPARTURE LAST
                VALUE   (LST)  VALUE  FROM      YEAR
                                      NORMAL
......................................................
TEMPERATURE (F)
 YESTERDAY
  MAXIMUM         83    349 PM  82      1       81
  MINIMUM         57    502 AM  60     -3       60
  AVERAGE         70            71     -1       71

PRECIPITATION (IN)
  YESTERDAY        0.00          0.11  -0.11     0.00
  MONTH TO DATE    0.01          0.65  -0.64     0.82
  SINCE JUN 1      7.24          3.92   3.32     5.58
  SINCE JAN 1     17.87         14.52   3.35    17.91

DEGREE DAYS
 HEATING
  YESTERDAY        0             0      0        0
  MONTH TO DATE    6             1      5        6
  SINCE JUN 1     38            56    -18       37
  SINCE JUL 1      6             1      5        6

 COOLING
  YESTERDAY        5             7     -2        6
  MONTH TO DATE    9            40    -31       17
  SINCE JUN 1     95           166    -71      158
  SINCE JAN 1    150           203    -53      192
......................................................


WIND (MPH)
  RESULTANT WIND SPEED   6   RESULTANT WIND DIRECTION   S (200)
  HIGHEST WIND SPEED    14   HIGHEST WIND DIRECTION     S (190)
  HIGHEST GUST SPEED    20   HIGHEST GUST DIRECTION     S (170)
  AVERAGE WIND SPEED     6.7


SKY COVER
  AVERAGE SKY COVER 0.0


WEATHER CONDITIONS
 THE FOLLOWING WEATHER WAS RECORDED YESTERDAY.
  FOG


RELATIVE HUMIDITY (PERCENT)
 HIGHEST    93           500 AM
 LOWEST     55           100 PM
 AVERAGE    74

..........................................................


THE JACKSON MI CLIMATE NORMALS FOR TODAY
                         NORMAL
 MAXIMUM TEMPERATURE (F)   83
 MINIMUM TEMPERATURE (F)   60


SUNRISE AND SUNSET
JULY  7 2015..........SUNRISE   609 AM EDT   SUNSET   917 PM EDT
JULY  8 2015..........SUNRISE   609 AM EDT   SUNSET   916 PM EDT


-  INDICATES NEGATIVE NUMBERS.
R  INDICATES RECORD WAS SET OR TIED.
MM INDICATES DATA IS MISSING.
T  INDICATES TRACE AMOUNT.




$$
