000
CDUS43 KGRR 252229
CLIJXN


CLIMATE REPORT
NATIONAL WEATHER SERVICE GRAND RAPIDS, MI
529 PM EST SUN JAN 25 2015


...................................

...THE JACKSON MI CLIMATE SUMMARY FOR JANUARY 25 2015...
VALID TODAY AS OF 0500 PM LOCAL TIME.

CLIMATE NORMAL PERIOD 1981 TO 2010
CLIMATE RECORD PERIOD 1944 TO 9999


WEATHER ITEM   OBSERVED TIME   RECORD YEAR NORMAL DEPARTURE LAST
                VALUE   (LST)  VALUE       VALUE  FROM      YEAR
                                                  NORMAL
..................................................................
TEMPERATURE (F)
 TODAY
  MAXIMUM         34    422 AM  MM      MM  31      3       27
  MINIMUM         24    321 PM  MM      MM  16      8        4
  AVERAGE         29                        23      6       16

PRECIPITATION (IN)
  TODAY            T            MM      MM   0.04  -0.04     0.04
  MONTH TO DATE    0.98                      1.26  -0.28     1.80
  SINCE DEC 1      2.38                      3.13  -0.75     3.72
  SINCE JAN 1      0.98                      1.26  -0.28     1.80

DEGREE DAYS
 HEATING
  TODAY           36                        42     -6       49
  MONTH TO DATE 1103                      1039     64     1227
  SINCE DEC 1   2122                      2183    -61     2436
  SINCE JUL 1   3733                      3587    146     3907

 COOLING
  TODAY            0                         0      0        0
  MONTH TO DATE    0                         0      0        0
  SINCE DEC 1      0                         0      0        0
  SINCE JAN 1      0                         0      0        0
..................................................................


WIND (MPH)
  RESULTANT WIND SPEED   7   RESULTANT WIND DIRECTION  NE (40)
  HIGHEST WIND SPEED    15   HIGHEST WIND DIRECTION     E (70)
  HIGHEST GUST SPEED    22   HIGHEST GUST DIRECTION    NE (30)
  AVERAGE WIND SPEED     7.7



WEATHER CONDITIONS
 THE FOLLOWING WEATHER WAS RECORDED TODAY.
  LIGHT SNOW
  FOG


RELATIVE HUMIDITY (PERCENT)
 HIGHEST    96           300 AM
 LOWEST     62           200 PM
 AVERAGE    79

..........................................................




SUNRISE AND SUNSET
JANUARY 25 2015.......SUNRISE   758 AM EST   SUNSET   543 PM EST
JANUARY 26 2015.......SUNRISE   757 AM EST   SUNSET   544 PM EST


-  INDICATES NEGATIVE NUMBERS.
R  INDICATES RECORD WAS SET OR TIED.
MM INDICATES DATA IS MISSING.
T  INDICATES TRACE AMOUNT.




$$
