803
CDUS43 KGRR 302138
CLIJXN


CLIMATE REPORT
NATIONAL WEATHER SERVICE GRAND RAPIDS, MI
538 PM EDT FRI SEP 30 2016


...................................

...THE JACKSON MI CLIMATE SUMMARY FOR SEPTEMBER 30 2016...
VALID TODAY AS OF 0500 PM LOCAL TIME.

CLIMATE NORMAL PERIOD 1981 TO 2010
CLIMATE RECORD PERIOD 1944 TO 9999


WEATHER ITEM   OBSERVED TIME   NORMAL DEPARTURE LAST
                VALUE   (LST)  VALUE  FROM      YEAR
                                      NORMAL
......................................................
TEMPERATURE (F)
 TODAY
  MAXIMUM         61    336 PM  67     -6       63
  MINIMUM         59    730 AM  45     14       43
  AVERAGE         60            56      4       53

PRECIPITATION (IN)
  TODAY            0.08          0.11  -0.03     0.00
  MONTH TO DATE    3.37          3.48  -0.11     0.84
  SINCE SEP 1      3.37          3.48  -0.11     0.84
  SINCE JAN 1     29.68         24.40   5.28    24.53

DEGREE DAYS
 HEATING
  TODAY            5            10     -5       12
  MONTH TO DATE   44           155   -111       83
  SINCE SEP 1     44           153   -109       83
  SINCE JUL 1     48           188   -140      121

 COOLING
  TODAY            0             1     -1        0
  MONTH TO DATE   87            57     30      113
  SINCE SEP 1     87            57     30      113
  SINCE JAN 1    815           586    229      539
......................................................


WIND (MPH)
  RESULTANT WIND SPEED  10   RESULTANT WIND DIRECTION  NE (50)
  HIGHEST WIND SPEED    17   HIGHEST WIND DIRECTION    NE (40)
  HIGHEST GUST SPEED    23   HIGHEST GUST DIRECTION    NE (30)
  AVERAGE WIND SPEED    10.4


SKY COVER
  AVERAGE SKY COVER 1.0


WEATHER CONDITIONS
 THE FOLLOWING WEATHER WAS RECORDED TODAY.
  LIGHT RAIN


RELATIVE HUMIDITY (PERCENT)
 HIGHEST   100          1200 AM
 LOWEST     97           300 PM
 AVERAGE    99

..........................................................


THE JACKSON MI CLIMATE NORMALS FOR TOMORROW
                         NORMAL
 MAXIMUM TEMPERATURE (F)   66
 MINIMUM TEMPERATURE (F)   45


SUNRISE AND SUNSET
SEPTEMBER 30 2016.....SUNRISE   734 AM EDT   SUNSET   720 PM EDT
OCTOBER  1 2016.......SUNRISE   735 AM EDT   SUNSET   718 PM EDT


-  INDICATES NEGATIVE NUMBERS.
R  INDICATES RECORD WAS SET OR TIED.
MM INDICATES DATA IS MISSING.
T  INDICATES TRACE AMOUNT.




$$
