000
CDUS43 KGRR 211336
CLIJXN


CLIMATE REPORT
NATIONAL WEATHER SERVICE GRAND RAPIDS, MI
935 AM EDT MON APR 21 2014


...................................

...THE JACKSON MI CLIMATE SUMMARY FOR APRIL 21 2014...
VALID AS OF 0900 AM LOCAL TIME.

CLIMATE NORMAL PERIOD 1981 TO 2010
CLIMATE RECORD PERIOD 9999 TO 9999


WEATHER ITEM   OBSERVED TIME   RECORD YEAR NORMAL DEPARTURE LAST
                VALUE   (LST)  VALUE       VALUE  FROM      YEAR
                                                  NORMAL
..................................................................
TEMPERATURE (F)
 TODAY
  MAXIMUM         62    759 AM  MM      MM  61      1       48
  MINIMUM         45    534 AM  MM      MM  39      6       22
  AVERAGE         54                        50      4       35

PRECIPITATION (IN)
  TODAY            0.00         MM      MM   0.09  -0.09     0.00
  MONTH TO DATE    1.50                      1.82  -0.32     4.75
  SINCE MAR 1      3.41                      3.72  -0.31     5.39
  SINCE JAN 1      7.69                      6.50   1.19     9.74

DEGREE DAYS
 HEATING
  TODAY           11                        15     -4       30
  MONTH TO DATE  399                       398      1      473
  SINCE MAR 1   1574                      1308    266     1508

 COOLING
  TODAY            0                         0      0        0
  MONTH TO DATE    0                         0      0        0
  SINCE MAR 1      0                         0      0        0
..................................................................


WIND (MPH)
  HIGHEST WIND SPEED     7   HIGHEST WIND DIRECTION    SW (220)
  HIGHEST GUST SPEED     9   HIGHEST GUST DIRECTION    SW (220)



WEATHER CONDITIONS
 THE FOLLOWING WEATHER WAS RECORDED TODAY.
  NO SIGNIFICANT WEATHER WAS OBSERVED.


..........................................................




SUNRISE AND SUNSET
APRIL 21 2014.........SUNRISE   648 AM EDT   SUNSET   826 PM EDT
APRIL 22 2014.........SUNRISE   646 AM EDT   SUNSET   827 PM EDT


-  INDICATES NEGATIVE NUMBERS.
R  INDICATES RECORD WAS SET OR TIED.
MM INDICATES DATA IS MISSING.
T  INDICATES TRACE AMOUNT.




$$

JAM
