000
CDUS43 KGRR 270517
CLIJXN


CLIMATE REPORT
NATIONAL WEATHER SERVICE GRAND RAPIDS, MI
1216 AM EST FRI FEB 27 2015


...................................

...THE JACKSON MI CLIMATE SUMMARY FOR FEBRUARY 26 2015...

CLIMATE NORMAL PERIOD 1981 TO 2010
CLIMATE RECORD PERIOD 1944 TO 9999


WEATHER ITEM   OBSERVED TIME   NORMAL DEPARTURE LAST
                VALUE   (LST)  VALUE  FROM      YEAR
                                      NORMAL
......................................................
TEMPERATURE (F)
 YESTERDAY
  MAXIMUM         14    347 PM  38    -24       14
  MINIMUM         -5   1159 PM  21    -26        2
  AVERAGE          5            29    -24        8

PRECIPITATION (IN)
  YESTERDAY        0.01          0.05  -0.04      T
  MONTH TO DATE    1.01          1.18  -0.17     2.38
  SINCE DEC 1      3.48          4.54  -1.06     6.20
  SINCE JAN 1      2.08          2.67  -0.59     4.28

DEGREE DAYS
 HEATING
  YESTERDAY       60            36     24       57
  MONTH TO DATE 1378          1012    366     1214
  SINCE DEC 1   3769          3439    330     3970
  SINCE JUL 1   5380          4843    537     5441

 COOLING
  YESTERDAY        0             0      0        0
  MONTH TO DATE    0             0      0        0
  SINCE DEC 1      0             0      0        0
  SINCE JAN 1      0             0      0        0
......................................................


WIND (MPH)
  RESULTANT WIND SPEED   5   RESULTANT WIND DIRECTION   N (10)
  HIGHEST WIND SPEED    14   HIGHEST WIND DIRECTION     N (360)
  HIGHEST GUST SPEED    17   HIGHEST GUST DIRECTION     N (360)
  AVERAGE WIND SPEED     6.6


SKY COVER
  AVERAGE SKY COVER 0.7


WEATHER CONDITIONS
 THE FOLLOWING WEATHER WAS RECORDED YESTERDAY.
  LIGHT SNOW
  FOG
  HAZE


RELATIVE HUMIDITY (PERCENT)
 HIGHEST    83           400 AM
 LOWEST     58           300 PM
 AVERAGE    71

..........................................................


THE JACKSON MI CLIMATE NORMALS FOR TODAY
                         NORMAL
 MAXIMUM TEMPERATURE (F)   38
 MINIMUM TEMPERATURE (F)   21


SUNRISE AND SUNSET
FEBRUARY 27 2015......SUNRISE   717 AM EST   SUNSET   625 PM EST
FEBRUARY 28 2015......SUNRISE   715 AM EST   SUNSET   626 PM EST


-  INDICATES NEGATIVE NUMBERS.
R  INDICATES RECORD WAS SET OR TIED.
MM INDICATES DATA IS MISSING.
T  INDICATES TRACE AMOUNT.




$$
