000
CDUS43 KGRR 030514
CLIJXN


CLIMATE REPORT
NATIONAL WEATHER SERVICE GRAND RAPIDS, MI
113 AM EDT THU SEP 3 2015


...................................

...THE JACKSON MI CLIMATE SUMMARY FOR SEPTEMBER 2 2015...

CLIMATE NORMAL PERIOD 1981 TO 2010
CLIMATE RECORD PERIOD 1944 TO 9999


WEATHER ITEM   OBSERVED TIME   NORMAL DEPARTURE LAST
                VALUE   (LST)  VALUE  FROM      YEAR
                                      NORMAL
......................................................
TEMPERATURE (F)
 YESTERDAY
  MAXIMUM         87    341 PM  78      9       78
  MINIMUM         68    402 AM  56     12       60
  AVERAGE         78            67     11       69

PRECIPITATION (IN)
  YESTERDAY        T             0.12  -0.12     0.00
  MONTH TO DATE    T             0.24  -0.24     0.04
  SINCE SEP 1      T             0.24  -0.24     0.04
  SINCE JAN 1     23.69         21.16   2.53    23.05

DEGREE DAYS
 HEATING
  YESTERDAY        0             2     -2        0
  MONTH TO DATE    0             4     -4        0
  SINCE SEP 1      0             4     -4        0
  SINCE JUL 1     38            39     -1       42

 COOLING
  YESTERDAY       13             4      9        4
  MONTH TO DATE   22             8     14       15
  SINCE SEP 1     22             8     14       15
  SINCE JAN 1    448           537    -89      461
......................................................


WIND (MPH)
  RESULTANT WIND SPEED   4   RESULTANT WIND DIRECTION   W (250)
  HIGHEST WIND SPEED    14   HIGHEST WIND DIRECTION    NW (310)
  HIGHEST GUST SPEED    20   HIGHEST GUST DIRECTION    SW (240)
  AVERAGE WIND SPEED     5.2


SKY COVER
  AVERAGE SKY COVER 0.2


WEATHER CONDITIONS
 THE FOLLOWING WEATHER WAS RECORDED YESTERDAY.
  LIGHT RAIN
  FOG
  HAZE


RELATIVE HUMIDITY (PERCENT)
 HIGHEST   100          1100 PM
 LOWEST     57           400 PM
 AVERAGE    79

..........................................................


THE JACKSON MI CLIMATE NORMALS FOR TODAY
                         NORMAL
 MAXIMUM TEMPERATURE (F)   77
 MINIMUM TEMPERATURE (F)   56


SUNRISE AND SUNSET
SEPTEMBER  3 2015.....SUNRISE   705 AM EDT   SUNSET   809 PM EDT
SEPTEMBER  4 2015.....SUNRISE   706 AM EDT   SUNSET   807 PM EDT


-  INDICATES NEGATIVE NUMBERS.
R  INDICATES RECORD WAS SET OR TIED.
MM INDICATES DATA IS MISSING.
T  INDICATES TRACE AMOUNT.




$$
