807
CDUS43 KIND 232131
CLILAF


CLIMATE REPORT
NATIONAL WEATHER SERVICE INDIANAPOLIS IN
431 PM EST THU NOV 23 2017


...................................

...THE LAFAYETTE IN CLIMATE SUMMARY FOR NOVEMBER 23 2017...
VALID TODAY AS OF 0400 PM LOCAL TIME.

CLIMATE NORMAL PERIOD 1981 TO 2010
CLIMATE RECORD PERIOD 9999 TO 9999


WEATHER ITEM   OBSERVED TIME   NORMAL DEPARTURE LAST
                VALUE   (LST)  VALUE  FROM      YEAR
                                      NORMAL
......................................................
TEMPERATURE (F)
 TODAY
  MAXIMUM         45    359 PM  47     -2       46
  MINIMUM         26   1241 AM  32     -6       37
  AVERAGE         36            39     -3       42

PRECIPITATION (IN)
  TODAY            0.00          0.10  -0.10     0.97
  MONTH TO DATE    2.86          2.26   0.60     2.19
  SINCE SEP 1      6.22          7.81  -1.59     6.23
  SINCE JAN 1     42.61         33.36   9.25    33.57

......................................................


WIND (MPH)
  HIGHEST WIND SPEED    14   HIGHEST WIND DIRECTION    SW (220)
  HIGHEST GUST SPEED    19   HIGHEST GUST DIRECTION     S (200)
  AVERAGE WIND SPEED     5.0


SKY COVER
  AVERAGE SKY COVER 0.6


WEATHER CONDITIONS
 THE FOLLOWING WEATHER WAS RECORDED TODAY.
  NO SIGNIFICANT WEATHER WAS OBSERVED.


RELATIVE HUMIDITY (PERCENT)
 HIGHEST    92          1200 AM
 LOWEST     41           300 PM

..........................................................


THE LAFAYETTE IN CLIMATE NORMALS FOR TOMORROW
                         NORMAL
 MAXIMUM TEMPERATURE (F)   47
 MINIMUM TEMPERATURE (F)   31


SUNRISE AND SUNSET
NOVEMBER 23 2017......SUNRISE   743 AM EST   SUNSET   525 PM EST
NOVEMBER 24 2017......SUNRISE   744 AM EST   SUNSET   524 PM EST


-  INDICATES NEGATIVE NUMBERS.
R  INDICATES RECORD WAS SET OR TIED.
MM INDICATES DATA IS MISSING.
T  INDICATES TRACE AMOUNT.




$$
