000
CDUS43 KIND 240550
CLILAF


CLIMATE REPORT
NATIONAL WEATHER SERVICE INDIANAPOLIS IN
1249 AM EST SAT FEB 24 2018


...................................

...THE LAFAYETTE IN CLIMATE SUMMARY FOR FEBRUARY 23 2018...

CLIMATE NORMAL PERIOD 1981 TO 2010
CLIMATE RECORD PERIOD 9999 TO 9999


WEATHER ITEM   OBSERVED TIME   NORMAL DEPARTURE LAST
                VALUE   (LST)  VALUE  FROM      YEAR
                                      NORMAL
......................................................
TEMPERATURE (F)
 YESTERDAY
  MAXIMUM         49   1147 AM  41      8       62
  MINIMUM         38   1159 PM  25     13       45
  AVERAGE         44            33     11       54

PRECIPITATION (IN)
  YESTERDAY        0.18          0.07   0.11     0.00
  MONTH TO DATE    4.80          1.38   3.42     0.71
  SINCE DEC 1      6.72          5.75   0.97     6.27
  SINCE JAN 1      6.01          3.24   2.77     4.71

DEGREE DAYS
 HEATING
  YESTERDAY       21            32    -11       11
  MONTH TO DATE  804           809     -5      582
  SINCE DEC 1   3284          3076    208     2733
  SINCE JUL 1   4329          4177    152     3579

 COOLING
  YESTERDAY        0             0      0        0
  MONTH TO DATE    0             0      0        0
  SINCE DEC 1      0             0      0        0
  SINCE JAN 1      0             0      0        0
......................................................


WIND (MPH)
  HIGHEST WIND SPEED    17   HIGHEST WIND DIRECTION     W (270)
  HIGHEST GUST SPEED    22   HIGHEST GUST DIRECTION     W (250)
  AVERAGE WIND SPEED     8.8


SKY COVER
  AVERAGE SKY COVER 1.0


WEATHER CONDITIONS
 THE FOLLOWING WEATHER WAS RECORDED YESTERDAY.
  LIGHT RAIN
  FOG


RELATIVE HUMIDITY (PERCENT)
 HIGHEST   100          1200 AM
 LOWEST     86           100 PM
 AVERAGE    93

..........................................................


THE LAFAYETTE IN CLIMATE NORMALS FOR TODAY
                         NORMAL
 MAXIMUM TEMPERATURE (F)   42
 MINIMUM TEMPERATURE (F)   25


SUNRISE AND SUNSET
FEBRUARY 24 2018......SUNRISE   729 AM EST   SUNSET   634 PM EST
FEBRUARY 25 2018......SUNRISE   727 AM EST   SUNSET   635 PM EST


-  INDICATES NEGATIVE NUMBERS.
R  INDICATES RECORD WAS SET OR TIED.
MM INDICATES DATA IS MISSING.
T  INDICATES TRACE AMOUNT.




$$
