000
CDUS43 KIND 310533
CLILAF


CLIMATE REPORT
NATIONAL WEATHER SERVICE INDIANAPOLIS IN
133 AM EDT THU JUL 31 2014


...................................

...THE LAFAYETTE IN CLIMATE SUMMARY FOR JULY 30 2014...

CLIMATE NORMAL PERIOD 1981 TO 2010
CLIMATE RECORD PERIOD 9999 TO 9999


WEATHER ITEM   OBSERVED TIME   NORMAL DEPARTURE LAST
                VALUE   (LST)  VALUE  FROM      YEAR
                                      NORMAL
......................................................
TEMPERATURE (F)
 YESTERDAY
  MAXIMUM         79    445 PM  84     -5       71
  MINIMUM         57    342 AM  64     -7       56
  AVERAGE         68            74     -6       64

PRECIPITATION (IN)
  YESTERDAY        T             0.11  -0.11     0.10
  MONTH TO DATE    3.99          3.86   0.13     2.53
  SINCE JUN 1      8.46          7.96   0.50     6.80
  SINCE JAN 1     21.29         21.98  -0.69    25.42

DEGREE DAYS
 HEATING
  YESTERDAY        0             0      0        1
  MONTH TO DATE   18             0     18        9
  SINCE JUN 1     24            22      2       27
  SINCE JUL 1     18             0     18        9

 COOLING
  YESTERDAY        3             9     -6        0
  MONTH TO DATE  123           290   -167      219
  SINCE JUN 1    348           507   -159      397
  SINCE JAN 1    445           584   -139      498
......................................................


WIND (MPH)
  HIGHEST WIND SPEED    15   HIGHEST WIND DIRECTION     W (290)
  HIGHEST GUST SPEED    22   HIGHEST GUST DIRECTION     W (270)
  AVERAGE WIND SPEED     4.4


SKY COVER
  AVERAGE SKY COVER 0.4


WEATHER CONDITIONS
 THE FOLLOWING WEATHER WAS RECORDED YESTERDAY.
  RAIN
  FOG
  FOG W/VISIBILITY <= 1/4 MILE


RELATIVE HUMIDITY (PERCENT)
 HIGHEST   100          1200 AM
 LOWEST     48           400 PM
 AVERAGE    74

..........................................................


THE LAFAYETTE IN CLIMATE NORMALS FOR TODAY
                         NORMAL
 MAXIMUM TEMPERATURE (F)   84
 MINIMUM TEMPERATURE (F)   64


SUNRISE AND SUNSET
JULY 31 2014..........SUNRISE   644 AM EDT   SUNSET   903 PM EDT
AUGUST  1 2014........SUNRISE   645 AM EDT   SUNSET   902 PM EDT


-  INDICATES NEGATIVE NUMBERS.
R  INDICATES RECORD WAS SET OR TIED.
MM INDICATES DATA IS MISSING.
T  INDICATES TRACE AMOUNT.




$$
