000
CDUS43 KIND 290532
CLILAF


CLIMATE REPORT
NATIONAL WEATHER SERVICE INDIANAPOLIS IN
131 AM EDT SUN MAY 29 2016


...................................

...THE LAFAYETTE IN CLIMATE SUMMARY FOR MAY 28 2016...

CLIMATE NORMAL PERIOD 1981 TO 2010
CLIMATE RECORD PERIOD 9999 TO 9999


WEATHER ITEM   OBSERVED TIME   NORMAL DEPARTURE LAST
                VALUE   (LST)  VALUE  FROM      YEAR
                                      NORMAL
......................................................
TEMPERATURE (F)
 YESTERDAY
  MAXIMUM         83    452 PM  77      6       82
  MINIMUM         68   1245 AM  55     13       51
  AVERAGE         76            66     10       67

PRECIPITATION (IN)
  YESTERDAY        0.00          0.13  -0.13     0.00
  MONTH TO DATE    1.95          3.75  -1.80     3.14
  SINCE MAR 1      9.38          9.96  -0.58     6.22
  SINCE JAN 1     12.11         13.58  -1.47     7.95

DEGREE DAYS
 HEATING
  YESTERDAY        0             3     -3        0
  MONTH TO DATE  208           153     55      109
  SINCE MAR 1   1211          1309    -98     1396
  SINCE JUL 1   5019          5643   -624     6474

 COOLING
  YESTERDAY       11             4      7        2
  MONTH TO DATE   42            54    -12       77
  SINCE MAR 1     44            67    -23       79
  SINCE JAN 1     44            67    -23       79
......................................................


WIND (MPH)
  HIGHEST WIND SPEED    22   HIGHEST WIND DIRECTION     S (200)
  HIGHEST GUST SPEED    31   HIGHEST GUST DIRECTION     S (200)
  AVERAGE WIND SPEED     9.5


SKY COVER
  AVERAGE SKY COVER 0.2


WEATHER CONDITIONS
 THE FOLLOWING WEATHER WAS RECORDED YESTERDAY.
  NO SIGNIFICANT WEATHER WAS OBSERVED.


RELATIVE HUMIDITY (PERCENT)
 HIGHEST    84          1200 AM
 LOWEST     46           400 PM
 AVERAGE    65

..........................................................


THE LAFAYETTE IN CLIMATE NORMALS FOR TODAY
                         NORMAL
 MAXIMUM TEMPERATURE (F)   77
 MINIMUM TEMPERATURE (F)   55


SUNRISE AND SUNSET
MAY 29 2016...........SUNRISE   621 AM EDT   SUNSET   910 PM EDT
MAY 30 2016...........SUNRISE   620 AM EDT   SUNSET   911 PM EDT


-  INDICATES NEGATIVE NUMBERS.
R  INDICATES RECORD WAS SET OR TIED.
MM INDICATES DATA IS MISSING.
T  INDICATES TRACE AMOUNT.




$$
