000
CDUS43 KIND 260534
CLILAF


CLIMATE REPORT
NATIONAL WEATHER SERVICE INDIANAPOLIS IN
133 AM EDT TUE JUL 26 2016


...................................

...THE LAFAYETTE IN CLIMATE SUMMARY FOR JULY 25 2016...

CLIMATE NORMAL PERIOD 1981 TO 2010
CLIMATE RECORD PERIOD 9999 TO 9999


WEATHER ITEM   OBSERVED TIME   NORMAL DEPARTURE LAST
                VALUE   (LST)  VALUE  FROM      YEAR
                                      NORMAL
......................................................
TEMPERATURE (F)
 YESTERDAY
  MAXIMUM         86    110 PM  84      2       85
  MINIMUM         68   1144 PM  64      4       64
  AVERAGE         77            74      3       75

PRECIPITATION (IN)
  YESTERDAY        0.22          0.11   0.11     0.01
  MONTH TO DATE    4.38          3.33   1.05     5.87
  SINCE JUN 1      9.91          7.43   2.48    13.53
  SINCE JAN 1     22.02         21.45   0.57    22.47

DEGREE DAYS
 HEATING
  YESTERDAY        0             0      0        0
  MONTH TO DATE   10             0     10        6
  SINCE JUN 1     20            22     -2       26
  SINCE JUL 1     10             0     10        6

 COOLING
  YESTERDAY       12             9      3       10
  MONTH TO DATE  218           245    -27      154
  SINCE JUN 1    451           462    -11      337
  SINCE JAN 1    519           539    -20      426
......................................................


WIND (MPH)
  HIGHEST WIND SPEED    14   HIGHEST WIND DIRECTION    NW (330)
  HIGHEST GUST SPEED    17   HIGHEST GUST DIRECTION    SW (220)
  AVERAGE WIND SPEED     5.1


SKY COVER
  AVERAGE SKY COVER 0.2


WEATHER CONDITIONS
 THE FOLLOWING WEATHER WAS RECORDED YESTERDAY.
  THUNDERSTORM
  RAIN
  LIGHT RAIN
  FOG


RELATIVE HUMIDITY (PERCENT)
 HIGHEST   100           200 AM
 LOWEST     65           400 PM
 AVERAGE    83

..........................................................


THE LAFAYETTE IN CLIMATE NORMALS FOR TODAY
                         NORMAL
 MAXIMUM TEMPERATURE (F)   84
 MINIMUM TEMPERATURE (F)   64


SUNRISE AND SUNSET
JULY 26 2016..........SUNRISE   640 AM EDT   SUNSET   908 PM EDT
JULY 27 2016..........SUNRISE   641 AM EDT   SUNSET   907 PM EDT


-  INDICATES NEGATIVE NUMBERS.
R  INDICATES RECORD WAS SET OR TIED.
MM INDICATES DATA IS MISSING.
T  INDICATES TRACE AMOUNT.




$$
