000
CDUS43 KIND 220534
CLILAF


CLIMATE REPORT
NATIONAL WEATHER SERVICE INDIANAPOLIS IN
1234 AM EST MON DEC 22 2014


...................................

...THE LAFAYETTE IN CLIMATE SUMMARY FOR DECEMBER 21 2014...

CLIMATE NORMAL PERIOD 1981 TO 2010
CLIMATE RECORD PERIOD 9999 TO 9999


WEATHER ITEM   OBSERVED TIME   NORMAL DEPARTURE LAST
                VALUE   (LST)  VALUE  FROM      YEAR
                                      NORMAL
......................................................
TEMPERATURE (F)
 YESTERDAY
  MAXIMUM         38    334 PM  36      2       37
  MINIMUM         25    734 AM  21      4       32
  AVERAGE         32            29      3       35

PRECIPITATION (IN)
  YESTERDAY        0.00          0.08  -0.08     1.71
  MONTH TO DATE    0.93          1.78  -0.85     2.55
  SINCE DEC 1      0.93          1.78  -0.85     2.55
  SINCE JAN 1     38.92         35.85   3.07    40.03

DEGREE DAYS
 HEATING
  YESTERDAY       33            36     -3       30
  MONTH TO DATE  687           699    -12      770
  SINCE DEC 1    687           699    -12      770
  SINCE JUL 1   2139          1800    339     1946

 COOLING
  YESTERDAY        0             0      0        0
  MONTH TO DATE    0             0      0        0
  SINCE DEC 1      0             0      0        0
  SINCE JAN 1    743           983   -240      884
......................................................


WIND (MPH)
  HIGHEST WIND SPEED    13   HIGHEST WIND DIRECTION    SE (150)
  HIGHEST GUST SPEED    16   HIGHEST GUST DIRECTION    SE (140)
  AVERAGE WIND SPEED     5.8


SKY COVER
  AVERAGE SKY COVER 0.5


WEATHER CONDITIONS
 THE FOLLOWING WEATHER WAS RECORDED YESTERDAY.
  FOG
  HAZE


RELATIVE HUMIDITY (PERCENT)
 HIGHEST    92           800 AM
 LOWEST     70          1200 PM
 AVERAGE    81

..........................................................


THE LAFAYETTE IN CLIMATE NORMALS FOR TODAY
                         NORMAL
 MAXIMUM TEMPERATURE (F)   36
 MINIMUM TEMPERATURE (F)   21


SUNRISE AND SUNSET
DECEMBER 22 2014......SUNRISE   808 AM EST   SUNSET   525 PM EST
DECEMBER 23 2014......SUNRISE   808 AM EST   SUNSET   526 PM EST


-  INDICATES NEGATIVE NUMBERS.
R  INDICATES RECORD WAS SET OR TIED.
MM INDICATES DATA IS MISSING.
T  INDICATES TRACE AMOUNT.




$$
