000
CDUS43 KIND 270530
CLILAF


CLIMATE REPORT
NATIONAL WEATHER SERVICE INDIANAPOLIS IN
1230 AM EST MON FEB 27 2017


...................................

...THE LAFAYETTE IN CLIMATE SUMMARY FOR FEBRUARY 26 2017...

CLIMATE NORMAL PERIOD 1981 TO 2010
CLIMATE RECORD PERIOD 9999 TO 9999


WEATHER ITEM   OBSERVED TIME   NORMAL DEPARTURE LAST
                VALUE   (LST)  VALUE  FROM      YEAR
                                      NORMAL
......................................................
TEMPERATURE (F)
 YESTERDAY
  MAXIMUM         47    350 PM  42      5       33
  MINIMUM         18    707 AM  25     -7       23
  AVERAGE         33            34     -1       28

PRECIPITATION (IN)
  YESTERDAY        0.00          0.08  -0.08     0.00
  MONTH TO DATE    0.74          1.61  -0.87     1.42
  SINCE DEC 1      6.30          5.98   0.32     9.26
  SINCE JAN 1      4.74          3.47   1.27     2.50

DEGREE DAYS
 HEATING
  YESTERDAY       32            31      1       37
  MONTH TO DATE  657           903   -246      894
  SINCE DEC 1   2808          3170   -362     2798
  SINCE JUL 1   3654          4271   -617     3747

 COOLING
  YESTERDAY        0             0      0        0
  MONTH TO DATE    0             0      0        0
  SINCE DEC 1      0             0      0        0
  SINCE JAN 1      0             0      0        0
......................................................


WIND (MPH)
  HIGHEST WIND SPEED    21   HIGHEST WIND DIRECTION    SW (220)
  HIGHEST GUST SPEED    30   HIGHEST GUST DIRECTION    SW (230)
  AVERAGE WIND SPEED     7.0


SKY COVER
  AVERAGE SKY COVER 0.2


WEATHER CONDITIONS
 THE FOLLOWING WEATHER WAS RECORDED YESTERDAY.
  NO SIGNIFICANT WEATHER WAS OBSERVED.


RELATIVE HUMIDITY (PERCENT)
 HIGHEST   100           500 AM
 LOWEST     31           300 PM
 AVERAGE    66

..........................................................


THE LAFAYETTE IN CLIMATE NORMALS FOR TODAY
                         NORMAL
 MAXIMUM TEMPERATURE (F)   43
 MINIMUM TEMPERATURE (F)   26


SUNRISE AND SUNSET
FEBRUARY 27 2017......SUNRISE   724 AM EST   SUNSET   637 PM EST
FEBRUARY 28 2017......SUNRISE   723 AM EST   SUNSET   638 PM EST


-  INDICATES NEGATIVE NUMBERS.
R  INDICATES RECORD WAS SET OR TIED.
MM INDICATES DATA IS MISSING.
T  INDICATES TRACE AMOUNT.




$$
