000
CDUS43 KIND 280537
CLILAF


CLIMATE REPORT
NATIONAL WEATHER SERVICE INDIANAPOLIS IN
135 AM EDT TUE JUL 28 2015


...................................

...THE LAFAYETTE IN CLIMATE SUMMARY FOR JULY 27 2015...

CLIMATE NORMAL PERIOD 1981 TO 2010
CLIMATE RECORD PERIOD 9999 TO 9999


WEATHER ITEM   OBSERVED TIME   NORMAL DEPARTURE LAST
                VALUE   (LST)  VALUE  FROM      YEAR
                                      NORMAL
......................................................
TEMPERATURE (F)
 YESTERDAY
  MAXIMUM         84    517 PM  84      0       85
  MINIMUM         67    327 AM  64      3       63
  AVERAGE         76            74      2       74

PRECIPITATION (IN)
  YESTERDAY        0.00          0.11  -0.11     0.06
  MONTH TO DATE    6.67          3.54   3.13     3.24
  SINCE JUN 1     14.33          7.64   6.69     7.71
  SINCE JAN 1     23.27         21.66   1.61    20.54

DEGREE DAYS
 HEATING
  YESTERDAY        0             0      0        0
  MONTH TO DATE    6             0      6       12
  SINCE JUN 1     26            22      4       18
  SINCE JUL 1      6             0      6       12

 COOLING
  YESTERDAY       11             9      2        9
  MONTH TO DATE  176           263    -87      120
  SINCE JUN 1    359           480   -121      345
  SINCE JAN 1    448           557   -109      442
......................................................


WIND (MPH)
  HIGHEST WIND SPEED    15   HIGHEST WIND DIRECTION     E (70)
  HIGHEST GUST SPEED    17   HIGHEST GUST DIRECTION     E (70)
  AVERAGE WIND SPEED     5.3


SKY COVER
  AVERAGE SKY COVER 0.5


WEATHER CONDITIONS
 THE FOLLOWING WEATHER WAS RECORDED YESTERDAY.
  FOG


RELATIVE HUMIDITY (PERCENT)
 HIGHEST   100           300 AM
 LOWEST     69           200 PM
 AVERAGE    85

..........................................................


THE LAFAYETTE IN CLIMATE NORMALS FOR TODAY
                         NORMAL
 MAXIMUM TEMPERATURE (F)   84
 MINIMUM TEMPERATURE (F)   64


SUNRISE AND SUNSET
JULY 28 2015..........SUNRISE   641 AM EDT   SUNSET   907 PM EDT
JULY 29 2015..........SUNRISE   642 AM EDT   SUNSET   906 PM EDT


-  INDICATES NEGATIVE NUMBERS.
R  INDICATES RECORD WAS SET OR TIED.
MM INDICATES DATA IS MISSING.
T  INDICATES TRACE AMOUNT.




$$
