000
CDUS43 KGRR 270513
CLILAN


CLIMATE REPORT
NATIONAL WEATHER SERVICE GRAND RAPIDS, MI
1213 AM EST TUE JAN 27 2015


...................................

...THE LANSING MI CLIMATE SUMMARY FOR JANUARY 26 2015...

CLIMATE NORMAL PERIOD 1981 TO 2010
CLIMATE RECORD PERIOD 1864 TO 2015


WEATHER ITEM   OBSERVED TIME   RECORD YEAR NORMAL DEPARTURE LAST
                VALUE   (LST)  VALUE       VALUE  FROM      YEAR
                                                  NORMAL
..................................................................
TEMPERATURE (F)
 YESTERDAY
  MAXIMUM         26    345 PM  63    1944  30     -4       25
  MINIMUM          8    818 AM -14    1885  16     -8        2
  AVERAGE         17                        23     -6       14

PRECIPITATION (IN)
  YESTERDAY        0.00          1.30 1978   0.04  -0.04     0.23
  MONTH TO DATE    1.30                      1.42  -0.12     2.09
  SINCE DEC 1      2.86                      3.29  -0.43     3.97
  SINCE JAN 1      1.30                      1.42  -0.12     2.09

SNOWFALL (IN)
  YESTERDAY        0.0          15.4  1967   0.4   -0.4      3.6
  MONTH TO DATE   10.7                      11.6   -0.9     22.4
  SINCE DEC 1     12.2                      24.6  -12.4     38.2
  SINCE JUL 1     18.4                      28.4  -10.0     38.9
  SNOW DEPTH       3

DEGREE DAYS
 HEATING
  YESTERDAY       48                        42      6       51
  MONTH TO DATE 1166                      1083     83     1263
  SINCE DEC 1   2195                      2221    -26     2480
  SINCE JUL 1   3791                      3635    156     3926

 COOLING
  YESTERDAY        0                         0      0        0
  MONTH TO DATE    0                         0      0        0
  SINCE DEC 1      0                         0      0        0
  SINCE JAN 1      0                         0      0        0
..................................................................


WIND (MPH)
  RESULTANT WIND SPEED   5   RESULTANT WIND DIRECTION  NE (40)
  HIGHEST WIND SPEED    10   HIGHEST WIND DIRECTION    NE (30)
  HIGHEST GUST SPEED    14   HIGHEST GUST DIRECTION    NE (40)
  AVERAGE WIND SPEED     5.2


SKY COVER
  AVERAGE SKY COVER 0.2


WEATHER CONDITIONS
 THE FOLLOWING WEATHER WAS RECORDED YESTERDAY.
  FOG
  HAZE


RELATIVE HUMIDITY (PERCENT)
 HIGHEST    92           400 AM
 LOWEST     46           300 PM
 AVERAGE    69

..........................................................


THE LANSING MI CLIMATE NORMALS FOR TODAY
                         NORMAL    RECORD    YEAR
 MAXIMUM TEMPERATURE (F)   30        61      1916
 MINIMUM TEMPERATURE (F)   17       -22      1885


SUNRISE AND SUNSET
JANUARY 27 2015.......SUNRISE   758 AM EST   SUNSET   545 PM EST
JANUARY 28 2015.......SUNRISE   757 AM EST   SUNSET   546 PM EST


-  INDICATES NEGATIVE NUMBERS.
R  INDICATES RECORD WAS SET OR TIED.
MM INDICATES DATA IS MISSING.
T  INDICATES TRACE AMOUNT.




$$
