000
CDUS45 KCYS 232138
CLILAR


CLIMATE REPORT
NATIONAL WEATHER SERVICE CHEYENNE WY
338 PM MDT TUE AUG 23 2016


...................................

...THE LARAMIE WY AIRPORT CLIMATE SUMMARY FOR AUGUST 23 2016...
VALID AS OF 0300 PM LOCAL TIME.

CLIMATE NORMAL PERIOD 1981 TO 2010
CLIMATE RECORD PERIOD 1948 TO 2016


WEATHER ITEM   OBSERVED TIME   RECORD YEAR NORMAL DEPARTURE LAST
                VALUE   (LST)  VALUE       VALUE  FROM      YEAR
                                                  NORMAL
..................................................................
TEMPERATURE (F)
 TODAY
  MAXIMUM         77    225 PM  87    2006  77      0       79
  MINIMUM         46    226 AM  35    1954  46      0       38
  AVERAGE         62                        61      1       59

PRECIPITATION (IN)
  TODAY            0.00          0.41 1951   0.03  -0.03     0.00
  MONTH TO DATE    0.66                      0.95  -0.29     1.03
  SINCE JAN 1      9.68                      7.87   1.81     9.59

DEGREE DAYS
 HEATING
  TODAY            3                         4     -1        6
  MONTH TO DATE   70                        62      8       57
  SINCE JUN 1    216                       372   -156      255
  SINCE JUL 1    109                       131    -22      135

 COOLING
  TODAY            0                         0      0        0
  MONTH TO DATE   20                        17      3       25
  SINCE JUN 1    115                        64     51       59
  SINCE JAN 1    115                        64     51       59
..................................................................


WIND (MPH)
  HIGHEST WIND SPEED    26   HIGHEST WIND DIRECTION     W (280)
  HIGHEST GUST SPEED    37   HIGHEST GUST DIRECTION     W (290)
  AVERAGE WIND SPEED    12.2


SKY COVER
  AVERAGE SKY COVER 0.0


WEATHER CONDITIONS
 THE FOLLOWING WEATHER WAS RECORDED TODAY.
  NO SIGNIFICANT WEATHER WAS OBSERVED.


RELATIVE HUMIDITY (PERCENT)
 HIGHEST    66           300 AM
 LOWEST     10          1000 AM
 AVERAGE    38

..........................................................


THE LARAMIE WY AIRPORT CLIMATE NORMALS FOR TOMORROW
                         NORMAL    RECORD    YEAR
 MAXIMUM TEMPERATURE (F)   77        89      2011
 MINIMUM TEMPERATURE (F)   45        32      1962


SUNRISE AND SUNSET
AUGUST 23 2016........SUNRISE   621 AM MDT   SUNSET   749 PM MDT
AUGUST 24 2016........SUNRISE   622 AM MDT   SUNSET   747 PM MDT


-  INDICATES NEGATIVE NUMBERS.
R  INDICATES RECORD WAS SET OR TIED.
MM INDICATES DATA IS MISSING.
T  INDICATES TRACE AMOUNT.




$$
