000
CDUS45 KCYS 080734
CLILAR


CLIMATE REPORT
NATIONAL WEATHER SERVICE CHEYENNE WY
1234 AM MST MON FEB 8 2016


...................................

...THE LARAMIE WY AIRPORT CLIMATE SUMMARY FOR FEBRUARY 7 2016...

CLIMATE NORMAL PERIOD 1981 TO 2010
CLIMATE RECORD PERIOD 1948 TO 2016


WEATHER ITEM   OBSERVED TIME   RECORD YEAR NORMAL DEPARTURE LAST
                VALUE   (LST)  VALUE       VALUE  FROM      YEAR
                                                  NORMAL
..................................................................
TEMPERATURE (F)
 YESTERDAY
  MAXIMUM         31    319 PM  59    1987  34     -3       57
  MINIMUM         14   1003 PM -27    2003  10      4       40
  AVERAGE         23                        22      1       49

PRECIPITATION (IN)
  YESTERDAY        0.00          0.16 1965   0.01  -0.01     0.00
  MONTH TO DATE    0.01                      0.08  -0.07     0.27
  SINCE JAN 1      0.32                      0.35  -0.03     0.39

DEGREE DAYS
 HEATING
  YESTERDAY       42                        43     -1       16
  MONTH TO DATE  282                       301    -19      197
  SINCE DEC 1   3129                      3004    125     2695
  SINCE JUL 1   5053                      5316   -263     4823

 COOLING
  YESTERDAY        0                         0      0        0
  MONTH TO DATE    0                         0      0        0
  SINCE DEC 1      0                         0      0        0
  SINCE JAN 1      0                         0      0        0
..................................................................


WIND (MPH)
  HIGHEST WIND SPEED    33   HIGHEST WIND DIRECTION     W (270)
  HIGHEST GUST SPEED    42   HIGHEST GUST DIRECTION     W (270)
  AVERAGE WIND SPEED    17.5


SKY COVER
  AVERAGE SKY COVER 0.1


WEATHER CONDITIONS
 THE FOLLOWING WEATHER WAS RECORDED YESTERDAY.
  NO SIGNIFICANT WEATHER WAS OBSERVED.


RELATIVE HUMIDITY (PERCENT)
 HIGHEST    88          1000 PM
 LOWEST     58          1200 AM
 AVERAGE    73

..........................................................


THE LARAMIE WY AIRPORT CLIMATE NORMALS FOR TODAY
                         NORMAL    RECORD    YEAR
 MAXIMUM TEMPERATURE (F)   34        63      1954
 MINIMUM TEMPERATURE (F)   11       -31      1989


SUNRISE AND SUNSET
FEBRUARY  8 2016......SUNRISE   707 AM MST   SUNSET   527 PM MST
FEBRUARY  9 2016......SUNRISE   706 AM MST   SUNSET   529 PM MST


-  INDICATES NEGATIVE NUMBERS.
R  INDICATES RECORD WAS SET OR TIED.
MM INDICATES DATA IS MISSING.
T  INDICATES TRACE AMOUNT.




$$
