000
CDUS45 KCYS 270326
CLILAR


CLIMATE REPORT
NATIONAL WEATHER SERVICE CHEYENNE WY
926 PM MDT TUE JUL 26 2016


...................................

...THE LARAMIE WY AIRPORT CLIMATE SUMMARY FOR JULY 26 2016...
VALID TODAY AS OF 0900 PM LOCAL TIME.

CLIMATE NORMAL PERIOD 1981 TO 2010
CLIMATE RECORD PERIOD 1948 TO 2016


WEATHER ITEM   OBSERVED TIME   RECORD YEAR NORMAL DEPARTURE LAST
                VALUE   (LST)  VALUE       VALUE  FROM      YEAR
                                                  NORMAL
..................................................................
TEMPERATURE (F)
 TODAY
  MAXIMUM         89R   220 PM  89    2010  81      8       86
                                      1964
  MINIMUM         52    511 AM  41    1993  49      3       45
  AVERAGE         71                        65      6       66

PRECIPITATION (IN)
  TODAY            0.00          0.74 2007   0.05  -0.05     0.00
  MONTH TO DATE    0.40                      1.18  -0.78     2.37
  SINCE JAN 1      9.02                      6.67   2.35     8.54

DEGREE DAYS
 HEATING
  TODAY            0                         2     -2        0
  MONTH TO DATE   39                        62    -23       64
  SINCE JUN 1    146                       303   -157      184
  SINCE JUL 1     39                        62    -23       64

 COOLING
  TODAY            6                         1      5        1
  MONTH TO DATE   62                        32     30       17
  SINCE JUN 1     83                        39     44       31
  SINCE JAN 1     83                        39     44       31
..................................................................


WIND (MPH)
  HIGHEST WIND SPEED    26   HIGHEST WIND DIRECTION     W (250)
  HIGHEST GUST SPEED    42   HIGHEST GUST DIRECTION    SW (230)
  AVERAGE WIND SPEED    10.0


SKY COVER
  AVERAGE SKY COVER 0.0


WEATHER CONDITIONS
 THE FOLLOWING WEATHER WAS RECORDED TODAY.
  NO SIGNIFICANT WEATHER WAS OBSERVED.


RELATIVE HUMIDITY (PERCENT)
 HIGHEST    67           100 AM
 LOWEST      6           100 PM
 AVERAGE    37

..........................................................


THE LARAMIE WY AIRPORT CLIMATE NORMALS FOR TOMORROW
                         NORMAL    RECORD    YEAR
 MAXIMUM TEMPERATURE (F)   81        91      1978
 MINIMUM TEMPERATURE (F)   49        41      1981


SUNRISE AND SUNSET
JULY 26 2016..........SUNRISE   553 AM MDT   SUNSET   825 PM MDT
JULY 27 2016..........SUNRISE   554 AM MDT   SUNSET   824 PM MDT


-  INDICATES NEGATIVE NUMBERS.
R  INDICATES RECORD WAS SET OR TIED.
MM INDICATES DATA IS MISSING.
T  INDICATES TRACE AMOUNT.




$$
