000
CDUS45 KCYS 260728
CLILAR


CLIMATE REPORT
NATIONAL WEATHER SERVICE CHEYENNE WY
1227 AM MST FRI DEC 26 2014


...................................

...THE LARAMIE WY AIRPORT CLIMATE SUMMARY FOR DECEMBER 25 2014...

CLIMATE NORMAL PERIOD 1981 TO 2010
CLIMATE RECORD PERIOD 1948 TO 2014


WEATHER ITEM   OBSERVED TIME   RECORD YEAR NORMAL DEPARTURE LAST
                VALUE   (LST)  VALUE       VALUE  FROM      YEAR
                                                  NORMAL
..................................................................
TEMPERATURE (F)
 YESTERDAY
  MAXIMUM         33    727 AM  52    2005  32      1       32
  MINIMUM         11   1159 PM -30    1987  10      1       10
  AVERAGE         22                        21      1       21

PRECIPITATION (IN)
  YESTERDAY        0.09          0.15 1973   0.00   0.09     0.00
  MONTH TO DATE    0.13                      0.26  -0.13     0.62
  SINCE JAN 1     13.83                     10.86   2.97    12.54

DEGREE DAYS
 HEATING
  YESTERDAY       43                        44     -1       44
  MONTH TO DATE  909                      1092   -183     1167
  SINCE DEC 1    909                      1092   -183     1167
  SINCE JUL 1   3037                      3404   -367     3289

 COOLING
  YESTERDAY        0                         0      0        0
  MONTH TO DATE    0                         0      0        0
  SINCE DEC 1      0                         0      0        0
  SINCE JAN 1     67                        67      0      162
..................................................................


WIND (MPH)
  HIGHEST WIND SPEED    30   HIGHEST WIND DIRECTION    SW (220)
  HIGHEST GUST SPEED    35   HIGHEST GUST DIRECTION    SW (220)
  AVERAGE WIND SPEED    13.4


SKY COVER
  AVERAGE SKY COVER 0.7


WEATHER CONDITIONS
 THE FOLLOWING WEATHER WAS RECORDED YESTERDAY.
  HEAVY SNOW
  SNOW
  LIGHT SNOW
  FOG
  FOG W/VISIBILITY <= 1/4 MILE
  HAZE


RELATIVE HUMIDITY (PERCENT)
 HIGHEST    92           100 PM
 LOWEST     58           400 AM
 AVERAGE    75

..........................................................


THE LARAMIE WY AIRPORT CLIMATE NORMALS FOR TODAY
                         NORMAL    RECORD    YEAR
 MAXIMUM TEMPERATURE (F)   32        53      1980
 MINIMUM TEMPERATURE (F)   10       -28      1987


SUNRISE AND SUNSET
DECEMBER 26 2014......SUNRISE   727 AM MST   SUNSET   440 PM MST
DECEMBER 27 2014......SUNRISE   728 AM MST   SUNSET   440 PM MST


-  INDICATES NEGATIVE NUMBERS.
R  INDICATES RECORD WAS SET OR TIED.
MM INDICATES DATA IS MISSING.
T  INDICATES TRACE AMOUNT.




$$
