000
CDUS45 KCYS 280739
CLILAR


CLIMATE REPORT
NATIONAL WEATHER SERVICE CHEYENNE WY
139 AM MDT SAT MAY 28 2016


...................................

...THE LARAMIE WY AIRPORT CLIMATE SUMMARY FOR MAY 27 2016...

CLIMATE NORMAL PERIOD 1981 TO 2010
CLIMATE RECORD PERIOD 1948 TO 2016


WEATHER ITEM   OBSERVED TIME   RECORD YEAR NORMAL DEPARTURE LAST
                VALUE   (LST)  VALUE       VALUE  FROM      YEAR
                                                  NORMAL
..................................................................
TEMPERATURE (F)
 YESTERDAY
  MAXIMUM         58   1246 PM  85    1969  65     -7       65
  MINIMUM         33   1119 PM  26    1950  37     -4       44
  AVERAGE         46                        51     -5       55

PRECIPITATION (IN)
  YESTERDAY        0.01          0.48 1999   0.07  -0.06     0.01
                                      1992
  MONTH TO DATE    1.96                      1.43   0.53     2.70
  SINCE JAN 1      6.89                      3.69   3.20     5.39

DEGREE DAYS
 HEATING
  YESTERDAY       19                        14      5       10
  MONTH TO DATE  548                       487     61      547
  SINCE MAR 1   2431                      2360     71     2209
  SINCE JUL 1   8213                      8536   -323     7886

 COOLING
  YESTERDAY        0                         0      0        0
  MONTH TO DATE    0                         0      0        0
  SINCE MAR 1      0                         0      0        0
  SINCE JAN 1      0                         0      0        0
..................................................................


WIND (MPH)
  HIGHEST WIND SPEED    18   HIGHEST WIND DIRECTION    NE (40)
  HIGHEST GUST SPEED    24   HIGHEST GUST DIRECTION    NW (320)
  AVERAGE WIND SPEED     8.5


SKY COVER
  AVERAGE SKY COVER 0.5


WEATHER CONDITIONS
 THE FOLLOWING WEATHER WAS RECORDED YESTERDAY.
  LIGHT RAIN


RELATIVE HUMIDITY (PERCENT)
 HIGHEST    92          1200 AM
 LOWEST     38           100 PM
 AVERAGE    65

..........................................................


THE LARAMIE WY AIRPORT CLIMATE NORMALS FOR TODAY
                         NORMAL    RECORD    YEAR
 MAXIMUM TEMPERATURE (F)   66        81      2010
 MINIMUM TEMPERATURE (F)   37        25      1954


SUNRISE AND SUNSET
MAY 28 2016...........SUNRISE   534 AM MDT   SUNSET   827 PM MDT
MAY 29 2016...........SUNRISE   533 AM MDT   SUNSET   828 PM MDT


-  INDICATES NEGATIVE NUMBERS.
R  INDICATES RECORD WAS SET OR TIED.
MM INDICATES DATA IS MISSING.
T  INDICATES TRACE AMOUNT.




$$
