000
CDUS45 KVEF 120827
CLILAS


CLIMATE REPORT
NATIONAL WEATHER SERVICE LAS VEGAS, NV
127 AM PDT SAT JUL 12 2014


...................................

...THE LAS VEGAS NV CLIMATE SUMMARY FOR JULY 11 2014...

CLIMATE NORMAL PERIOD 1981 TO 2010
CLIMATE RECORD PERIOD 1937 TO 2014


WEATHER ITEM   OBSERVED TIME   RECORD YEAR NORMAL DEPARTURE LAST
                VALUE   (LST)  VALUE       VALUE  FROM      YEAR
                                                  NORMAL
..................................................................
TEMPERATURE (F)
 YESTERDAY
  MAXIMUM        102    238 PM 116    1959 104     -2       93
  MINIMUM         78    526 AM  62    1944  81     -3       81
  AVERAGE         90                        93     -3       87

PRECIPITATION (IN)
  YESTERDAY        0.00          0.05 1989   0.01  -0.01     0.04
  MONTH TO DATE    0.17                      0.09   0.08     0.05
  SINCE OCT 1      1.89                      3.30  -1.41     2.09
  SINCE JAN 1      0.47                      2.17  -1.70     0.66

SNOWFALL (IN)
  YESTERDAY        0.0           0.0    MM   0.0    0.0      0.0
  MONTH TO DATE    0.0                       0.0    0.0      0.0
  SINCE JUN 1      0.0                       0.0    0.0      0.0
  SINCE JUL 1      0.0                       0.0    0.0      0.0
  SNOW DEPTH       0

DEGREE DAYS
 HEATING
  YESTERDAY        0                         0      0        0
  MONTH TO DATE    0                         0      0        0
  SINCE JUN 1      0                         1     -1        0
  SINCE JUL 1      0                         0      0        0

 COOLING
  YESTERDAY       25                        28     -3       22
  MONTH TO DATE  307                       295     12      370
  SINCE JUN 1   1048                       945    103     1174
  SINCE JAN 1   1706                      1495    211     1864
..................................................................


WIND (MPH)
  RESULTANT WIND SPEED   8   RESULTANT WIND DIRECTION   S (170)
  HIGHEST WIND SPEED    18   HIGHEST WIND DIRECTION     S (190)
  HIGHEST GUST SPEED    25   HIGHEST GUST DIRECTION     S (170)
  AVERAGE WIND SPEED     8.4


SKY COVER
  POSSIBLE SUNSHINE  MM
  AVERAGE SKY COVER 0.4


WEATHER CONDITIONS
 THE FOLLOWING WEATHER WAS RECORDED YESTERDAY.
  NO SIGNIFICANT WEATHER WAS OBSERVED.


RELATIVE HUMIDITY (PERCENT)
 HIGHEST    54           400 AM
 LOWEST     10           500 PM
 AVERAGE    32

..........................................................


THE LAS VEGAS NV CLIMATE NORMALS FOR TODAY
                         NORMAL    RECORD    YEAR
 MAXIMUM TEMPERATURE (F)  104       114      2003
                                             1979
                                             1958
 MINIMUM TEMPERATURE (F)   81        62      1937


SUNRISE AND SUNSET
JULY 12 2014..........SUNRISE   533 AM PDT   SUNSET   759 PM PDT
JULY 13 2014..........SUNRISE   534 AM PDT   SUNSET   759 PM PDT


-  INDICATES NEGATIVE NUMBERS.
R  INDICATES RECORD WAS SET OR TIED.
MM INDICATES DATA IS MISSING.
T  INDICATES TRACE AMOUNT.




$$
