000
CDUS45 KVEF 270026
CLILAS


CLIMATE REPORT
NATIONAL WEATHER SERVICE LAS VEGAS, NV
525 PM PDT SUN MAR 26 2017


...................................

...THE LAS VEGAS NV CLIMATE SUMMARY FOR MARCH 26 2017...
VALID TODAY AS OF 0500 PM LOCAL TIME.

CLIMATE NORMAL PERIOD 1981 TO 2010
CLIMATE RECORD PERIOD 1937 TO 2017


WEATHER ITEM   OBSERVED TIME   RECORD YEAR NORMAL DEPARTURE LAST
                VALUE   (LST)  VALUE       VALUE  FROM      YEAR
                                                  NORMAL
..................................................................
TEMPERATURE (F)
 TODAY
  MAXIMUM         75    358 PM  87    1947  73      2       70
  MINIMUM         53    630 AM  34    1948  51      2       56
                                      1937
  AVERAGE         64                        62      2       63

PRECIPITATION (IN)
  TODAY            0.00          0.13 1998   0.00   0.00     0.00
  MONTH TO DATE    T                         0.39  -0.39      T
  SINCE OCT 1      2.52                      2.82  -0.30     1.96
  SINCE JAN 1      1.46                      1.69  -0.23     0.55

SNOWFALL (IN)
  TODAY            0.0           0.0  2015   0.0    0.0      0.0
  MONTH TO DATE    0.0                       0.0    0.0      0.0
  SINCE MAR 1      0.0                       0.0    0.0      0.0
  SINCE JUL 1      0.0                       0.3   -0.3       T
  SNOW DEPTH       0

DEGREE DAYS
 HEATING
  TODAY            1                         5     -4        2
  MONTH TO DATE   71                       169    -98       48
  SINCE MAR 1     71                       169    -98       48
  SINCE JUL 1   1443                      1860   -417     1627

 COOLING
  TODAY            0                         1     -1        0
  MONTH TO DATE  108                        18     90       55
  SINCE MAR 1    108                        18     90       55
  SINCE JAN 1    111                        19     92       64
..................................................................


WIND (MPH)
  RESULTANT WIND SPEED   4   RESULTANT WIND DIRECTION  NE (50)
  HIGHEST WIND SPEED    16   HIGHEST WIND DIRECTION     E (70)
  HIGHEST GUST SPEED    23   HIGHEST GUST DIRECTION    NE (30)
  AVERAGE WIND SPEED     4.9


SKY COVER
  POSSIBLE SUNSHINE  MM
  AVERAGE SKY COVER 0.4


WEATHER CONDITIONS
 THE FOLLOWING WEATHER WAS RECORDED TODAY.
  NO SIGNIFICANT WEATHER WAS OBSERVED.


RELATIVE HUMIDITY (PERCENT)
 HIGHEST    54           500 AM
 LOWEST     18           300 PM
 AVERAGE    36

..........................................................


THE LAS VEGAS NV CLIMATE NORMALS FOR TOMORROW
                         NORMAL    RECORD    YEAR
 MAXIMUM TEMPERATURE (F)   73        88      2015
                                             1988
                                             1986
 MINIMUM TEMPERATURE (F)   51        33      1975


SUNRISE AND SUNSET
MARCH 26 2017.........SUNRISE   635 AM PDT   SUNSET   658 PM PDT
MARCH 27 2017.........SUNRISE   634 AM PDT   SUNSET   659 PM PDT


-  INDICATES NEGATIVE NUMBERS.
R  INDICATES RECORD WAS SET OR TIED.
MM INDICATES DATA IS MISSING.
T  INDICATES TRACE AMOUNT.




$$
