000
CDUS45 KVEF 280829
CLILAS


CLIMATE REPORT
NATIONAL WEATHER SERVICE LAS VEGAS, NV
1229 AM PST SUN DEC 28 2014


...................................

...THE LAS VEGAS NV CLIMATE SUMMARY FOR DECEMBER 27 2014...

CLIMATE NORMAL PERIOD 1981 TO 2010
CLIMATE RECORD PERIOD 1937 TO 2014


WEATHER ITEM   OBSERVED TIME   RECORD YEAR NORMAL DEPARTURE LAST
                VALUE   (LST)  VALUE       VALUE  FROM      YEAR
                                                  NORMAL
..................................................................
TEMPERATURE (F)
 YESTERDAY
  MAXIMUM         48    317 PM  70    1980  56     -8       66
  MINIMUM         35   1148 PM  19    1988  38     -3       40
                                      1962
  AVERAGE         42                        47     -5       53

PRECIPITATION (IN)
  YESTERDAY        0.00          0.56 1984   0.02  -0.02     0.00
  MONTH TO DATE    0.30                      0.42  -0.12     0.05
  SINCE OCT 1      0.30                      1.05  -0.75     1.42
  SINCE JAN 1      1.81                      4.11  -2.30     2.96

SNOWFALL (IN)
  YESTERDAY        0.0           T    1969   0.0    0.0      0.0
                                      1941
  MONTH TO DATE    0.0                       0.2   -0.2      0.0
  SINCE DEC 1      0.0                       0.2   -0.2      0.0
  SINCE JUL 1      0.0                       0.2   -0.2      0.0
  SNOW DEPTH       0

DEGREE DAYS
 HEATING
  YESTERDAY       23                        18      5       12
  MONTH TO DATE  325                       467   -142      480
  SINCE DEC 1    325                       467   -142      480
  SINCE JUL 1    498                       776   -278      743

 COOLING
  YESTERDAY        0                         0      0        0
  MONTH TO DATE    0                         0      0        0
  SINCE DEC 1      0                         0      0        0
  SINCE JAN 1   3970                      3568    402     3766
..................................................................


WIND (MPH)
  RESULTANT WIND SPEED   4   RESULTANT WIND DIRECTION  NW (320)
  HIGHEST WIND SPEED    20   HIGHEST WIND DIRECTION    NW (320)
  HIGHEST GUST SPEED    27   HIGHEST GUST DIRECTION    NW (330)
  AVERAGE WIND SPEED     8.4


SKY COVER
  POSSIBLE SUNSHINE  MM
  AVERAGE SKY COVER 0.2


WEATHER CONDITIONS
 THE FOLLOWING WEATHER WAS RECORDED YESTERDAY.
  NO SIGNIFICANT WEATHER WAS OBSERVED.


RELATIVE HUMIDITY (PERCENT)
 HIGHEST    35          1100 PM
 LOWEST     16           200 PM
 AVERAGE    26

..........................................................


THE LAS VEGAS NV CLIMATE NORMALS FOR TODAY
                         NORMAL    RECORD    YEAR
 MAXIMUM TEMPERATURE (F)   56        73      1980
 MINIMUM TEMPERATURE (F)   38        20      1954


SUNRISE AND SUNSET
DECEMBER 28 2014......SUNRISE   651 AM PST   SUNSET   434 PM PST
DECEMBER 29 2014......SUNRISE   651 AM PST   SUNSET   435 PM PST


-  INDICATES NEGATIVE NUMBERS.
R  INDICATES RECORD WAS SET OR TIED.
MM INDICATES DATA IS MISSING.
T  INDICATES TRACE AMOUNT.




$$
