606
CDUS45 KVEF 100831
CLILAS


CLIMATE REPORT
NATIONAL WEATHER SERVICE LAS VEGAS, NV
1231 AM PST WED FEB 10 2016


...................................

...THE LAS VEGAS NV CLIMATE SUMMARY FOR FEBRUARY 9 2016...

CLIMATE NORMAL PERIOD 1981 TO 2010
CLIMATE RECORD PERIOD 1937 TO 2016


WEATHER ITEM   OBSERVED TIME   RECORD YEAR NORMAL DEPARTURE LAST
                VALUE   (LST)  VALUE       VALUE  FROM      YEAR
                                                  NORMAL
..................................................................
TEMPERATURE (F)
 YESTERDAY
  MAXIMUM         73    353 PM  78    2015  61     12       78
  MINIMUM         45    440 AM  19    1946  42      3       60
  AVERAGE         59                        52      7       69

PRECIPITATION (IN)
  YESTERDAY        0.00          0.68 1976   0.03  -0.03     0.00
  MONTH TO DATE    0.09                      0.20  -0.11     0.00
  SINCE OCT 1      1.96                      1.87   0.09     1.17
  SINCE JAN 1      0.55                      0.74  -0.19     0.87

SNOWFALL (IN)
  YESTERDAY        0.0           0.0  2015   0.0    0.0      0.0
  MONTH TO DATE    0.0                       0.0    0.0      0.0
  SINCE DEC 1      T                         0.2   -0.2       T
  SINCE JUL 1      T                         0.2   -0.2       T
  SNOW DEPTH       0

DEGREE DAYS
 HEATING
  YESTERDAY        6                        13     -7        0
  MONTH TO DATE  147                       127     20       38
  SINCE DEC 1   1191                      1170     21      830
  SINCE JUL 1   1515                      1479     36     1003

 COOLING
  YESTERDAY        0                         0      0        4
  MONTH TO DATE    0                         0      0        9
  SINCE DEC 1      0                         0      0        9
  SINCE JAN 1      0                         0      0        9
..................................................................


WIND (MPH)
  RESULTANT WIND SPEED   2   RESULTANT WIND DIRECTION  SW (230)
  HIGHEST WIND SPEED     8   HIGHEST WIND DIRECTION    NW (310)
  HIGHEST GUST SPEED    11   HIGHEST GUST DIRECTION    NW (310)
  AVERAGE WIND SPEED     2.6


SKY COVER
  POSSIBLE SUNSHINE  MM
  AVERAGE SKY COVER 0.0


WEATHER CONDITIONS
 THE FOLLOWING WEATHER WAS RECORDED YESTERDAY.
  NO SIGNIFICANT WEATHER WAS OBSERVED.


RELATIVE HUMIDITY (PERCENT)
 HIGHEST    46           300 AM
 LOWEST     17           300 PM
 AVERAGE    32

..........................................................


THE LAS VEGAS NV CLIMATE NORMALS FOR TODAY
                         NORMAL    RECORD    YEAR
 MAXIMUM TEMPERATURE (F)   61        74      2014
                                             1951
 MINIMUM TEMPERATURE (F)   42        19      1946
                                             1937


SUNRISE AND SUNSET
FEBRUARY 10 2016......SUNRISE   634 AM PST   SUNSET   516 PM PST
FEBRUARY 11 2016......SUNRISE   633 AM PST   SUNSET   518 PM PST


-  INDICATES NEGATIVE NUMBERS.
R  INDICATES RECORD WAS SET OR TIED.
MM INDICATES DATA IS MISSING.
T  INDICATES TRACE AMOUNT.




$$
