026
CDUS45 KVEF 090827
CLILAS


CLIMATE REPORT
NATIONAL WEATHER SERVICE LAS VEGAS, NV
1227 AM PST FRI DEC 9 2016


...................................

...THE LAS VEGAS NV CLIMATE SUMMARY FOR DECEMBER 8 2016...

CLIMATE NORMAL PERIOD 1981 TO 2010
CLIMATE RECORD PERIOD 1937 TO 2016


WEATHER ITEM   OBSERVED TIME   RECORD YEAR NORMAL DEPARTURE LAST
                VALUE   (LST)  VALUE       VALUE  FROM      YEAR
                                                  NORMAL
..................................................................
TEMPERATURE (F)
 YESTERDAY
  MAXIMUM         54    322 PM  77    1939  57     -3       66
                                      1938
  MINIMUM         36    630 AM  23    1978  39     -3       44
                                      1953
  AVERAGE         45                        48     -3       55

PRECIPITATION (IN)
  YESTERDAY        0.00          0.22 1984   0.01  -0.01     0.00
  MONTH TO DATE    0.00                      0.10  -0.10     0.00
  SINCE OCT 1      0.23                      0.73  -0.50     1.40
  SINCE JAN 1      3.94                      3.79   0.15     4.48

SNOWFALL (IN)
  YESTERDAY        0.0           T    1972   0.0    0.0      0.0
  MONTH TO DATE    0.0                       0.0    0.0      0.0
  SINCE DEC 1      0.0                       0.0    0.0      0.0
  SINCE JUL 1      0.0                       0.0    0.0      0.0
  SNOW DEPTH       0

DEGREE DAYS
 HEATING
  YESTERDAY       20                        17      3       10
  MONTH TO DATE  129                       128      1      118
  SINCE DEC 1    129                       128      1      118
  SINCE JUL 1    296                       437   -141      442

 COOLING
  YESTERDAY        0                         0      0        0
  MONTH TO DATE    0                         0      0        0
  SINCE DEC 1      0                         0      0        0
  SINCE JAN 1   4002                      3568    434     4069
..................................................................


WIND (MPH)
  RESULTANT WIND SPEED   1   RESULTANT WIND DIRECTION   S (200)
  HIGHEST WIND SPEED     8   HIGHEST WIND DIRECTION    SW (230)
  HIGHEST GUST SPEED    10   HIGHEST GUST DIRECTION    NE (30)
  AVERAGE WIND SPEED     2.0


SKY COVER
  POSSIBLE SUNSHINE  MM
  AVERAGE SKY COVER 0.6


WEATHER CONDITIONS
 THE FOLLOWING WEATHER WAS RECORDED YESTERDAY.
  NO SIGNIFICANT WEATHER WAS OBSERVED.


RELATIVE HUMIDITY (PERCENT)
 HIGHEST    32           600 AM
 LOWEST     13           200 PM
 AVERAGE    23

..........................................................


THE LAS VEGAS NV CLIMATE NORMALS FOR TODAY
                         NORMAL    RECORD    YEAR
 MAXIMUM TEMPERATURE (F)   57        71      1975
                                             1950
 MINIMUM TEMPERATURE (F)   39        16      1956


SUNRISE AND SUNSET
DECEMBER  9 2016......SUNRISE   640 AM PST   SUNSET   426 PM PST
DECEMBER 10 2016......SUNRISE   641 AM PST   SUNSET   426 PM PST


-  INDICATES NEGATIVE NUMBERS.
R  INDICATES RECORD WAS SET OR TIED.
MM INDICATES DATA IS MISSING.
T  INDICATES TRACE AMOUNT.




$$
