000
CDUS45 KVEF 050029
CLILAS


CLIMATE REPORT
NATIONAL WEATHER SERVICE LAS VEGAS, NV
428 PM PST WED MAR 4 2015


...................................

...THE LAS VEGAS NV CLIMATE SUMMARY FOR MARCH 4 2015...
VALID TODAY AS OF 0400 PM LOCAL TIME.

CLIMATE NORMAL PERIOD 1981 TO 2010
CLIMATE RECORD PERIOD 1937 TO 2015


WEATHER ITEM   OBSERVED TIME   RECORD YEAR NORMAL DEPARTURE LAST
                VALUE   (LST)  VALUE       VALUE  FROM      YEAR
                                                  NORMAL
..................................................................
TEMPERATURE (F)
 TODAY
  MAXIMUM         60    349 PM  84    1972  67     -7       75
  MINIMUM         44    643 AM  25    1966  47     -3       55
  AVERAGE         52                        57     -5       65

PRECIPITATION (IN)
  TODAY            0.00          0.72 1978   0.02  -0.02     0.00
  MONTH TO DATE    0.28                      0.09   0.19     0.00
  SINCE OCT 1      1.99                      2.52  -0.53     1.72
  SINCE JAN 1      1.69                      1.39   0.30     0.30

SNOWFALL (IN)
  TODAY            0.0           0.0  2014   0.0    0.0      0.0
  MONTH TO DATE    0.0                       0.0    0.0      0.0
  SINCE MAR 1      0.0                       0.0    0.0      0.0
  SINCE JUL 1      T                         0.3   -0.3      0.0
  SNOW DEPTH      MM

DEGREE DAYS
 HEATING
  TODAY           13                         8      5        0
  MONTH TO DATE   54                        34     20       27
  SINCE MAR 1     54                        34     20       27
  SINCE JUL 1   1161                      1725   -564     1413

 COOLING
  TODAY            0                         0      0        0
  MONTH TO DATE    0                         0      0        0
  SINCE MAR 1      0                         0      0        0
  SINCE JAN 1     10                         1      9        3
..................................................................


WIND (MPH)
  RESULTANT WIND SPEED   9   RESULTANT WIND DIRECTION   N (350)
  HIGHEST WIND SPEED    20   HIGHEST WIND DIRECTION    NW (320)
  HIGHEST GUST SPEED    26   HIGHEST GUST DIRECTION    NW (330)
  AVERAGE WIND SPEED    10.1


SKY COVER
  POSSIBLE SUNSHINE  MM
  AVERAGE SKY COVER 0.0


WEATHER CONDITIONS
 THE FOLLOWING WEATHER WAS RECORDED TODAY.
  NO SIGNIFICANT WEATHER WAS OBSERVED.


RELATIVE HUMIDITY (PERCENT)
 HIGHEST    34          1200 AM
 LOWEST     15           300 PM
 AVERAGE    25

..........................................................


THE LAS VEGAS NV CLIMATE NORMALS FOR TOMORROW
                         NORMAL    RECORD    YEAR
 MAXIMUM TEMPERATURE (F)   68        84      1972
 MINIMUM TEMPERATURE (F)   48        26      1948


SUNRISE AND SUNSET
MARCH  4 2015.........SUNRISE   607 AM PST   SUNSET   538 PM PST
MARCH  5 2015.........SUNRISE   606 AM PST   SUNSET   539 PM PST


-  INDICATES NEGATIVE NUMBERS.
R  INDICATES RECORD WAS SET OR TIED.
MM INDICATES DATA IS MISSING.
T  INDICATES TRACE AMOUNT.




$$
