000
CDUS45 KVEF 220828
CLILAS


CLIMATE REPORT
NATIONAL WEATHER SERVICE LAS VEGAS, NV
127 AM PDT THU JUN 22 2017


...................................

...THE LAS VEGAS NV CLIMATE SUMMARY FOR JUNE 21 2017...

CLIMATE NORMAL PERIOD 1981 TO 2010
CLIMATE RECORD PERIOD 1937 TO 2017


WEATHER ITEM   OBSERVED TIME   RECORD YEAR NORMAL DEPARTURE LAST
                VALUE   (LST)  VALUE       VALUE  FROM      YEAR
                                                  NORMAL
..................................................................
TEMPERATURE (F)
 YESTERDAY
  MAXIMUM        114R   304 PM 113    2016 100     14      113
  MINIMUM         88    440 AM  53    1941  76     12       91
  AVERAGE        101                        88     13      102

PRECIPITATION (IN)
  YESTERDAY        0.00          0.02 1988   0.00   0.00     0.00
  MONTH TO DATE    0.00                      0.05  -0.05     0.02
  SINCE OCT 1      2.65                      3.19  -0.54     4.28
  SINCE JAN 1      1.59                      2.06  -0.47     2.87

SNOWFALL (IN)
  YESTERDAY        0.0           0.0    MM   0.0    0.0      0.0
  MONTH TO DATE    0.0                       0.0    0.0      0.0
  SINCE JUN 1      0.0                       0.0    0.0      0.0
  SINCE JUL 1      0.0                       0.3   -0.3       T
  SNOW DEPTH       0

DEGREE DAYS
 HEATING
  YESTERDAY        0                         0      0        0
  MONTH TO DATE    0                         0      0        0
  SINCE JUN 1      0                         0      0        0
  SINCE JUL 1   1470                      1950   -480     1696

 COOLING
  YESTERDAY       36                        23     13       37
  MONTH TO DATE  515                       427     88      561
  SINCE JUN 1    515                       427     88      561
  SINCE JAN 1   1192                       977    215     1097
..................................................................


WIND (MPH)
  RESULTANT WIND SPEED   9   RESULTANT WIND DIRECTION  SW (210)
  HIGHEST WIND SPEED    24   HIGHEST WIND DIRECTION     W (250)
  HIGHEST GUST SPEED    33   HIGHEST GUST DIRECTION     W (250)
  AVERAGE WIND SPEED    10.0


SKY COVER
  POSSIBLE SUNSHINE  MM
  AVERAGE SKY COVER 0.0


WEATHER CONDITIONS
 THE FOLLOWING WEATHER WAS RECORDED YESTERDAY.
  NO SIGNIFICANT WEATHER WAS OBSERVED.


RELATIVE HUMIDITY (PERCENT)
 HIGHEST     9           300 AM
 LOWEST      2           200 PM
 AVERAGE     6

..........................................................


THE LAS VEGAS NV CLIMATE NORMALS FOR TODAY
                         NORMAL    RECORD    YEAR
 MAXIMUM TEMPERATURE (F)  101       115      1954
 MINIMUM TEMPERATURE (F)   77        56      1944


SUNRISE AND SUNSET
JUNE 22 2017..........SUNRISE   524 AM PDT   SUNSET   801 PM PDT
JUNE 23 2017..........SUNRISE   525 AM PDT   SUNSET   801 PM PDT


-  INDICATES NEGATIVE NUMBERS.
R  INDICATES RECORD WAS SET OR TIED.
MM INDICATES DATA IS MISSING.
T  INDICATES TRACE AMOUNT.




$$
