000
CDUS46 KLOX 270138
CLILAX


CLIMATE REPORT
NATIONAL WEATHER SERVICE LOS ANGELES/OXNARD CA
637 PM PDT MON JUN 26 2017


...................................

...THE LOS ANGELES AIRPORT CLIMATE SUMMARY FOR JUNE 26 2017...
VALID TODAY AS OF 600 PM LOCAL TIME.

CLIMATE NORMAL PERIOD 1981 TO 2010
CLIMATE RECORD PERIOD 1944 TO 2017


WEATHER ITEM   OBSERVED TIME   RECORD YEAR NORMAL DEPARTURE LAST
                VALUE   (LST)  VALUE       VALUE  FROM      YEAR
                                                  NORMAL
..................................................................
TEMPERATURE (F)
 TODAY
  MAXIMUM         82   1206 PM  89    1990  72     10       73
                                      1976
  MINIMUM         64    245 AM  52    1965  62      2       65
  AVERAGE         73                        67      6       69

PRECIPITATION (IN)
  TODAY            0.00          T    1995   0.01  -0.01     0.00
                                      1968
                                      1955
  MONTH TO DATE    T                         0.08  -0.08      T
  SINCE OCT 1     16.32                     12.53   3.79     7.25
  SINCE JAN 1     12.07                      8.81   3.26     6.01

SNOWFALL (IN)
  TODAY            0.0
  MONTH TO DATE    0.0
  SINCE JUN 1      0.0
  SINCE JUL 1      0.0

DEGREE DAYS
 HEATING
  TODAY            0                         0      0        0
  MONTH TO DATE    4                        24    -20       16
  SINCE JUN 1      4                        24    -20       16
  SINCE JUL 1   1025                      1418   -393      978

 COOLING
  TODAY            8                         2      6        4
  MONTH TO DATE   50                        34     16       69
  SINCE JUN 1     50                        34     16       69
  SINCE JAN 1    108                        74     34      162
..................................................................


WIND (MPH)
  HIGHEST WIND SPEED    18   HIGHEST WIND DIRECTION     W (260)
  HIGHEST GUST SPEED    22   HIGHEST GUST DIRECTION     W (280)
  AVERAGE WIND SPEED     7.1


SKY COVER
  POSSIBLE SUNSHINE  MM
  AVERAGE SKY COVER 0.1


WEATHER CONDITIONS
 THE FOLLOWING WEATHER WAS RECORDED TODAY.
  NO SIGNIFICANT WEATHER WAS OBSERVED.


RELATIVE HUMIDITY (PERCENT)
 HIGHEST    84           200 AM
 LOWEST     42           100 PM
 AVERAGE    63

..........................................................


THE LOS ANGELES AIRPORT CLIMATE NORMALS FOR TOMORROW
                         NORMAL    RECORD    YEAR
 MAXIMUM TEMPERATURE (F)   72        94      2006
 MINIMUM TEMPERATURE (F)   62        54      1965


SUNRISE AND SUNSET
JUNE 26 2017..........SUNRISE   544 AM PDT   SUNSET   809 PM PDT
JUNE 27 2017..........SUNRISE   545 AM PDT   SUNSET   809 PM PDT


-  INDICATES NEGATIVE NUMBERS.
R  INDICATES RECORD WAS SET OR TIED.
MM INDICATES DATA IS MISSING.
T  INDICATES TRACE AMOUNT.




$$
