000
CDUS46 KLOX 130111
CLILAX


CLIMATE REPORT
NATIONAL WEATHER SERVICE LOS ANGELES/OXNARD CA
511 PM PST TUE DEC 12 2017


...................................

...THE LOS ANGELES AIRPORT CLIMATE SUMMARY FOR DECEMBER 12 2017...
VALID TODAY AS OF 0500 PM LOCAL TIME.

CLIMATE NORMAL PERIOD 1981 TO 2010
CLIMATE RECORD PERIOD 1944 TO 2017


WEATHER ITEM   OBSERVED TIME   RECORD YEAR NORMAL DEPARTURE LAST
                VALUE   (LST)  VALUE       VALUE  FROM      YEAR
                                                  NORMAL
..................................................................
TEMPERATURE (F)
 TODAY
  MAXIMUM         82   1221 PM  83    2010  65     17       63
  MINIMUM         54    322 AM  35    1949  49      5       58
  AVERAGE         68                        57     11       61

PRECIPITATION (IN)
  TODAY            0.00          1.49 2014   0.05  -0.05     0.00
  MONTH TO DATE    0.00                      0.65  -0.65     0.05
  SINCE OCT 1      0.10                      2.32  -2.22     1.52
  SINCE JAN 1     12.25                     11.42   0.83     7.54

SNOWFALL (IN)
  TODAY            0.0
  MONTH TO DATE    0.0
  SINCE DEC 1      0.0
  SINCE JUL 1      0.0

DEGREE DAYS
 HEATING
  TODAY            0                         8     -8        4
  MONTH TO DATE   21                        93    -72       75
  SINCE DEC 1     21                        93    -72       75
  SINCE JUL 1     52                       275   -223      154

 COOLING
  TODAY            3                         0      3        0
  MONTH TO DATE   15                         0     15        0
  SINCE DEC 1     15                         0     15        0
  SINCE JAN 1   1042                       550    492      962
..................................................................


WIND (MPH)
  HIGHEST WIND SPEED    13   HIGHEST WIND DIRECTION     W (260)
  HIGHEST GUST SPEED    15   HIGHEST GUST DIRECTION     W (260)
  AVERAGE WIND SPEED     5.1


SKY COVER
  POSSIBLE SUNSHINE  MM
  AVERAGE SKY COVER 0.3


WEATHER CONDITIONS
 THE FOLLOWING WEATHER WAS RECORDED TODAY.
  HAZE


RELATIVE HUMIDITY (PERCENT)
 HIGHEST    37           400 PM
 LOWEST      4          1200 PM
 AVERAGE    21

..........................................................


THE LOS ANGELES AIRPORT CLIMATE NORMALS FOR TOMORROW
                         NORMAL    RECORD    YEAR
 MAXIMUM TEMPERATURE (F)   65        83      1952
 MINIMUM TEMPERATURE (F)   49        39      1949
                                             1945


SUNRISE AND SUNSET
DECEMBER 12 2017......SUNRISE   650 AM PST   SUNSET   445 PM PST
DECEMBER 13 2017......SUNRISE   650 AM PST   SUNSET   446 PM PST


-  INDICATES NEGATIVE NUMBERS.
R  INDICATES RECORD WAS SET OR TIED.
MM INDICATES DATA IS MISSING.
T  INDICATES TRACE AMOUNT.




$$
