000
CDUS46 KLOX 280908
CLILAX


CLIMATE REPORT
NATIONAL WEATHER SERVICE LOS ANGELES/OXNARD CA
208 AM PDT THU JUL 28 2016


...................................

...THE LOS ANGELES INTL AIRPORT CA CLIMATE SUMMARY FOR JULY 27 2016...

CLIMATE NORMAL PERIOD 1981 TO 2010
CLIMATE RECORD PERIOD 1944 TO 2016


WEATHER ITEM   OBSERVED TIME   RECORD YEAR NORMAL DEPARTURE LAST
                VALUE   (LST)  VALUE       VALUE  FROM      YEAR
                                                  NORMAL
..................................................................
TEMPERATURE (F)
 YESTERDAY
  MAXIMUM         80   1247 PM  88    1967  74      6       76
                                      1947
  MINIMUM         68    442 AM  57    1965  64      4       67
  AVERAGE         74                        69      5       72

PRECIPITATION (IN)
  YESTERDAY        0.00          0.14 2014   0.00   0.00     0.00
  MONTH TO DATE    0.00                      0.03  -0.03     0.35
  SINCE OCT 1      7.25                     12.56  -5.31     7.61
  SINCE JAN 1      6.01                      8.84  -2.83     2.91

SNOWFALL (IN)
  YESTERDAY        0.0
  MONTH TO DATE    0.0
  SINCE JUN 1      0.0
  SINCE JUL 1      0.0

DEGREE DAYS
 HEATING
  YESTERDAY        0                         0      0        0
  MONTH TO DATE    0                         0      0        0
  SINCE JUN 1     16                        25     -9       11
  SINCE JUL 1      0                         0      0        0

 COOLING
  YESTERDAY        9                         4      5        7
  MONTH TO DATE  175                       100     75      145
  SINCE JUN 1    268                       142    126      202
  SINCE JAN 1    361                       182    179      315
..................................................................


WIND (MPH)
  HIGHEST WIND SPEED    17   HIGHEST WIND DIRECTION     W (260)
  HIGHEST GUST SPEED    21   HIGHEST GUST DIRECTION     W (260)
  AVERAGE WIND SPEED     8.6


SKY COVER
  POSSIBLE SUNSHINE  MM
  AVERAGE SKY COVER 0.3


WEATHER CONDITIONS
 THE FOLLOWING WEATHER WAS RECORDED YESTERDAY.
  NO SIGNIFICANT WEATHER WAS OBSERVED.


RELATIVE HUMIDITY (PERCENT)
 HIGHEST    84           200 AM
 LOWEST     62          1100 AM
 AVERAGE    73

..........................................................


THE LOS ANGELES INTL AIRPORT CA CLIMATE NORMALS FOR TODAY
                         NORMAL    RECORD    YEAR
 MAXIMUM TEMPERATURE (F)   74        85      1947
 MINIMUM TEMPERATURE (F)   64        58      1965


SUNRISE AND SUNSET
JULY 28 2016..........SUNRISE   603 AM PDT   SUNSET   757 PM PDT
JULY 29 2016..........SUNRISE   603 AM PDT   SUNSET   756 PM PDT


-  INDICATES NEGATIVE NUMBERS.
R  INDICATES RECORD WAS SET OR TIED.
MM INDICATES DATA IS MISSING.
T  INDICATES TRACE AMOUNT.




$$
