000
CDUS46 KLOX 291007
CLILAX


CLIMATE REPORT
NATIONAL WEATHER SERVICE LOS ANGELES/OXNARD CA
306 AM PDT SUN MAR 29 2015


...................................

...THE LOS ANGELES INTL AIRPORT CA CLIMATE SUMMARY FOR MARCH 28 2015...

CLIMATE NORMAL PERIOD 1981 TO 2010
CLIMATE RECORD PERIOD 1944 TO 2015


WEATHER ITEM   OBSERVED TIME   RECORD YEAR NORMAL DEPARTURE LAST
                VALUE   (LST)  VALUE       VALUE  FROM      YEAR
                                                  NORMAL
..................................................................
TEMPERATURE (F)
 YESTERDAY
  MAXIMUM         71    956 AM  83    2004  65      6       67
  MINIMUM         57    446 AM  42    1945  52      5       53
  AVERAGE         64                        58      6       60

PRECIPITATION (IN)
  YESTERDAY        0.00          1.75 2006   0.04  -0.04     0.00
  MONTH TO DATE    0.49                      1.73  -1.24     0.36
  SINCE OCT 1      6.71                     11.41  -4.70     4.16
  SINCE JAN 1      2.01                      7.69  -5.68     3.15

SNOWFALL (IN)
  YESTERDAY        0.0
  MONTH TO DATE    0.0
  SINCE MAR 1      0.0
  SINCE JUL 1      0.0

DEGREE DAYS
 HEATING
  YESTERDAY        1                         7     -6        5
  MONTH TO DATE   65                       199   -134       78
  SINCE MAR 1     65                       199   -134       78
  SINCE JUL 1    598                      1128   -530      633

 COOLING
  YESTERDAY        0                         0      0        0
  MONTH TO DATE   68                         0     68       19
  SINCE MAR 1     68                         0     68       19
  SINCE JAN 1     95                         9     86       35
..................................................................


WIND (MPH)
  HIGHEST WIND SPEED    14   HIGHEST WIND DIRECTION     W (260)
  HIGHEST GUST SPEED    16   HIGHEST GUST DIRECTION     W (270)
  AVERAGE WIND SPEED     6.0


SKY COVER
  POSSIBLE SUNSHINE  MM
  AVERAGE SKY COVER 0.3


WEATHER CONDITIONS
 THE FOLLOWING WEATHER WAS RECORDED YESTERDAY.
  FOG
  FOG W/VISIBILITY <= 1/4 MILE
  HAZE


RELATIVE HUMIDITY (PERCENT)
 HIGHEST   100           500 AM
 LOWEST     57          1000 AM
 AVERAGE    79

..........................................................


THE LOS ANGELES INTL AIRPORT CA CLIMATE NORMALS FOR TODAY
                         NORMAL    RECORD    YEAR
 MAXIMUM TEMPERATURE (F)   65        89      2004
 MINIMUM TEMPERATURE (F)   52        41      1945


SUNRISE AND SUNSET
MARCH 29 2015.........SUNRISE   645 AM PDT   SUNSET   712 PM PDT
MARCH 30 2015.........SUNRISE   644 AM PDT   SUNSET   713 PM PDT


-  INDICATES NEGATIVE NUMBERS.
R  INDICATES RECORD WAS SET OR TIED.
MM INDICATES DATA IS MISSING.
T  INDICATES TRACE AMOUNT.




$$
