000
CDUS46 KLOX 250906
CLILAX


CLIMATE REPORT
NATIONAL WEATHER SERVICE LOS ANGELES/OXNARD CA
206 AM PDT WED MAY 25 2016


...................................

...THE LOS ANGELES INTL AIRPORT CA CLIMATE SUMMARY FOR MAY 24 2016...

CLIMATE NORMAL PERIOD 1981 TO 2010
CLIMATE RECORD PERIOD 1944 TO 2016


WEATHER ITEM   OBSERVED TIME   RECORD YEAR NORMAL DEPARTURE LAST
                VALUE   (LST)  VALUE       VALUE  FROM      YEAR
                                                  NORMAL
..................................................................
TEMPERATURE (F)
 YESTERDAY
  MAXIMUM         67   1135 AM  80    1949  68     -1       66
  MINIMUM         58   1154 PM  50    1980  58      0       58
                                      1945
  AVERAGE         63                        63      0       62

PRECIPITATION (IN)
  YESTERDAY        T             0.06 1977   0.01  -0.01     0.00
  MONTH TO DATE    0.59                      0.19   0.40     0.43
  SINCE OCT 1      7.25                     12.42  -5.17     7.25
  SINCE JAN 1      6.01                      8.70  -2.69     2.55

SNOWFALL (IN)
  YESTERDAY        0.0
  MONTH TO DATE    0.0
  SINCE MAR 1      0.0
  SINCE JUL 1      0.0

DEGREE DAYS
 HEATING
  YESTERDAY        2                         2      0        3
  MONTH TO DATE   51                        72    -21       95
  SINCE MAR 1    253                       451   -198      262
  SINCE JUL 1    949                      1380   -431      795

 COOLING
  YESTERDAY        0                         0      0        0
  MONTH TO DATE    1                         4     -3        0
  SINCE MAR 1     36                        21     15       86
  SINCE JAN 1     93                        30     63      113
..................................................................


WIND (MPH)
  HIGHEST WIND SPEED    21   HIGHEST WIND DIRECTION     W (260)
  HIGHEST GUST SPEED    23   HIGHEST GUST DIRECTION     W (260)
  AVERAGE WIND SPEED     9.0


SKY COVER
  POSSIBLE SUNSHINE  MM
  AVERAGE SKY COVER 0.6


WEATHER CONDITIONS
 THE FOLLOWING WEATHER WAS RECORDED YESTERDAY.
  LIGHT RAIN


RELATIVE HUMIDITY (PERCENT)
 HIGHEST    80          1200 AM
 LOWEST     56          1100 AM
 AVERAGE    68

..........................................................


THE LOS ANGELES INTL AIRPORT CA CLIMATE NORMALS FOR TODAY
                         NORMAL    RECORD    YEAR
 MAXIMUM TEMPERATURE (F)   68        79      1986
 MINIMUM TEMPERATURE (F)   58        49      1980
                                             1945


SUNRISE AND SUNSET
MAY 25 2016...........SUNRISE   546 AM PDT   SUNSET   756 PM PDT
MAY 26 2016...........SUNRISE   546 AM PDT   SUNSET   756 PM PDT


-  INDICATES NEGATIVE NUMBERS.
R  INDICATES RECORD WAS SET OR TIED.
MM INDICATES DATA IS MISSING.
T  INDICATES TRACE AMOUNT.




$$
