000
CDUS46 KLOX 290908
CLILAX


CLIMATE REPORT
NATIONAL WEATHER SERVICE LOS ANGELES/OXNARD CA
108 AM PST THU JAN 29 2015


...................................

...THE LOS ANGELES INTL AIRPORT CA CLIMATE SUMMARY FOR JANUARY 28 2015...

CLIMATE NORMAL PERIOD 1981 TO 2010
CLIMATE RECORD PERIOD 1944 TO 2015


WEATHER ITEM   OBSERVED TIME   RECORD YEAR NORMAL DEPARTURE LAST
                VALUE   (LST)  VALUE       VALUE  FROM      YEAR
                                                  NORMAL
..................................................................
TEMPERATURE (F)
 YESTERDAY
  MAXIMUM         72   1232 PM  86    1971  65      7       64
  MINIMUM         56    702 AM  32    1948  49      7       50
  AVERAGE         64                        57      7       57

PRECIPITATION (IN)
  YESTERDAY        0.00          1.82 1980   0.08  -0.08     0.00
  MONTH TO DATE    1.21                      2.43  -1.22      T
  SINCE OCT 1      5.91                      6.15  -0.24     1.01
  SINCE JAN 1      1.21                      2.43  -1.22      T

SNOWFALL (IN)
  YESTERDAY        0.0
  MONTH TO DATE    0.0
  SINCE DEC 1      0.0
  SINCE JUL 1      0.0

DEGREE DAYS
 HEATING
  YESTERDAY        1                         8     -7        8
  MONTH TO DATE  154                       235    -81      103
  SINCE DEC 1    361                       495   -134      296
  SINCE JUL 1    403                       677   -274      396

 COOLING
  YESTERDAY        0                         0      0        0
  MONTH TO DATE    6                         0      6       16
  SINCE DEC 1      8                         1      7       32
  SINCE JAN 1      6                         0      6       16
..................................................................


WIND (MPH)
  HIGHEST WIND SPEED    14   HIGHEST WIND DIRECTION     W (270)
  HIGHEST GUST SPEED    16   HIGHEST GUST DIRECTION     W (270)
  AVERAGE WIND SPEED     4.2


SKY COVER
  POSSIBLE SUNSHINE  MM
  AVERAGE SKY COVER 0.8


WEATHER CONDITIONS
 THE FOLLOWING WEATHER WAS RECORDED YESTERDAY.
  NO SIGNIFICANT WEATHER WAS OBSERVED.


RELATIVE HUMIDITY (PERCENT)
 HIGHEST    80          1200 AM
 LOWEST     47          1200 PM
 AVERAGE    64

..........................................................


THE LOS ANGELES INTL AIRPORT CA CLIMATE NORMALS FOR TODAY
                         NORMAL    RECORD    YEAR
 MAXIMUM TEMPERATURE (F)   65        83      1962
 MINIMUM TEMPERATURE (F)   49        34      1979


SUNRISE AND SUNSET
JANUARY 29 2015.......SUNRISE   653 AM PST   SUNSET   521 PM PST
JANUARY 30 2015.......SUNRISE   652 AM PST   SUNSET   522 PM PST


-  INDICATES NEGATIVE NUMBERS.
R  INDICATES RECORD WAS SET OR TIED.
MM INDICATES DATA IS MISSING.
T  INDICATES TRACE AMOUNT.




$$
