000
CDUS44 KLUB 221238
CLILBB

CLIMATE REPORT
NATIONAL WEATHER SERVICE LUBBOCK, TX
129 AM CDT MON SEP 22 2014


...................................

...THE LUBBOCK CLIMATE SUMMARY FOR SEPTEMBER 21 2014...

CLIMATE NORMAL PERIOD 1981 TO 2010
CLIMATE RECORD PERIOD 1911 TO 2014


WEATHER ITEM   OBSERVED TIME   RECORD YEAR NORMAL DEPARTURE LAST
                VALUE   (LST)  VALUE       VALUE  FROM      YEAR
                                                  NORMAL
..................................................................
TEMPERATURE (F)
 YESTERDAY
  MAXIMUM         75    131 PM  98    1998  83     -8       82
  MINIMUM         66   1159 PM  33    1983  57      9       49
  AVERAGE         71                        70      1       66

PRECIPITATION (IN)
  YESTERDAY        0.69          5.50 1936   0.08   0.61     0.00
  MONTH TO DATE    4.00                      1.80   2.20     0.08
  SINCE SEP 1      4.00                      1.80   2.20     0.08
  SINCE JAN 1     15.90                     14.87   1.03     9.86

SNOWFALL (IN)
  YESTERDAY        0.0           0.0  2002   0.0    0.0      0.0
  MONTH TO DATE    0.0                       0.0    0.0      0.0
  SINCE SEP 1      0.0                       0.0    0.0      0.0
  SINCE JUL 1      0.0                       0.0    0.0      0.0
  SNOW DEPTH       0

DEGREE DAYS
 HEATING
  YESTERDAY        0                         1     -1        0
  MONTH TO DATE   25                         8     17        0
  SINCE SEP 1     25                         8     17        0
  SINCE JUL 1     25                         8     17        0

 COOLING
  YESTERDAY        6                         6      0        1
  MONTH TO DATE  182                       180      2      249
  SINCE SEP 1    182                       180      2      249
  SINCE JAN 1   1811                      1706    105     1977
..................................................................


WIND (MPH)
  RESULTANT WIND SPEED   4   RESULTANT WIND DIRECTION  NE (60)
  HIGHEST WIND SPEED    16   HIGHEST WIND DIRECTION     S (180)
  HIGHEST GUST SPEED    20   HIGHEST GUST DIRECTION     S (170)
  AVERAGE WIND SPEED     5.7


SKY COVER
  AVERAGE SKY COVER 1.0


WEATHER CONDITIONS
 THE FOLLOWING WEATHER WAS RECORDED YESTERDAY.
  THUNDERSTORM
  HEAVY RAIN
  RAIN
  LIGHT RAIN
  FOG
  FOG W/VISIBILITY <= 1/4 MILE


RELATIVE HUMIDITY (PERCENT)
 HIGHEST   100           400 AM
 LOWEST     81           500 PM
 AVERAGE    91

..........................................................


THE LUBBOCK CLIMATE NORMALS FOR TODAY
                         NORMAL    RECORD    YEAR
 MAXIMUM TEMPERATURE (F)   83        98      1977
 MINIMUM TEMPERATURE (F)   56        40      1995


SUNRISE AND SUNSET
SEPTEMBER 22 2014.....SUNRISE   735 AM CDT   SUNSET   744 PM CDT
SEPTEMBER 23 2014.....SUNRISE   736 AM CDT   SUNSET   743 PM CDT


-  INDICATES NEGATIVE NUMBERS.
R  INDICATES RECORD WAS SET OR TIED.
MM INDICATES DATA IS MISSING.
T  INDICATES TRACE AMOUNT.




$$
