000
CDUS44 KLUB 230626
CLILBB


CLIMATE REPORT
NATIONAL WEATHER SERVICE LUBBOCK, TX
1226 AM CST THU FEB 23 2017


...................................

...THE LUBBOCK CLIMATE SUMMARY FOR FEBRUARY 22 2017...

CLIMATE NORMAL PERIOD 1981 TO 2010
CLIMATE RECORD PERIOD 1911 TO 2017


WEATHER ITEM   OBSERVED TIME   RECORD YEAR NORMAL DEPARTURE LAST
                VALUE   (LST)  VALUE       VALUE  FROM      YEAR
                                                  NORMAL
..................................................................
TEMPERATURE (F)
 YESTERDAY
  MAXIMUM         85    452 PM  87    1996  61     24       55
  MINIMUM         44    656 AM  12    1911  32     12       37
  AVERAGE         65                        46     19       46

PRECIPITATION (IN)
  YESTERDAY        0.00          0.51 1973   0.03  -0.03     0.09
  MONTH TO DATE    0.89                      0.59   0.30     0.09
  SINCE DEC 1      3.41                      2.00   1.41     1.96
  SINCE JAN 1      2.92                      1.24   1.68     0.39

SNOWFALL (IN)
  YESTERDAY        0.0           6.6  1973   0.0    0.0       T
  MONTH TO DATE    T                         1.4   -1.4       T
  SINCE DEC 1      0.2                       6.3   -6.1     13.3
  SINCE JUL 1      0.2                       7.2   -7.0     13.3
  SNOW DEPTH       0

DEGREE DAYS
 HEATING
  YESTERDAY        0                        19    -19       19
  MONTH TO DATE  286                       467   -181      370
  SINCE DEC 1   1645                      1990   -345     1764
  SINCE JUL 1   2009                      2632   -623     2283

 COOLING
  YESTERDAY        0                         0      0        0
  MONTH TO DATE    4                         0      4        4
  SINCE DEC 1      4                         0      4        4
  SINCE JAN 1      4                         0      4        4
..................................................................


WIND (MPH)
  RESULTANT WIND SPEED  11   RESULTANT WIND DIRECTION   W (280)
  HIGHEST WIND SPEED    28   HIGHEST WIND DIRECTION    NW (310)
  HIGHEST GUST SPEED    33   HIGHEST GUST DIRECTION    NW (300)
  AVERAGE WIND SPEED    12.9


SKY COVER
  AVERAGE SKY COVER 0.3


WEATHER CONDITIONS
 THE FOLLOWING WEATHER WAS RECORDED YESTERDAY.
  HAZE


RELATIVE HUMIDITY (PERCENT)
 HIGHEST    62           700 AM
 LOWEST     13           500 PM
 AVERAGE    38

..........................................................


THE LUBBOCK CLIMATE NORMALS FOR TODAY
                         NORMAL    RECORD    YEAR
 MAXIMUM TEMPERATURE (F)   61        85      2009
                                             1918
 MINIMUM TEMPERATURE (F)   32         9      1914


SUNRISE AND SUNSET
FEBRUARY 23 2017......SUNRISE   722 AM CST   SUNSET   639 PM CST
FEBRUARY 24 2017......SUNRISE   721 AM CST   SUNSET   640 PM CST


-  INDICATES NEGATIVE NUMBERS.
R  INDICATES RECORD WAS SET OR TIED.
MM INDICATES DATA IS MISSING.
T  INDICATES TRACE AMOUNT.




$$
