000
CDUS44 KLUB 230640
CLILBB


CLIMATE REPORT
NATIONAL WEATHER SERVICE LUBBOCK, TX
139 AM CDT SAT MAY 23 2015


...................................

...THE LUBBOCK CLIMATE SUMMARY FOR MAY 22 2015...

CLIMATE NORMAL PERIOD 1981 TO 2010
CLIMATE RECORD PERIOD 1911 TO 2015


WEATHER ITEM   OBSERVED TIME   RECORD YEAR NORMAL DEPARTURE LAST
                VALUE   (LST)  VALUE       VALUE  FROM      YEAR
                                                  NORMAL
..................................................................
TEMPERATURE (F)
 YESTERDAY
  MAXIMUM         64    431 PM 105    1996  85    -21       89
  MINIMUM         51    238 AM  40    1931  58     -7       62
  AVERAGE         58                        72    -14       76

PRECIPITATION (IN)
  YESTERDAY        0.51          1.47 1985   0.09   0.42     0.05
  MONTH TO DATE    8.29                      1.47   6.82     0.05
  SINCE MAR 1      9.83                      3.98   5.85     0.79
  SINCE JAN 1     12.10                      5.38   6.72     0.95

SNOWFALL (IN)
  YESTERDAY        0.0           0.0  2002   0.0    0.0      0.0
  MONTH TO DATE    0.0                       0.0    0.0      0.0
  SINCE MAR 1      1.1                       0.8    0.3       T
  SINCE JUL 1     14.7                       8.2    6.5      4.2
  SNOW DEPTH       0

DEGREE DAYS
 HEATING
  YESTERDAY        7                         1      6        0
  MONTH TO DATE   41                        35      6       44
  SINCE MAR 1    553                       633    -80      654
  SINCE JUL 1   3272                      3372   -100     3506

 COOLING
  YESTERDAY        0                         7     -7       11
  MONTH TO DATE   53                       113    -60      176
  SINCE MAR 1    108                       169    -61      234
  SINCE JAN 1    108                       169    -61      234
..................................................................


WIND (MPH)
  RESULTANT WIND SPEED   9   RESULTANT WIND DIRECTION  SE (120)
  HIGHEST WIND SPEED    17   HIGHEST WIND DIRECTION     E (110)
  HIGHEST GUST SPEED    21   HIGHEST GUST DIRECTION     E (110)
  AVERAGE WIND SPEED     9.3


SKY COVER
  AVERAGE SKY COVER 0.9


WEATHER CONDITIONS
 THE FOLLOWING WEATHER WAS RECORDED YESTERDAY.
  THUNDERSTORM
  HEAVY RAIN
  RAIN
  LIGHT RAIN
  FOG
  FOG W/VISIBILITY <= 1/4 MILE


RELATIVE HUMIDITY (PERCENT)
 HIGHEST   100           200 AM
 LOWEST     84           100 PM
 AVERAGE    92

..........................................................


THE LUBBOCK CLIMATE NORMALS FOR TODAY
                         NORMAL    RECORD    YEAR
 MAXIMUM TEMPERATURE (F)   86       105      2000
 MINIMUM TEMPERATURE (F)   58        45      1917


SUNRISE AND SUNSET
MAY 23 2015...........SUNRISE   642 AM CDT   SUNSET   847 PM CDT
MAY 24 2015...........SUNRISE   641 AM CDT   SUNSET   847 PM CDT


-  INDICATES NEGATIVE NUMBERS.
R  INDICATES RECORD WAS SET OR TIED.
MM INDICATES DATA IS MISSING.
T  INDICATES TRACE AMOUNT.




$$
