000
CDUS44 KLUB 120125
CLILBB


CLIMATE REPORT
NATIONAL WEATHER SERVICE LUBBOCK, TX
825 PM CDT FRI JUL 11 2014


...................................

...THE LUBBOCK CLIMATE SUMMARY FOR JULY 11 2014...
VALID TODAY AS OF 0800 PM LOCAL TIME.

CLIMATE NORMAL PERIOD 1981 TO 2010
CLIMATE RECORD PERIOD 1911 TO 2014


WEATHER ITEM   OBSERVED TIME   RECORD YEAR NORMAL DEPARTURE LAST
                VALUE   (LST)  VALUE       VALUE  FROM      YEAR
                                                  NORMAL
..................................................................
TEMPERATURE (F)
 TODAY
  MAXIMUM         89    324 PM 104    1970  93     -4       98
                                      1940
                                      1933
  MINIMUM         68    607 AM  57    1999  68      0       75
  AVERAGE         79                        80     -1       87

PRECIPITATION (IN)
  TODAY            0.00          0.69 1982   0.07  -0.07     0.00
                                      1942
  MONTH TO DATE    2.16                      0.78   1.38     0.09
  SINCE JUN 1      4.75                      3.82   0.93     1.76
  SINCE JAN 1     10.88                     10.03   0.85     5.18

SNOWFALL (IN)
  TODAY            0.0           0.0  2002   0.0    0.0      0.0
  MONTH TO DATE    0.0                       0.0    0.0      0.0
  SINCE JUN 1      0.0                       0.0    0.0      0.0
  SINCE JUL 1      0.0                       0.0    0.0      0.0
  SNOW DEPTH       0

DEGREE DAYS
 HEATING
  TODAY            0                         0      0        0
  MONTH TO DATE    0                         0      0        0
  SINCE JUN 1      0                         2     -2        0
  SINCE JUL 1      0                         0      0        0

 COOLING
  TODAY           14                        15     -1       22
  MONTH TO DATE  146                       165    -19      174
  SINCE JUN 1    553                       539     14      648
  SINCE JAN 1    832                       785     47      963
..................................................................


WIND (MPH)
  RESULTANT WIND SPEED  13   RESULTANT WIND DIRECTION   S (170)
  HIGHEST WIND SPEED    23   HIGHEST WIND DIRECTION    SE (150)
  HIGHEST GUST SPEED    28   HIGHEST GUST DIRECTION    SE (140)
  AVERAGE WIND SPEED    13.5


SKY COVER
  AVERAGE SKY COVER 0.2


WEATHER CONDITIONS
 THE FOLLOWING WEATHER WAS RECORDED TODAY.
  NO SIGNIFICANT WEATHER WAS OBSERVED.


RELATIVE HUMIDITY (PERCENT)
 HIGHEST    73           600 AM
 LOWEST     39           300 PM
 AVERAGE    56

..........................................................


THE LUBBOCK CLIMATE NORMALS FOR TOMORROW
                         NORMAL    RECORD    YEAR
 MAXIMUM TEMPERATURE (F)   93       105      1933
 MINIMUM TEMPERATURE (F)   68        57      1999


SUNRISE AND SUNSET
JULY 11 2014..........SUNRISE   646 AM CDT   SUNSET   900 PM CDT
JULY 12 2014..........SUNRISE   646 AM CDT   SUNSET   859 PM CDT


-  INDICATES NEGATIVE NUMBERS.
R  INDICATES RECORD WAS SET OR TIED.
MM INDICATES DATA IS MISSING.
T  INDICATES TRACE AMOUNT.




$$
