000
CDUS44 KLUB 270626
CLILBB


CLIMATE REPORT
NATIONAL WEATHER SERVICE LUBBOCK, TX
1226 AM CST SAT DEC 27 2014


...................................

...THE LUBBOCK CLIMATE SUMMARY FOR DECEMBER 26 2014...

CLIMATE NORMAL PERIOD 1981 TO 2010
CLIMATE RECORD PERIOD 1911 TO 2014


WEATHER ITEM   OBSERVED TIME   RECORD YEAR NORMAL DEPARTURE LAST
                VALUE   (LST)  VALUE       VALUE  FROM      YEAR
                                                  NORMAL
..................................................................
TEMPERATURE (F)
 YESTERDAY
  MAXIMUM         56    440 PM  77    2005  53      3       52
  MINIMUM         32   1159 PM   0    1918  26      6       19
  AVERAGE         44                        39      5       36

PRECIPITATION (IN)
  YESTERDAY        T             0.88 2000   0.02  -0.02     0.00
  MONTH TO DATE    0.13                      0.65  -0.52     0.60
  SINCE DEC 1      0.13                      0.65  -0.52     0.60
  SINCE JAN 1     22.30                     19.01   3.29    12.61

SNOWFALL (IN)
  YESTERDAY        T             8.3  2000   0.1   -0.1      0.0
  MONTH TO DATE    T                         1.9   -1.9      0.2
  SINCE DEC 1      T                         1.9   -1.9      0.2
  SINCE JUL 1      0.5                       2.8   -2.3      2.4
  SNOW DEPTH       0

DEGREE DAYS
 HEATING
  YESTERDAY       21                        26     -5       29
  MONTH TO DATE  482                       628   -146      661
  SINCE DEC 1    482                       628   -146      661
  SINCE JUL 1   1157                      1270   -113     1314

 COOLING
  YESTERDAY        0                         0      0        0
  MONTH TO DATE    0                         0      0        0
  SINCE DEC 1      0                         0      0        0
  SINCE JAN 1   1917                      1804    113     2123
..................................................................


WIND (MPH)
  RESULTANT WIND SPEED   4   RESULTANT WIND DIRECTION  SW (230)
  HIGHEST WIND SPEED    25   HIGHEST WIND DIRECTION     W (260)
  HIGHEST GUST SPEED    30   HIGHEST GUST DIRECTION     W (250)
  AVERAGE WIND SPEED    11.1


SKY COVER
  AVERAGE SKY COVER 0.5


WEATHER CONDITIONS
 THE FOLLOWING WEATHER WAS RECORDED YESTERDAY.
  LIGHT RAIN
  SNOW
  LIGHT SNOW
  SLEET
  FOG


RELATIVE HUMIDITY (PERCENT)
 HIGHEST    76           700 AM
 LOWEST     38           500 PM
 AVERAGE    57

..........................................................


THE LUBBOCK CLIMATE NORMALS FOR TODAY
                         NORMAL    RECORD    YEAR
 MAXIMUM TEMPERATURE (F)   53        76      2006
                                             1976
 MINIMUM TEMPERATURE (F)   26         3      1918


SUNRISE AND SUNSET
DECEMBER 27 2014......SUNRISE   750 AM CST   SUNSET   546 PM CST
DECEMBER 28 2014......SUNRISE   751 AM CST   SUNSET   547 PM CST


-  INDICATES NEGATIVE NUMBERS.
R  INDICATES RECORD WAS SET OR TIED.
MM INDICATES DATA IS MISSING.
T  INDICATES TRACE AMOUNT.




$$
