000
CDUS43 KLBF 061039
CLILBF


CLIMATE REPORT
NATIONAL WEATHER SERVICE NORTH PLATTE
438 AM CST TUE DEC 6 2016


...................................

...THE NORTH PLATTE NE CLIMATE SUMMARY FOR DECEMBER 5 2016...

CLIMATE NORMAL PERIOD 1981 TO 2010
CLIMATE RECORD PERIOD 1874 TO 2016


WEATHER ITEM   OBSERVED TIME   RECORD YEAR NORMAL DEPARTURE LAST
                VALUE   (LST)  VALUE       VALUE  FROM      YEAR
                                                  NORMAL
..................................................................
TEMPERATURE (F)
 YESTERDAY
  MAXIMUM         58    156 PM  72    1939  41     17       51
  MINIMUM         23   1027 PM -13    1972  13     10       26
  AVERAGE         41                        27     14       39

PRECIPITATION (IN)
  YESTERDAY        0.00          1.41 1913   0.02  -0.02     0.00
  MONTH TO DATE    0.00                      0.07  -0.07     0.09
  SINCE DEC 1      0.00                      0.07  -0.07     0.09
  SINCE JAN 1     22.43                     19.89   2.54    20.64

SNOWFALL (IN)
  YESTERDAY        0.0           1.5  1958   0.2   -0.2      0.0
  MONTH TO DATE    0.0                       0.7   -0.7      1.6
  SINCE DEC 1      0.0                       0.7   -0.7      1.6
  SINCE JUL 1      5.0                       6.9   -1.9      6.2
  SNOW DEPTH       0

DEGREE DAYS
 HEATING
  YESTERDAY       24                        38    -14       26
  MONTH TO DATE  157                       187    -30      162
  SINCE DEC 1    157                       187    -30      162
  SINCE JUL 1   1198                      1738   -540     1348

 COOLING
  YESTERDAY        0                         0      0        0
  MONTH TO DATE    0                         0      0        0
  SINCE DEC 1      0                         0      0        0
  SINCE JAN 1    911                       768    143      823
..................................................................


WIND (MPH)
  HIGHEST WIND SPEED    35   HIGHEST WIND DIRECTION     W (290)
  HIGHEST GUST SPEED    43   HIGHEST GUST DIRECTION     W (290)
  AVERAGE WIND SPEED     9.7


SKY COVER
  POSSIBLE SUNSHINE  MM
  AVERAGE SKY COVER 0.7


WEATHER CONDITIONS
 THE FOLLOWING WEATHER WAS RECORDED YESTERDAY.
  NO SIGNIFICANT WEATHER WAS OBSERVED.


RELATIVE HUMIDITY (PERCENT)
 HIGHEST    68          1100 PM
 LOWEST     24           300 PM
 AVERAGE    46

..........................................................


THE NORTH PLATTE NE CLIMATE NORMALS FOR TODAY
                         NORMAL    RECORD    YEAR
 MAXIMUM TEMPERATURE (F)   41        76      1939
 MINIMUM TEMPERATURE (F)   13       -15      1972


SUNRISE AND SUNSET
DECEMBER  6 2016......SUNRISE   754 AM CST   SUNSET   514 PM CST
DECEMBER  7 2016......SUNRISE   755 AM CST   SUNSET   514 PM CST


-  INDICATES NEGATIVE NUMBERS.
R  INDICATES RECORD WAS SET OR TIED.
MM INDICATES DATA IS MISSING.
T  INDICATES TRACE AMOUNT.




$$
