000
CDUS43 KLBF 010939 RRA
CLILBF

CLIMATE REPORT
NATIONAL WEATHER SERVICE NORTH PLATTE
438 AM CDT TUE SEP 1 2015

...................................

...THE NORTH PLATTE NE CLIMATE SUMMARY FOR AUGUST 31 2015...

CLIMATE NORMAL PERIOD 1981 TO 2010
CLIMATE RECORD PERIOD 1874 TO 2015


WEATHER ITEM   OBSERVED TIME   RECORD YEAR NORMAL DEPARTURE LAST
                VALUE   (LST)  VALUE       VALUE  FROM      YEAR
                                                  NORMAL
..................................................................
TEMPERATURE (F)
 YESTERDAY
  MAXIMUM         92    218 PM 102    1922  84      8       75
  MINIMUM         54    608 AM  38    1993  54      0       54
  AVERAGE         73                        69      4       65

PRECIPITATION (IN)
  YESTERDAY        0.00          0.80 1901   0.05  -0.05      T
  MONTH TO DATE    3.19                      2.29   0.90     5.10
  SINCE JUN 1      8.47                      8.78  -0.31    13.99
  SINCE JAN 1     16.57                     16.22   0.35    18.28

SNOWFALL (IN)
  YESTERDAY        0.0           0.0  2002   0.0    0.0      0.0
                                      2001
  MONTH TO DATE    0.0                       0.0    0.0      0.0
  SINCE JUN 1      0.0                       0.0    0.0       T
  SINCE JUL 1      0.0                       0.0    0.0      0.0
  SNOW DEPTH       0

DEGREE DAYS
 HEATING
  YESTERDAY        0                         1     -1        0
  MONTH TO DATE   23                        10     13        0
  SINCE JUN 1     34                        71    -37       56
  SINCE JUL 1     29                        20      9       17

 COOLING
  YESTERDAY        8                         5      3        0
  MONTH TO DATE  190                       236    -46      254
  SINCE JUN 1    666                       667     -1      620
  SINCE JAN 1    668                       695    -27      669
..................................................................


WIND (MPH)
  HIGHEST WIND SPEED    13   HIGHEST WIND DIRECTION    NW (320)
  HIGHEST GUST SPEED    18   HIGHEST GUST DIRECTION     S (160)
  AVERAGE WIND SPEED     5.9


SKY COVER
  POSSIBLE SUNSHINE  MM
  AVERAGE SKY COVER 0.0


WEATHER CONDITIONS
 THE FOLLOWING WEATHER WAS RECORDED YESTERDAY.
  NO SIGNIFICANT WEATHER WAS OBSERVED.


RELATIVE HUMIDITY (PERCENT)
 HIGHEST    93           600 AM
 LOWEST     30           200 PM
 AVERAGE    62

..........................................................


THE NORTH PLATTE NE CLIMATE NORMALS FOR TODAY
                         NORMAL    RECORD    YEAR
 MAXIMUM TEMPERATURE (F)   83        99      2011
 MINIMUM TEMPERATURE (F)   54        35      1956


SUNRISE AND SUNSET
SEPTEMBER  1 2015.....SUNRISE   709 AM CDT   SUNSET   816 PM CDT
SEPTEMBER  2 2015.....SUNRISE   710 AM CDT   SUNSET   814 PM CDT


-  INDICATES NEGATIVE NUMBERS.
R  INDICATES RECORD WAS SET OR TIED.
MM INDICATES DATA IS MISSING.
T  INDICATES TRACE AMOUNT.

$$
