000
CDUS43 KLBF 200901
CLILBF


CLIMATE REPORT
NATIONAL WEATHER SERVICE NORTH PLATTE
400 AM CDT SUN AUG 20 2017


...................................

...THE NORTH PLATTE NE CLIMATE SUMMARY FOR AUGUST 19 2017...

CLIMATE NORMAL PERIOD 1981 TO 2010
CLIMATE RECORD PERIOD 1874 TO 2017


WEATHER ITEM   OBSERVED TIME   RECORD YEAR NORMAL DEPARTURE LAST
                VALUE   (LST)  VALUE       VALUE  FROM      YEAR
                                                  NORMAL
..................................................................
TEMPERATURE (F)
 YESTERDAY
  MAXIMUM         93    318 PM  99    1952  86      7       75
                                      1948
                                      1928
  MINIMUM         56    626 AM  38    1978  58     -2       57
  AVERAGE         75                        72      3       66

PRECIPITATION (IN)
  YESTERDAY        0.00          1.89 1920   0.06  -0.06     0.04
  MONTH TO DATE    3.56                      1.62   1.94     0.80
  SINCE JUN 1      9.18                      8.11   1.07     7.90
  SINCE JAN 1     17.72                     15.55   2.17    19.08

SNOWFALL (IN)
  YESTERDAY        0.0           0.0  2002   0.0    0.0      0.0
                                      2001
  MONTH TO DATE    0.0                       0.0    0.0      0.0
  SINCE JUN 1      T                         0.0    0.0      0.0
  SINCE JUL 1      T                         0.0    0.0      0.0
  SNOW DEPTH       0

DEGREE DAYS
 HEATING
  YESTERDAY        0                         0      0        0
  MONTH TO DATE    4                         0      4        0
  SINCE JUN 1     11                        56    -45       16
  SINCE JUL 1      4                         5     -1        6

 COOLING
  YESTERDAY       10                         7      3        1
  MONTH TO DATE   95                       161    -66      181
  SINCE JUN 1    726                       592    134      733
  SINCE JAN 1    743                       620    123      743
..................................................................


WIND (MPH)
  HIGHEST WIND SPEED    23   HIGHEST WIND DIRECTION     S (180)
  HIGHEST GUST SPEED    31   HIGHEST GUST DIRECTION     S (180)
  AVERAGE WIND SPEED     7.3


SKY COVER
  POSSIBLE SUNSHINE  MM
  AVERAGE SKY COVER 0.0


WEATHER CONDITIONS
 THE FOLLOWING WEATHER WAS RECORDED YESTERDAY.
  FOG


RELATIVE HUMIDITY (PERCENT)
 HIGHEST   100           500 AM
 LOWEST     41           300 PM
 AVERAGE    71

..........................................................


THE NORTH PLATTE NE CLIMATE NORMALS FOR TODAY
                         NORMAL    RECORD    YEAR
 MAXIMUM TEMPERATURE (F)   86       101      1898
 MINIMUM TEMPERATURE (F)   58        40      1950


SUNRISE AND SUNSET
AUGUST 20 2017........SUNRISE   658 AM CDT   SUNSET   834 PM CDT
AUGUST 21 2017........SUNRISE   659 AM CDT   SUNSET   832 PM CDT


-  INDICATES NEGATIVE NUMBERS.
R  INDICATES RECORD WAS SET OR TIED.
MM INDICATES DATA IS MISSING.
T  INDICATES TRACE AMOUNT.




$$
