000
CDUS43 KLBF 300935
CLILBF

CLIMATE REPORT
NATIONAL WEATHER SERVICE NORTH PLATTE
434 AM CDT TUE JUN 30 2015


...................................

...THE NORTH PLATTE NE CLIMATE SUMMARY FOR JUNE 29 2015...

CLIMATE NORMAL PERIOD 1981 TO 2010
CLIMATE RECORD PERIOD 1874 TO 2015


WEATHER ITEM   OBSERVED TIME   RECORD YEAR NORMAL DEPARTURE LAST
                VALUE   (LST)  VALUE       VALUE  FROM      YEAR
                                                  NORMAL
..................................................................
TEMPERATURE (F)
 YESTERDAY
  MAXIMUM         93    326 PM 104    1911  86      7       90
  MINIMUM         54    537 AM  46    1908  58     -4       60
                                      1880
  AVERAGE         74                        72      2       75

PRECIPITATION (IN)
  YESTERDAY        T             2.52 1988   0.10  -0.10     0.00
  MONTH TO DATE    2.73                      3.33  -0.60     8.73
  SINCE JUN 1      2.73                      3.33  -0.60     8.73
  SINCE JAN 1     10.83                     10.77   0.06    13.02

SNOWFALL (IN)
  YESTERDAY        0.0           0.0    MM   0.0    0.0      0.0
  MONTH TO DATE    0.0                       0.0    0.0       T
  SINCE JUN 1      0.0                       0.0    0.0       T
  SINCE JUL 1     21.3                      28.5   -7.2     29.8
  SNOW DEPTH       0

DEGREE DAYS
 HEATING
  YESTERDAY        0                         0      0        0
  MONTH TO DATE    5                        52    -47       39
  SINCE JUN 1      5                        52    -47       39
  SINCE JUL 1   6275                      6687   -412     6869

 COOLING
  YESTERDAY        9                         8      1       10
  MONTH TO DATE  164                       130     34      127
  SINCE JUN 1    164                       130     34      127
  SINCE JAN 1    166                       158      8      176
..................................................................


WIND (MPH)
  HIGHEST WIND SPEED    12   HIGHEST WIND DIRECTION     N (350)
  HIGHEST GUST SPEED    16   HIGHEST GUST DIRECTION    NE (30)
  AVERAGE WIND SPEED     3.7


SKY COVER
  POSSIBLE SUNSHINE  MM
  AVERAGE SKY COVER 0.0


WEATHER CONDITIONS
 THE FOLLOWING WEATHER WAS RECORDED YESTERDAY.
  NO SIGNIFICANT WEATHER WAS OBSERVED.


RELATIVE HUMIDITY (PERCENT)
 HIGHEST    93           200 AM
 LOWEST     29           500 PM
 AVERAGE    61

..........................................................


THE NORTH PLATTE NE CLIMATE NORMALS FOR TODAY
                         NORMAL    RECORD    YEAR
 MAXIMUM TEMPERATURE (F)   87       102      1933
 MINIMUM TEMPERATURE (F)   58        44      1918


SUNRISE AND SUNSET
JUNE 30 2015..........SUNRISE   613 AM CDT   SUNSET   919 PM CDT
JULY  1 2015..........SUNRISE   614 AM CDT   SUNSET   919 PM CDT


-  INDICATES NEGATIVE NUMBERS.
R  INDICATES RECORD WAS SET OR TIED.
MM INDICATES DATA IS MISSING.
T  INDICATES TRACE AMOUNT.

$$
