000
CDUS43 KLBF 170932
CLILBF

CLIMATE REPORT
NATIONAL WEATHER SERVICE NORTH PLATTE
432 AM CDT WED SEP 17 2014


...................................

...THE NORTH PLATTE NE CLIMATE SUMMARY FOR SEPTEMBER 16 2014...

CLIMATE NORMAL PERIOD 1981 TO 2010
CLIMATE RECORD PERIOD 1874 TO 2014


WEATHER ITEM   OBSERVED TIME   RECORD YEAR NORMAL DEPARTURE LAST
                VALUE   (LST)  VALUE       VALUE  FROM      YEAR
                                                  NORMAL
..................................................................
TEMPERATURE (F)
 YESTERDAY
  MAXIMUM         77    439 PM  94    1895  78     -1       59
                                      1891
  MINIMUM         43   1212 AM  25    1903  47     -4       54
  AVERAGE         60                        62     -2       57

PRECIPITATION (IN)
  YESTERDAY        0.00          0.61 1913   0.05  -0.05     0.01
  MONTH TO DATE    0.82                      0.75   0.07     3.69
  SINCE SEP 1      0.82                      0.75   0.07     3.69
  SINCE JAN 1     19.10                     16.97   2.13    18.05

SNOWFALL (IN)
  YESTERDAY        0.0           0.0  2002   0.0    0.0      0.0
                                      2001
  MONTH TO DATE    T                         0.0    0.0      0.0
  SINCE SEP 1      T                         0.0    0.0      0.0
  SINCE JUL 1      T                         0.0    0.0      0.0
  SNOW DEPTH       0

DEGREE DAYS
 HEATING
  YESTERDAY        5                         5      0        8
  MONTH TO DATE  112                        49     63       14
  SINCE SEP 1    112                        49     63       14
  SINCE JUL 1    129                        69     60       27

 COOLING
  YESTERDAY        0                         2     -2        0
  MONTH TO DATE   30                        55    -25      140
  SINCE SEP 1     30                        55    -25      140
  SINCE JAN 1    699                       750    -51      977
..................................................................


WIND (MPH)
  HIGHEST WIND SPEED    26   HIGHEST WIND DIRECTION     S (160)
  HIGHEST GUST SPEED    36   HIGHEST GUST DIRECTION     S (160)
  AVERAGE WIND SPEED     8.4


SKY COVER
  POSSIBLE SUNSHINE  MM
  AVERAGE SKY COVER 0.1


WEATHER CONDITIONS
 THE FOLLOWING WEATHER WAS RECORDED YESTERDAY.
  FOG


RELATIVE HUMIDITY (PERCENT)
 HIGHEST   100          1000 PM
 LOWEST     50           400 PM
 AVERAGE    75

..........................................................


THE NORTH PLATTE NE CLIMATE NORMALS FOR TODAY
                         NORMAL    RECORD    YEAR
 MAXIMUM TEMPERATURE (F)   77       101      1895
 MINIMUM TEMPERATURE (F)   46        24      1903


SUNRISE AND SUNSET
SEPTEMBER 17 2014.....SUNRISE   725 AM CDT   SUNSET   748 PM CDT
SEPTEMBER 18 2014.....SUNRISE   726 AM CDT   SUNSET   747 PM CDT


-  INDICATES NEGATIVE NUMBERS.
R  INDICATES RECORD WAS SET OR TIED.
MM INDICATES DATA IS MISSING.
T  INDICATES TRACE AMOUNT.




$$
