000
CDUS43 KLBF 232243
CLILBF


CLIMATE REPORT
NATIONAL WEATHER SERVICE NORTH PLATTE
542 PM CDT MON OCT 23 2017


...................................

...THE NORTH PLATTE NE CLIMATE SUMMARY FOR OCTOBER 23 2017...
VALID TODAY AS OF 0500 PM LOCAL TIME.

CLIMATE NORMAL PERIOD 1981 TO 2010
CLIMATE RECORD PERIOD 1874 TO 2017


WEATHER ITEM   OBSERVED TIME   RECORD YEAR NORMAL DEPARTURE LAST
                VALUE   (LST)  VALUE       VALUE  FROM      YEAR
                                                  NORMAL
..................................................................
TEMPERATURE (F)
 TODAY
  MAXIMUM         62    259 PM  88    1899  62      0       70
  MINIMUM         39    153 AM   9    1917  31      8       36
  AVERAGE         51                        46      5       53

PRECIPITATION (IN)
  TODAY            T             1.10 1883   0.05  -0.05     0.00
  MONTH TO DATE    3.05                      1.23   1.82     1.54
  SINCE SEP 1      7.80                      2.64   5.16     2.48
  SINCE JAN 1     25.56                     18.86   6.70    21.64

SNOWFALL (IN)
  TODAY            0.0           5.7  2002   0.1   -0.1      0.0
  MONTH TO DATE    0.0                       1.3   -1.3       T
  SINCE SEP 1      0.0                       1.5   -1.5       T
  SINCE JUL 1      T                         1.5   -1.5       T
  SNOW DEPTH       0

DEGREE DAYS
 HEATING
  TODAY           14                        19     -5       12
  MONTH TO DATE  244                       334    -90      219
  SINCE SEP 1    349                       485   -136      298
  SINCE JUL 1    353                       505   -152      310

 COOLING
  TODAY            0                         0      0        0
  MONTH TO DATE    1                         0      1        3
  SINCE SEP 1    131                        70     61      104
  SINCE JAN 1    954                       765    189      911
..................................................................


WIND (MPH)
  HIGHEST WIND SPEED    35   HIGHEST WIND DIRECTION     N (340)
  HIGHEST GUST SPEED    45   HIGHEST GUST DIRECTION    NW (330)
  AVERAGE WIND SPEED    17.8


SKY COVER
  POSSIBLE SUNSHINE  MM
  AVERAGE SKY COVER 0.2


WEATHER CONDITIONS
 THE FOLLOWING WEATHER WAS RECORDED TODAY.
  NO SIGNIFICANT WEATHER WAS OBSERVED.


RELATIVE HUMIDITY (PERCENT)
 HIGHEST    85           100 AM
 LOWEST     19           400 PM
 AVERAGE    52

..........................................................


THE NORTH PLATTE NE CLIMATE NORMALS FOR TOMORROW
                         NORMAL    RECORD    YEAR
 MAXIMUM TEMPERATURE (F)   61        86      1940
 MINIMUM TEMPERATURE (F)   31         9      1887


SUNRISE AND SUNSET
OCTOBER 23 2017.......SUNRISE   804 AM CDT   SUNSET   650 PM CDT
OCTOBER 24 2017.......SUNRISE   805 AM CDT   SUNSET   648 PM CDT


-  INDICATES NEGATIVE NUMBERS.
R  INDICATES RECORD WAS SET OR TIED.
MM INDICATES DATA IS MISSING.
T  INDICATES TRACE AMOUNT.




$$
