000
CDUS43 KLBF 182234
CLILBF

CLIMATE REPORT
NATIONAL WEATHER SERVICE NORTH PLATTE
533 PM CDT FRI APR 18 2014


...................................

...THE NORTH PLATTE NE CLIMATE SUMMARY FOR APRIL 18 2014...
VALID TODAY AS OF 0500 PM LOCAL TIME.

CLIMATE NORMAL PERIOD 1981 TO 2010
CLIMATE RECORD PERIOD 1874 TO 2014


WEATHER ITEM   OBSERVED TIME   RECORD YEAR NORMAL DEPARTURE LAST
                VALUE   (LST)  VALUE       VALUE  FROM      YEAR
                                                  NORMAL
..................................................................
TEMPERATURE (F)
 TODAY
  MAXIMUM         73    430 PM  92    1948  63     10       35
  MINIMUM         38    630 AM  17    1953  34      4       25
  AVERAGE         56                        48      8       30

PRECIPITATION (IN)
  TODAY            0.00          4.11 1942   0.08  -0.08     0.01
  MONTH TO DATE    0.14                      1.21  -1.07     1.25
  SINCE MAR 1      0.93                      2.26  -1.33     1.74
  SINCE JAN 1      1.98                      3.10  -1.12     3.02

SNOWFALL (IN)
  TODAY            0.0           2.0  1920   0.2   -0.2      0.1
  MONTH TO DATE    1.1                       2.5   -1.4      6.7
  SINCE MAR 1      7.4                       6.9    0.5      9.4
  SINCE JUL 1     29.8                      27.8    2.0     29.3
  SNOW DEPTH       0

DEGREE DAYS
 HEATING
  TODAY            9                        17     -8       35
  MONTH TO DATE  364                       351     13      448
  SINCE MAR 1   1238                      1188     50     1321
  SINCE JUL 1   6429                      6216    213     6281

 COOLING
  TODAY            0                         0      0        0
  MONTH TO DATE    0                         0      0        0
  SINCE MAR 1      0                         0      0        0
  SINCE JAN 1      0                         0      0        0
..................................................................


WIND (MPH)
  HIGHEST WIND SPEED    29   HIGHEST WIND DIRECTION     S (170)
  HIGHEST GUST SPEED    37   HIGHEST GUST DIRECTION     S (170)
  AVERAGE WIND SPEED    16.4


SKY COVER
  POSSIBLE SUNSHINE  MM
  AVERAGE SKY COVER 0.0


WEATHER CONDITIONS
 THE FOLLOWING WEATHER WAS RECORDED TODAY.
  NO SIGNIFICANT WEATHER WAS OBSERVED.


RELATIVE HUMIDITY (PERCENT)
 HIGHEST    85           600 AM
 LOWEST     31           400 PM
 AVERAGE    58

..........................................................


THE NORTH PLATTE NE CLIMATE NORMALS FOR TOMORROW
                         NORMAL    RECORD    YEAR
 MAXIMUM TEMPERATURE (F)   63        89      1987
 MINIMUM TEMPERATURE (F)   34        17      1953


SUNRISE AND SUNSET
APRIL 18 2014.........SUNRISE   659 AM CDT   SUNSET   826 PM CDT
APRIL 19 2014.........SUNRISE   657 AM CDT   SUNSET   827 PM CDT


-  INDICATES NEGATIVE NUMBERS.
R  INDICATES RECORD WAS SET OR TIED.
MM INDICATES DATA IS MISSING.
T  INDICATES TRACE AMOUNT.

$$
