000
CDUS42 KILM 172141
CLILBT


CLIMATE REPORT
NATIONAL WEATHER SERVICE WILMINGTON NC
440 PM EST FRI NOV 17 2017


...................................

...THE LUMBERTON NC CLIMATE SUMMARY FOR NOVEMBER 17 2017...
VALID TODAY AS OF 0400 PM LOCAL TIME.

CLIMATE NORMAL PERIOD 1981 TO 2010
CLIMATE RECORD PERIOD 9999 TO 9999


WEATHER ITEM   OBSERVED TIME   NORMAL DEPARTURE LAST
                VALUE   (LST)  VALUE  FROM      YEAR
                                      NORMAL
......................................................
TEMPERATURE (F)
 TODAY
  MAXIMUM         61    322 PM  67     -6       71
  MINIMUM         32    415 AM  41     -9       39
  AVERAGE         47            54     -7       55

PRECIPITATION (IN)
  TODAY            0.00          0.10  -0.10     0.00
  MONTH TO DATE    0.54          1.55  -1.01     0.85
  SINCE SEP 1      7.74          8.92  -1.18    20.82
  SINCE JAN 1     39.55         39.31   0.24    53.33

SNOWFALL (IN)
  TODAY           MM
  MONTH TO DATE   MM
  SINCE SEP 1     MM
  SINCE JUL 1     MM
  SNOW DEPTH      MM

DEGREE DAYS
 HEATING
  TODAY           18            11      7       10
  MONTH TO DATE  159           160     -1      168
  SINCE SEP 1    256           292    -36      204
  SINCE JUL 1    256           292    -36      204

 COOLING
  TODAY            0             0      0        0
  MONTH TO DATE   12            10      2        4
  SINCE SEP 1    371           332     39      462
  SINCE JAN 1   2105          1904    201     2361
......................................................


WIND (MPH)
  HIGHEST WIND SPEED    13   HIGHEST WIND DIRECTION    NE (40)
  HIGHEST GUST SPEED    17   HIGHEST GUST DIRECTION    NE (40)
  AVERAGE WIND SPEED     4.0


SKY COVER
  POSSIBLE SUNSHINE  MM
  AVERAGE SKY COVER 0.0


WEATHER CONDITIONS
 THE FOLLOWING WEATHER WAS RECORDED TODAY.
  NO SIGNIFICANT WEATHER WAS OBSERVED.


RELATIVE HUMIDITY (PERCENT)
 HIGHEST   100          1200 AM
 LOWEST     36           300 PM
 AVERAGE    68

..........................................................


THE LUMBERTON NC CLIMATE NORMALS FOR TOMORROW
                         NORMAL
 MAXIMUM TEMPERATURE (F)   67
 MINIMUM TEMPERATURE (F)   41


SUNRISE AND SUNSET
NOVEMBER 17 2017......SUNRISE   652 AM EST   SUNSET   510 PM EST
NOVEMBER 18 2017......SUNRISE   653 AM EST   SUNSET   510 PM EST


-  INDICATES NEGATIVE NUMBERS.
R  INDICATES RECORD WAS SET OR TIED.
MM INDICATES DATA IS MISSING.
T  INDICATES TRACE AMOUNT.




$$
