000
CDUS42 KILM 250841
CLILBT


CLIMATE REPORT
NATIONAL WEATHER SERVICE WILMINGTON NC
440 AM EDT MON SEP 25 2017


...................................

...THE LUMBERTON NC CLIMATE SUMMARY FOR SEPTEMBER 24 2017...

CLIMATE NORMAL PERIOD 1981 TO 2010
CLIMATE RECORD PERIOD 9999 TO 9999


WEATHER ITEM   OBSERVED TIME   NORMAL DEPARTURE LAST
                VALUE   (LST)  VALUE  FROM      YEAR
                                      NORMAL
......................................................
TEMPERATURE (F)
 YESTERDAY
  MAXIMUM         MM        MM  82     MM       90
  MINIMUM         MM        MM  60     MM       65
  AVERAGE         MM            71     MM       78

PRECIPITATION (IN)
  YESTERDAY       MM             0.16  MM        0.00
  MONTH TO DATE    4.94          3.86   1.08     5.71
  SINCE SEP 1      4.94          3.86   1.08     5.71
  SINCE JAN 1     36.75         34.25   2.50    38.22

DEGREE DAYS
 HEATING
  YESTERDAY       MM             1     MM        0
  MONTH TO DATE    0             2     -2        0
  SINCE SEP 1      0             2     -2        0
  SINCE JUL 1      0             2     -2        0

 COOLING
  YESTERDAY       MM             6     MM       13
  MONTH TO DATE  192           215    -23      308
  SINCE SEP 1    192           215    -23      308
  SINCE JAN 1   1926          1787    139     2207
......................................................


WIND (MPH)
  HIGHEST WIND SPEED    MM   HIGHEST WIND DIRECTION    MM
  HIGHEST GUST SPEED     0   HIGHEST GUST DIRECTION     N (0)
  AVERAGE WIND SPEED    MM


SKY COVER
  POSSIBLE SUNSHINE   0 PERCENT
  AVERAGE SKY COVER 0.0


WEATHER CONDITIONS
 THE FOLLOWING WEATHER WAS RECORDED YESTERDAY.
  NO SIGNIFICANT WEATHER WAS OBSERVED.


RELATIVE HUMIDITY (PERCENT)
 HIGHEST     0          1200 AM
 LOWEST      0          1200 AM
 AVERAGE     0

..........................................................


THE LUMBERTON NC CLIMATE NORMALS FOR TODAY
                         NORMAL
 MAXIMUM TEMPERATURE (F)   81
 MINIMUM TEMPERATURE (F)   59


SUNRISE AND SUNSET
SEPTEMBER 25 2017.....SUNRISE   707 AM EDT   SUNSET   708 PM EDT
SEPTEMBER 26 2017.....SUNRISE   707 AM EDT   SUNSET   707 PM EDT


-  INDICATES NEGATIVE NUMBERS.
R  INDICATES RECORD WAS SET OR TIED.
MM INDICATES DATA IS MISSING.
T  INDICATES TRACE AMOUNT.




$$
