719
CDUS44 KLCH 222212
CLILCH


CLIMATE REPORT
NATIONAL WEATHER SERVICE LAKE CHARLES, LA
512 PM CDT SAT APR 22 2017


...................................

...THE LAKE CHARLES CLIMATE SUMMARY FOR APRIL 22 2017...
VALID TODAY AS OF 0500 PM LOCAL TIME.

CLIMATE NORMAL PERIOD 1981 TO 2010
CLIMATE RECORD PERIOD 1895 TO 2017


WEATHER ITEM   OBSERVED TIME   RECORD YEAR NORMAL DEPARTURE LAST
                VALUE   (LST)  VALUE       VALUE  FROM      YEAR
                                                  NORMAL
..................................................................
TEMPERATURE (F)
 TODAY
  MAXIMUM         85   1250 PM  90    1911  79      6       83
  MINIMUM         72    530 AM  42    1931  60     12       59
  AVERAGE         79                        70      9       71

PRECIPITATION (IN)
  TODAY            T             4.12 1926   0.11  -0.11     0.00
  MONTH TO DATE    2.51                      2.39   0.12     5.58
  SINCE MAR 1      6.62                      6.05   0.57     9.03
  SINCE JAN 1     13.57                     14.74  -1.17    14.20

SNOWFALL (IN)
  TODAY            0.0           0.0    MM   0.0    0.0      0.0
  MONTH TO DATE    0.0                       0.0    0.0      0.0
  SINCE MAR 1      0.0                       0.0    0.0      0.0
  SINCE JUL 1      T                         0.1   -0.1      0.0
  SNOW DEPTH       0

DEGREE DAYS
 HEATING
  TODAY            0                         1     -1        0
  MONTH TO DATE    3                        41    -38       17
  SINCE MAR 1     80                       203   -123       85
  SINCE JUL 1    738                      1485   -747     1034

 COOLING
  TODAY           14                         5      9        6
  MONTH TO DATE  140                        87     53       86
  SINCE MAR 1    248                       136    112      196
  SINCE JAN 1    379                       159    220      211
..................................................................


WIND (MPH)
  HIGHEST WIND SPEED    15   HIGHEST WIND DIRECTION    SW (240)
  HIGHEST GUST SPEED    20   HIGHEST GUST DIRECTION    SW (220)
  AVERAGE WIND SPEED     8.1


SKY COVER
  POSSIBLE SUNSHINE  MM
  AVERAGE SKY COVER 0.4


WEATHER CONDITIONS
 THE FOLLOWING WEATHER WAS RECORDED TODAY.
  LIGHT RAIN


RELATIVE HUMIDITY (PERCENT)
 HIGHEST    93          1200 AM
 LOWEST     59          1200 PM
 AVERAGE    76

..........................................................


THE LAKE CHARLES CLIMATE NORMALS FOR TOMORROW
                         NORMAL    RECORD    YEAR
 MAXIMUM TEMPERATURE (F)   79        90      1971
                                             1906
 MINIMUM TEMPERATURE (F)   60        44      1917


SUNRISE AND SUNSET
APRIL 22 2017.........SUNRISE   638 AM CDT   SUNSET   745 PM CDT
APRIL 23 2017.........SUNRISE   637 AM CDT   SUNSET   745 PM CDT


-  INDICATES NEGATIVE NUMBERS.
R  INDICATES RECORD WAS SET OR TIED.
MM INDICATES DATA IS MISSING.
T  INDICATES TRACE AMOUNT.




$$
