000
CDUS44 KLCH 280908
CLILCH


CLIMATE REPORT
NATIONAL WEATHER SERVICE LAKE CHARLES, LA
408 AM CDT FRI JUL 28 2017


...................................

...THE LAKE CHARLES CLIMATE SUMMARY FOR JULY 27 2017...

CLIMATE NORMAL PERIOD 1981 TO 2010
CLIMATE RECORD PERIOD 1895 TO 2017


WEATHER ITEM   OBSERVED TIME   RECORD YEAR NORMAL DEPARTURE LAST
                VALUE   (LST)  VALUE       VALUE  FROM      YEAR
                                                  NORMAL
..................................................................
TEMPERATURE (F)
 YESTERDAY
  MAXIMUM         94    104 PM  99    1930  92      2       84
                                      1925
                                      1915
  MINIMUM         75    358 AM  64    1911  75      0       74
  AVERAGE         85                        83      2       79

PRECIPITATION (IN)
  YESTERDAY        0.00          3.42 1943   0.17  -0.17     0.28
  MONTH TO DATE    3.76                      4.94  -1.18     2.70
  SINCE JUN 1     13.46                     11.79   1.67    11.84
  SINCE JAN 1     40.11                     32.67   7.44    41.16

SNOWFALL (IN)
  YESTERDAY        0.0           0.0    MM   0.0    0.0      0.0
  MONTH TO DATE    0.0                       0.0    0.0      0.0
  SINCE JUN 1      0.0                       0.0    0.0      0.0
  SINCE JUL 1      0.0                       0.0    0.0      0.0
  SNOW DEPTH       0

DEGREE DAYS
 HEATING
  YESTERDAY        0                         0      0        0
  MONTH TO DATE    0                         0      0        0
  SINCE JUN 1      0                         0      0        0
  SINCE JUL 1      0                         0      0        0

 COOLING
  YESTERDAY       20                        18      2       14
  MONTH TO DATE  514                       483     31      542
  SINCE JUN 1    996                       963     33     1054
  SINCE JAN 1   1699                      1501    198     1670
..................................................................


WIND (MPH)
  HIGHEST WIND SPEED    13   HIGHEST WIND DIRECTION    SW (220)
  HIGHEST GUST SPEED    17   HIGHEST GUST DIRECTION    SW (210)
  AVERAGE WIND SPEED     3.5


SKY COVER
  POSSIBLE SUNSHINE  MM
  AVERAGE SKY COVER 0.1


WEATHER CONDITIONS
 THE FOLLOWING WEATHER WAS RECORDED YESTERDAY.
  NO SIGNIFICANT WEATHER WAS OBSERVED.


RELATIVE HUMIDITY (PERCENT)
 HIGHEST   100           200 AM
 LOWEST     52          1200 PM
 AVERAGE    76

..........................................................


THE LAKE CHARLES CLIMATE NORMALS FOR TODAY
                         NORMAL    RECORD    YEAR
 MAXIMUM TEMPERATURE (F)   92       100      1995
                                             1930
                                             1915
 MINIMUM TEMPERATURE (F)   75        67      1917
                                             1904


SUNRISE AND SUNSET
JULY 28 2017..........SUNRISE   629 AM CDT   SUNSET   809 PM CDT
JULY 29 2017..........SUNRISE   630 AM CDT   SUNSET   808 PM CDT


-  INDICATES NEGATIVE NUMBERS.
R  INDICATES RECORD WAS SET OR TIED.
MM INDICATES DATA IS MISSING.
T  INDICATES TRACE AMOUNT.




$$
