000
CDUS44 KLCH 280857
CLILCH


CLIMATE REPORT
NATIONAL WEATHER SERVICE LAKE CHARLES, LA
255 AM CST SUN DEC 28 2014


...................................

...THE LAKE CHARLES CLIMATE SUMMARY FOR DECEMBER 27 2014...

CLIMATE NORMAL PERIOD 1981 TO 2010
CLIMATE RECORD PERIOD 1895 TO 2014


WEATHER ITEM   OBSERVED TIME   RECORD YEAR NORMAL DEPARTURE LAST
                VALUE   (LST)  VALUE       VALUE  FROM      YEAR
                                                  NORMAL
..................................................................
TEMPERATURE (F)
 YESTERDAY
  MAXIMUM         77    122 PM  79    1984  62     15       53
                                      1912
  MINIMUM         53   1159 PM  25    2010  43     10       45
  AVERAGE         65                        52     13       49

PRECIPITATION (IN)
  YESTERDAY        0.18          2.20 1960   0.17   0.01      T
  MONTH TO DATE    1.72                      4.03  -2.31     2.05
  SINCE DEC 1      1.72                      4.03  -2.31     2.05
  SINCE JAN 1     68.32                     56.84  11.48    57.46

SNOWFALL (IN)
  YESTERDAY        0.0           0.0    MM   0.0    0.0     MM
  MONTH TO DATE    0.0                       0.0    0.0      0.0
  SINCE DEC 1      0.0                       0.0    0.0      0.0
  SINCE JUL 1      0.0                       0.0    0.0      0.0
  SNOW DEPTH       0

DEGREE DAYS
 HEATING
  YESTERDAY        0                        13    -13       16
  MONTH TO DATE  214                       312    -98      370
  SINCE DEC 1    214                       312    -98      370
  SINCE JUL 1    490                       519    -29      644

 COOLING
  YESTERDAY        0                         1     -1        0
  MONTH TO DATE   17                        27    -10       25
  SINCE DEC 1     17                        27    -10       25
  SINCE JAN 1   2704                      2816   -112     2972
..................................................................


WIND (MPH)
  HIGHEST WIND SPEED    18   HIGHEST WIND DIRECTION     S (200)
  HIGHEST GUST SPEED    27   HIGHEST GUST DIRECTION     S (200)
  AVERAGE WIND SPEED     9.3


SKY COVER
  POSSIBLE SUNSHINE  MM
  AVERAGE SKY COVER 1.0


WEATHER CONDITIONS
 THE FOLLOWING WEATHER WAS RECORDED YESTERDAY.
  RAIN
  LIGHT RAIN
  FOG
  FOG W/VISIBILITY <= 1/4 MILE


RELATIVE HUMIDITY (PERCENT)
 HIGHEST   100           500 AM
 LOWEST     82           200 PM
 AVERAGE    91

..........................................................


THE LAKE CHARLES CLIMATE NORMALS FOR TODAY
                         NORMAL    RECORD    YEAR
 MAXIMUM TEMPERATURE (F)   62        79      1981
 MINIMUM TEMPERATURE (F)   43        24      1925


SUNRISE AND SUNSET
DECEMBER 28 2014......SUNRISE   708 AM CST   SUNSET   521 PM CST
DECEMBER 29 2014......SUNRISE   708 AM CST   SUNSET   522 PM CST


-  INDICATES NEGATIVE NUMBERS.
R  INDICATES RECORD WAS SET OR TIED.
MM INDICATES DATA IS MISSING.
T  INDICATES TRACE AMOUNT.




$$
