000
CDUS44 KLCH 262203
CLILCH


CLIMATE REPORT
NATIONAL WEATHER SERVICE LAKE CHARLES, LA
403 PM CST SUN FEB 26 2017


...................................

...THE LAKE CHARLES CLIMATE SUMMARY FOR FEBRUARY 26 2017...
VALID TODAY AS OF 0400 PM LOCAL TIME.

CLIMATE NORMAL PERIOD 1981 TO 2010
CLIMATE RECORD PERIOD 1895 TO 2017


WEATHER ITEM   OBSERVED TIME   RECORD YEAR NORMAL DEPARTURE LAST
                VALUE   (LST)  VALUE       VALUE  FROM      YEAR
                                                  NORMAL
..................................................................
TEMPERATURE (F)
 TODAY
  MAXIMUM         73    200 PM  83    1972  67      6       62
  MINIMUM         44    642 AM  22    1914  48     -4       39
  AVERAGE         59                        57      2       51

PRECIPITATION (IN)
  TODAY            0.00          1.95 1997   0.11  -0.11     0.00
  MONTH TO DATE    2.04                      3.23  -1.19     1.07
  SINCE DEC 1     19.00                     13.14   5.86     8.41
  SINCE JAN 1      6.95                      8.46  -1.51     5.17

SNOWFALL (IN)
  TODAY            0.0           0.0    MM   0.0    0.0      0.0
  MONTH TO DATE    0.0                       0.1   -0.1      0.0
  SINCE DEC 1      T                         0.1   -0.1      0.0
  SINCE JUL 1      T                         0.1   -0.1      0.0
  SNOW DEPTH       0

DEGREE DAYS
 HEATING
  TODAY            6                         8     -2       14
  MONTH TO DATE   92                       275   -183      220
  SINCE DEC 1    564                      1059   -495      851
  SINCE JUL 1    658                      1266   -608      927

 COOLING
  TODAY            0                         1     -1        0
  MONTH TO DATE   57                         4     53       12
  SINCE DEC 1    170                        34    136       72
  SINCE JAN 1    114                        14    100       15
..................................................................


WIND (MPH)
  HIGHEST WIND SPEED    23   HIGHEST WIND DIRECTION    SE (150)
  HIGHEST GUST SPEED    29   HIGHEST GUST DIRECTION    SE (150)
  AVERAGE WIND SPEED    10.8


SKY COVER
  POSSIBLE SUNSHINE  MM
  AVERAGE SKY COVER 0.1


WEATHER CONDITIONS
 THE FOLLOWING WEATHER WAS RECORDED TODAY.
  NO SIGNIFICANT WEATHER WAS OBSERVED.


RELATIVE HUMIDITY (PERCENT)
 HIGHEST    83           400 AM
 LOWEST     53          1000 AM
 AVERAGE    68

..........................................................


THE LAKE CHARLES CLIMATE NORMALS FOR TOMORROW
                         NORMAL    RECORD    YEAR
 MAXIMUM TEMPERATURE (F)   67        83      1956
 MINIMUM TEMPERATURE (F)   48        24      2002


SUNRISE AND SUNSET
FEBRUARY 26 2017......SUNRISE   642 AM CST   SUNSET   610 PM CST
FEBRUARY 27 2017......SUNRISE   641 AM CST   SUNSET   611 PM CST


-  INDICATES NEGATIVE NUMBERS.
R  INDICATES RECORD WAS SET OR TIED.
MM INDICATES DATA IS MISSING.
T  INDICATES TRACE AMOUNT.




$$
