000
CDUS44 KLCH 230813
CLILCH


CLIMATE REPORT
NATIONAL WEATHER SERVICE LAKE CHARLES, LA
311 AM CDT THU MAR 23 2017


...................................

...THE LAKE CHARLES CLIMATE SUMMARY FOR MARCH 22 2017...

CLIMATE NORMAL PERIOD 1981 TO 2010
CLIMATE RECORD PERIOD 1895 TO 2017


WEATHER ITEM   OBSERVED TIME   RECORD YEAR NORMAL DEPARTURE LAST
                VALUE   (LST)  VALUE       VALUE  FROM      YEAR
                                                  NORMAL
..................................................................
TEMPERATURE (F)
 YESTERDAY
  MAXIMUM         82    228 PM  90    1910  73      9       70
  MINIMUM         60    549 AM  27    1915  53      7       43
  AVERAGE         71                        63      8       57

PRECIPITATION (IN)
  YESTERDAY        0.00          1.50 1901   0.12  -0.12     0.00
  MONTH TO DATE    0.55                      2.59  -2.04     1.21
  SINCE MAR 1      0.55                      2.59  -2.04     1.21
  SINCE JAN 1      7.50                     11.28  -3.78     6.38

SNOWFALL (IN)
  YESTERDAY        0.0           T    1968   0.0    0.0      0.0
  MONTH TO DATE    0.0                       0.0    0.0      0.0
  SINCE MAR 1      0.0                       0.0    0.0      0.0
  SINCE JUL 1      T                         0.1   -0.1      0.0
  SNOW DEPTH       0

DEGREE DAYS
 HEATING
  YESTERDAY        0                         4     -4        8
  MONTH TO DATE   77                       131    -54       57
  SINCE MAR 1     77                       131    -54       57
  SINCE JUL 1    735                      1413   -678     1006

 COOLING
  YESTERDAY        6                         2      4        0
  MONTH TO DATE   51                        31     20       76
  SINCE MAR 1     51                        31     20       76
  SINCE JAN 1    182                        54    128       91
..................................................................


WIND (MPH)
  HIGHEST WIND SPEED    12   HIGHEST WIND DIRECTION     S (180)
  HIGHEST GUST SPEED    16   HIGHEST GUST DIRECTION    SW (230)
  AVERAGE WIND SPEED     3.9


SKY COVER
  POSSIBLE SUNSHINE  MM
  AVERAGE SKY COVER 0.3


WEATHER CONDITIONS
 THE FOLLOWING WEATHER WAS RECORDED YESTERDAY.
  FOG
  FOG W/VISIBILITY <= 1/4 MILE


RELATIVE HUMIDITY (PERCENT)
 HIGHEST   100           500 AM
 LOWEST     47           200 PM
 AVERAGE    74

..........................................................


THE LAKE CHARLES CLIMATE NORMALS FOR TODAY
                         NORMAL    RECORD    YEAR
 MAXIMUM TEMPERATURE (F)   73        89      1910
 MINIMUM TEMPERATURE (F)   53        25      1915


SUNRISE AND SUNSET
MARCH 23 2017.........SUNRISE   713 AM CDT   SUNSET   726 PM CDT
MARCH 24 2017.........SUNRISE   711 AM CDT   SUNSET   727 PM CDT


-  INDICATES NEGATIVE NUMBERS.
R  INDICATES RECORD WAS SET OR TIED.
MM INDICATES DATA IS MISSING.
T  INDICATES TRACE AMOUNT.




$$
