399
CDUS44 KLCH 232245
CLILCH


CLIMATE REPORT
NATIONAL WEATHER SERVICE LAKE CHARLES, LA
545 PM CDT TUE AUG 23 2016


...................................

...THE LAKE CHARLES CLIMATE SUMMARY FOR AUGUST 23 2016...
VALID TODAY AS OF 0500 PM LOCAL TIME.

CLIMATE NORMAL PERIOD 1981 TO 2010
CLIMATE RECORD PERIOD 1895 TO 2016


WEATHER ITEM   OBSERVED TIME   RECORD YEAR NORMAL DEPARTURE LAST
                VALUE   (LST)  VALUE       VALUE  FROM      YEAR
                                                  NORMAL
..................................................................
TEMPERATURE (F)
 TODAY
  MAXIMUM         91    321 PM 100    1910  92     -1       94
  MINIMUM         76    550 AM  60    1927  74      2       75
  AVERAGE         84                        83      1       85

PRECIPITATION (IN)
  TODAY            0.57          5.87 1977   0.15   0.42     0.01
  MONTH TO DATE   12.49                      3.61   8.88     3.38
  SINCE JUN 1     24.38                     16.09   8.29    11.54
  SINCE JAN 1     53.70                     36.97  16.73    45.97

SNOWFALL (IN)
  TODAY            0.0           0.0    MM   0.0    0.0      0.0
  MONTH TO DATE    0.0                       0.0    0.0      0.0
  SINCE JUN 1      0.0                       0.0    0.0      0.0
  SINCE JUL 1      0.0                       0.0    0.0      0.0
  SNOW DEPTH       0

DEGREE DAYS
 HEATING
  TODAY            0                         0      0        0
  MONTH TO DATE    0                         0      0        0
  SINCE JUN 1      0                         0      0        0
  SINCE JUL 1      0                         0      0        0

 COOLING
  TODAY           19                        18      1       20
  MONTH TO DATE  437                       414     23      458
  SINCE JUN 1   1569                      1447    122     1596
  SINCE JAN 1   2185                      1985    200     2240
..................................................................


WIND (MPH)
  HIGHEST WIND SPEED    14   HIGHEST WIND DIRECTION    NE (50)
  HIGHEST GUST SPEED    18   HIGHEST GUST DIRECTION    NE (50)
  AVERAGE WIND SPEED     3.8


SKY COVER
  POSSIBLE SUNSHINE  MM
  AVERAGE SKY COVER 0.2


WEATHER CONDITIONS
 THE FOLLOWING WEATHER WAS RECORDED TODAY.
  THUNDERSTORM
  HEAVY RAIN
  LIGHT RAIN
  FOG


RELATIVE HUMIDITY (PERCENT)
 HIGHEST   100           200 AM
 LOWEST     64          1000 AM
 AVERAGE    82

..........................................................


THE LAKE CHARLES CLIMATE NORMALS FOR TOMORROW
                         NORMAL    RECORD    YEAR
 MAXIMUM TEMPERATURE (F)   92       102      1924
 MINIMUM TEMPERATURE (F)   74        62      1930


SUNRISE AND SUNSET
AUGUST 23 2016........SUNRISE   645 AM CDT   SUNSET   745 PM CDT
AUGUST 24 2016........SUNRISE   646 AM CDT   SUNSET   744 PM CDT


-  INDICATES NEGATIVE NUMBERS.
R  INDICATES RECORD WAS SET OR TIED.
MM INDICATES DATA IS MISSING.
T  INDICATES TRACE AMOUNT.




$$
