000
CDUS44 KLCH 242209
CLILCH


CLIMATE REPORT
NATIONAL WEATHER SERVICE LAKE CHARLES, LA
509 PM CDT FRI OCT 24 2014


...................................

...THE LAKE CHARLES CLIMATE SUMMARY FOR OCTOBER 24 2014...
VALID TODAY AS OF 0500 PM LOCAL TIME.

CLIMATE NORMAL PERIOD 1981 TO 2010
CLIMATE RECORD PERIOD 1895 TO 2014


WEATHER ITEM   OBSERVED TIME   RECORD YEAR NORMAL DEPARTURE LAST
                VALUE   (LST)  VALUE       VALUE  FROM      YEAR
                                                  NORMAL
..................................................................
TEMPERATURE (F)
 TODAY
  MAXIMUM         77    359 PM  91    1919  79     -2       83
  MINIMUM         51    638 AM  38    1911  57     -6       51
                                      1908
  AVERAGE         64                        68     -4       67

PRECIPITATION (IN)
  TODAY            0.00          3.38 1996   0.18  -0.18     0.00
  MONTH TO DATE    2.50                      3.70  -1.20     1.30
  SINCE SEP 1      7.47                      8.96  -1.49    10.99
  SINCE JAN 1     59.54                     47.18  12.36    49.99

SNOWFALL (IN)
  TODAY            0.0           0.0    MM   0.0    0.0      0.0
  MONTH TO DATE    0.0                       0.0    0.0      0.0
  SINCE SEP 1      0.0                       0.0    0.0      0.0
  SINCE JUL 1      0.0                       0.0    0.0      0.0
  SNOW DEPTH       0

DEGREE DAYS
 HEATING
  TODAY            1                         2     -1        0
  MONTH TO DATE    3                        18    -15       12
  SINCE SEP 1      3                        19    -16       12
  SINCE JUL 1      3                        19    -16       12

 COOLING
  TODAY            0                         5     -5        2
  MONTH TO DATE  185                       166     19      170
  SINCE SEP 1    634                       577     57      674
  SINCE JAN 1   2644                      2706    -62     2879
..................................................................


WIND (MPH)
  HIGHEST WIND SPEED    13   HIGHEST WIND DIRECTION     N (20)
  HIGHEST GUST SPEED    17   HIGHEST GUST DIRECTION    NW (320)
  AVERAGE WIND SPEED     5.7


SKY COVER
  POSSIBLE SUNSHINE  MM
  AVERAGE SKY COVER 0.0


WEATHER CONDITIONS
 THE FOLLOWING WEATHER WAS RECORDED TODAY.
  NO SIGNIFICANT WEATHER WAS OBSERVED.


RELATIVE HUMIDITY (PERCENT)
 HIGHEST    89          1200 AM
 LOWEST     31           300 PM
 AVERAGE    60

..........................................................


THE LAKE CHARLES CLIMATE NORMALS FOR TOMORROW
                         NORMAL    RECORD    YEAR
 MAXIMUM TEMPERATURE (F)   78        92      1927
 MINIMUM TEMPERATURE (F)   57        36      1999


SUNRISE AND SUNSET
OCTOBER 24 2014.......SUNRISE   721 AM CDT   SUNSET   633 PM CDT
OCTOBER 25 2014.......SUNRISE   722 AM CDT   SUNSET   632 PM CDT


-  INDICATES NEGATIVE NUMBERS.
R  INDICATES RECORD WAS SET OR TIED.
MM INDICATES DATA IS MISSING.
T  INDICATES TRACE AMOUNT.




$$
