000
CDUS44 KLCH 300814
CLILCH


CLIMATE REPORT
NATIONAL WEATHER SERVICE LAKE CHARLES, LA
313 AM CDT SAT APR 30 2016


...................................

...THE LAKE CHARLES CLIMATE SUMMARY FOR APRIL 29 2016...

CLIMATE NORMAL PERIOD 1981 TO 2010
CLIMATE RECORD PERIOD 1895 TO 2016


WEATHER ITEM   OBSERVED TIME   RECORD YEAR NORMAL DEPARTURE LAST
                VALUE   (LST)  VALUE       VALUE  FROM      YEAR
                                                  NORMAL
..................................................................
TEMPERATURE (F)
 YESTERDAY
  MAXIMUM         84    154 PM  93    1915  81      3       75
  MINIMUM         75    616 AM  45    1916  62     13       53
  AVERAGE         80                        71      9       64

PRECIPITATION (IN)
  YESTERDAY        T             7.61 1940   0.12  -0.12     0.00
  MONTH TO DATE    6.54                      3.21   3.33    13.18
  SINCE MAR 1      9.99                      6.87   3.12    19.39
  SINCE JAN 1     15.16                     15.56  -0.40    27.87

SNOWFALL (IN)
  YESTERDAY        0.0           0.0    MM   0.0    0.0      0.0
  MONTH TO DATE    0.0                       0.0    0.0      0.0
  SINCE MAR 1      0.0                       0.0    0.0       T
  SINCE JUL 1      0.0                       0.1   -0.1       T
  SNOW DEPTH       0

DEGREE DAYS
 HEATING
  YESTERDAY        0                         0      0        1
  MONTH TO DATE   17                        44    -27        4
  SINCE MAR 1     85                       206   -121      105
  SINCE JUL 1   1034                      1488   -454     1543

 COOLING
  YESTERDAY       15                         7      8        0
  MONTH TO DATE  153                       130     23      193
  SINCE MAR 1    263                       179     84      250
  SINCE JAN 1    278                       202     76      256
..................................................................


WIND (MPH)
  HIGHEST WIND SPEED    28   HIGHEST WIND DIRECTION     S (160)
  HIGHEST GUST SPEED    35   HIGHEST GUST DIRECTION    SE (140)
  AVERAGE WIND SPEED    15.0


SKY COVER
  POSSIBLE SUNSHINE  MM
  AVERAGE SKY COVER 0.8


WEATHER CONDITIONS
 THE FOLLOWING WEATHER WAS RECORDED YESTERDAY.
  LIGHT RAIN


RELATIVE HUMIDITY (PERCENT)
 HIGHEST    94           200 AM
 LOWEST     69           900 AM
 AVERAGE    82

..........................................................


THE LAKE CHARLES CLIMATE NORMALS FOR TODAY
                         NORMAL    RECORD    YEAR
 MAXIMUM TEMPERATURE (F)   81        90      1981
                                             1955
                                             1901
 MINIMUM TEMPERATURE (F)   62        42      1996


SUNRISE AND SUNSET
APRIL 30 2016.........SUNRISE   630 AM CDT   SUNSET   750 PM CDT
MAY  1 2016...........SUNRISE   629 AM CDT   SUNSET   751 PM CDT


-  INDICATES NEGATIVE NUMBERS.
R  INDICATES RECORD WAS SET OR TIED.
MM INDICATES DATA IS MISSING.
T  INDICATES TRACE AMOUNT.




$$
