000
CDUS44 KLCH 230827
CLILCH


CLIMATE REPORT
NATIONAL WEATHER SERVICE LAKE CHARLES, LA
326 AM CDT TUE SEP 23 2014


...................................

...THE LAKE CHARLES CLIMATE SUMMARY FOR SEPTEMBER 22 2014...

CLIMATE NORMAL PERIOD 1981 TO 2010
CLIMATE RECORD PERIOD 1895 TO 2014


WEATHER ITEM   OBSERVED TIME   RECORD YEAR NORMAL DEPARTURE LAST
                VALUE   (LST)  VALUE       VALUE  FROM      YEAR
                                                  NORMAL
..................................................................
TEMPERATURE (F)
 YESTERDAY
  MAXIMUM         89    216 PM 100    2005  87      2       83
  MINIMUM         67   1159 PM  46    1913  67      0       67
  AVERAGE         78                        77      1       75

PRECIPITATION (IN)
  YESTERDAY        0.00          2.09 1984   0.17  -0.17     0.00
  MONTH TO DATE    3.75                      4.03  -0.28     8.12
  SINCE SEP 1      3.75                      4.03  -0.28     8.12
  SINCE JAN 1     55.82                     42.25  13.57    47.12

SNOWFALL (IN)
  YESTERDAY        0.0           0.0    MM   0.0    0.0      0.0
  MONTH TO DATE    0.0                       0.0    0.0      0.0
  SINCE SEP 1      0.0                       0.0    0.0      0.0
  SINCE JUL 1      0.0                       0.0    0.0      0.0
  SNOW DEPTH       0

DEGREE DAYS
 HEATING
  YESTERDAY        0                         0      0        0
  MONTH TO DATE    0                         0      0        0
  SINCE SEP 1      0                         0      0        0
  SINCE JUL 1      0                         0      0        0

 COOLING
  YESTERDAY       13                        12      1       10
  MONTH TO DATE  338                       323     15      391
  SINCE SEP 1    338                       323     15      391
  SINCE JAN 1   2348                      2452   -104     2596
..................................................................


WIND (MPH)
  HIGHEST WIND SPEED    18   HIGHEST WIND DIRECTION     N (20)
  HIGHEST GUST SPEED    23   HIGHEST GUST DIRECTION    NE (30)
  AVERAGE WIND SPEED     8.1


SKY COVER
  POSSIBLE SUNSHINE  MM
  AVERAGE SKY COVER 0.0


WEATHER CONDITIONS
 THE FOLLOWING WEATHER WAS RECORDED YESTERDAY.
  FOG


RELATIVE HUMIDITY (PERCENT)
 HIGHEST    93          1200 AM
 LOWEST     54           900 PM
 AVERAGE    74

..........................................................


THE LAKE CHARLES CLIMATE NORMALS FOR TODAY
                         NORMAL    RECORD    YEAR
 MAXIMUM TEMPERATURE (F)   87        97      1910
 MINIMUM TEMPERATURE (F)   67        49      1982
                                             1913
                                             1897


SUNRISE AND SUNSET
SEPTEMBER 23 2014.....SUNRISE   702 AM CDT   SUNSET   708 PM CDT
SEPTEMBER 24 2014.....SUNRISE   702 AM CDT   SUNSET   707 PM CDT


-  INDICATES NEGATIVE NUMBERS.
R  INDICATES RECORD WAS SET OR TIED.
MM INDICATES DATA IS MISSING.
T  INDICATES TRACE AMOUNT.




$$
