000
CDUS43 KLMK 230627
CLILEX


CLIMATE REPORT
NATIONAL WEATHER SERVICE LOUISVILLE KY
227 AM EDT SUN APR 23 2017


...................................

...THE LEXINGTON KY CLIMATE SUMMARY FOR APRIL 22 2017...

CLIMATE NORMAL PERIOD 1981 TO 2010
CLIMATE RECORD PERIOD 1872 TO 2017


WEATHER ITEM   OBSERVED TIME   RECORD YEAR NORMAL DEPARTURE LAST
                VALUE   (LST)  VALUE       VALUE  FROM      YEAR
                                                  NORMAL
..................................................................
TEMPERATURE (F)
 YESTERDAY
  MAXIMUM         54   1203 AM  85    1987  68    -14       71
                                      1985
                                      1944
  MINIMUM         45   1137 PM  26    1875  47     -2       54
  AVERAGE         50                        57     -7       63

PRECIPITATION (IN)
  YESTERDAY        0.29          2.45 1957   0.13   0.16     0.07
  MONTH TO DATE    1.64                      2.53  -0.89     1.30
  SINCE MAR 1      4.92                      6.60  -1.68     4.09
  SINCE JAN 1     13.02                     13.00   0.02     9.79

SNOWFALL (IN)
  YESTERDAY        0.0           1.0  1901   0.0    0.0      0.0
  MONTH TO DATE    0.0                       0.3   -0.3       T
  SINCE MAR 1      T                         1.7   -1.7      0.7
  SINCE JUL 1      3.4                      13.0   -9.6     15.3
  SNOW DEPTH       0

DEGREE DAYS
 HEATING
  YESTERDAY       15                         9      6        2
  MONTH TO DATE  107                       254   -147      245
  SINCE MAR 1    637                       859   -222      639
  SINCE JUL 1   3347                      4430  -1083     3610

 COOLING
  YESTERDAY        0                         1     -1        0
  MONTH TO DATE   40                        13     27       10
  SINCE MAR 1     45                        15     30       13
  SINCE JAN 1     49                        15     34       13
..................................................................


WIND (MPH)
  HIGHEST WIND SPEED    23   HIGHEST WIND DIRECTION    NE (60)
  HIGHEST GUST SPEED    27   HIGHEST GUST DIRECTION    NE (60)
  AVERAGE WIND SPEED    12.6


SKY COVER
  POSSIBLE SUNSHINE  MM
  AVERAGE SKY COVER 0.7


WEATHER CONDITIONS
 THE FOLLOWING WEATHER WAS RECORDED YESTERDAY.
  HEAVY RAIN
  RAIN
  LIGHT RAIN
  FOG


RELATIVE HUMIDITY (PERCENT)
 HIGHEST    93           900 AM
 LOWEST     71           600 PM
 AVERAGE    82

..........................................................


THE LEXINGTON KY CLIMATE NORMALS FOR TODAY
                         NORMAL    RECORD    YEAR
 MAXIMUM TEMPERATURE (F)   68        86      1946
                                             1937
                                             1925
 MINIMUM TEMPERATURE (F)   47        24      1986


SUNRISE AND SUNSET
APRIL 23 2017.........SUNRISE   652 AM EDT   SUNSET   822 PM EDT
APRIL 24 2017.........SUNRISE   650 AM EDT   SUNSET   823 PM EDT


-  INDICATES NEGATIVE NUMBERS.
R  INDICATES RECORD WAS SET OR TIED.
MM INDICATES DATA IS MISSING.
T  INDICATES TRACE AMOUNT.




$$
