000
CDUS43 KLMK 230627
CLILEX


CLIMATE REPORT
NATIONAL WEATHER SERVICE LOUISVILLE KY
127 AM EST SUN NOV 23 2014


...................................

...THE LEXINGTON KY CLIMATE SUMMARY FOR NOVEMBER 22 2014...

CLIMATE NORMAL PERIOD 1981 TO 2010
CLIMATE RECORD PERIOD 1872 TO 2014


WEATHER ITEM   OBSERVED TIME   RECORD YEAR NORMAL DEPARTURE LAST
                VALUE   (LST)  VALUE       VALUE  FROM      YEAR
                                                  NORMAL
..................................................................
TEMPERATURE (F)
 YESTERDAY
  MAXIMUM         63    235 PM  76    1931  52     11       58
  MINIMUM         32   1258 AM   9    1964  35     -3       41
  AVERAGE         48                        44      4       50

PRECIPITATION (IN)
  YESTERDAY        T             1.56 1874   0.12  -0.12     0.45
  MONTH TO DATE    1.37                      2.52  -1.15     2.19
  SINCE SEP 1     10.19                      8.56   1.63    10.05
  SINCE JAN 1     49.92                     40.23   9.69    53.69

SNOWFALL (IN)
  YESTERDAY        0.0           2.3  1929   0.0    0.0      0.0
  MONTH TO DATE    1.6                       0.1    1.5      0.4
  SINCE SEP 1      1.6                       0.1    1.5      0.4
  SINCE JUL 1      1.6                       0.1    1.5      0.4
  SNOW DEPTH       0

DEGREE DAYS
 HEATING
  YESTERDAY       17                        21     -4       15
  MONTH TO DATE  585                       376    209      374
  SINCE SEP 1    831                       700    131      656
  SINCE JUL 1    833                       702    131      659

 COOLING
  YESTERDAY        0                         0      0        0
  MONTH TO DATE    0                         0      0        0
  SINCE SEP 1    193                       171     22      207
  SINCE JAN 1   1274                      1188     86     1245
..................................................................


WIND (MPH)
  HIGHEST WIND SPEED    24   HIGHEST WIND DIRECTION    SW (210)
  HIGHEST GUST SPEED    31   HIGHEST GUST DIRECTION     S (200)
  AVERAGE WIND SPEED    11.8


SKY COVER
  POSSIBLE SUNSHINE  MM
  AVERAGE SKY COVER 0.5


WEATHER CONDITIONS
 THE FOLLOWING WEATHER WAS RECORDED YESTERDAY.
  NO SIGNIFICANT WEATHER WAS OBSERVED.


RELATIVE HUMIDITY (PERCENT)
 HIGHEST    61          1100 PM
 LOWEST     34           200 PM
 AVERAGE    48

..........................................................


THE LEXINGTON KY CLIMATE NORMALS FOR TODAY
                         NORMAL    RECORD    YEAR
 MAXIMUM TEMPERATURE (F)   52        73      1931
 MINIMUM TEMPERATURE (F)   35        12      1970


SUNRISE AND SUNSET
NOVEMBER 23 2014......SUNRISE   728 AM EST   SUNSET   522 PM EST
NOVEMBER 24 2014......SUNRISE   729 AM EST   SUNSET   521 PM EST


-  INDICATES NEGATIVE NUMBERS.
R  INDICATES RECORD WAS SET OR TIED.
MM INDICATES DATA IS MISSING.
T  INDICATES TRACE AMOUNT.




$$
