000
CDUS43 KLMK 040627
CLILEX


CLIMATE REPORT
NATIONAL WEATHER SERVICE LOUISVILLE KY
226 AM EDT WED MAY 4 2016


...................................

...THE LEXINGTON KY CLIMATE SUMMARY FOR MAY 3 2016...

CLIMATE NORMAL PERIOD 1981 TO 2010
CLIMATE RECORD PERIOD 1872 TO 2016


WEATHER ITEM   OBSERVED TIME   RECORD YEAR NORMAL DEPARTURE LAST
                VALUE   (LST)  VALUE       VALUE  FROM      YEAR
                                                  NORMAL
..................................................................
TEMPERATURE (F)
 YESTERDAY
  MAXIMUM         62    424 PM  88    1959  71     -9       77
  MINIMUM         52   1159 PM  32    2005  50      2       47
  AVERAGE         57                        60     -3       62

PRECIPITATION (IN)
  YESTERDAY        0.00          1.81 2011   0.16  -0.16     0.00
  MONTH TO DATE    0.44                      0.47  -0.03     0.00
  SINCE MAR 1      6.54                      8.14  -1.60    18.87
  SINCE JAN 1     12.24                     14.54  -2.30    23.72

SNOWFALL (IN)
  YESTERDAY        0.0          MM      MM   0.0    0.0      0.0
  MONTH TO DATE    0.0                       0.0    0.0      0.0
  SINCE MAR 1      0.7                       1.7   -1.0     17.1
  SINCE JUL 1     15.3                      13.0    2.3     40.0
  SNOW DEPTH       0

DEGREE DAYS
 HEATING
  YESTERDAY        8                         6      2        3
  MONTH TO DATE    9                        18     -9       18
  SINCE MAR 1    665                       936   -271      927
  SINCE JUL 1   3636                      4507   -871     4905

 COOLING
  YESTERDAY        0                         1     -1        0
  MONTH TO DATE    6                         3      3        0
  SINCE MAR 1     34                        25      9       12
  SINCE JAN 1     34                        25      9       12
..................................................................


WIND (MPH)
  HIGHEST WIND SPEED    15   HIGHEST WIND DIRECTION     W (270)
  HIGHEST GUST SPEED    18   HIGHEST GUST DIRECTION     W (270)
  AVERAGE WIND SPEED     6.2


SKY COVER
  POSSIBLE SUNSHINE  MM
  AVERAGE SKY COVER 1.0


WEATHER CONDITIONS
 THE FOLLOWING WEATHER WAS RECORDED YESTERDAY.
  NO SIGNIFICANT WEATHER WAS OBSERVED.


RELATIVE HUMIDITY (PERCENT)
 HIGHEST    93           400 AM
 LOWEST     55           500 PM
 AVERAGE    74

..........................................................


THE LEXINGTON KY CLIMATE NORMALS FOR TODAY
                         NORMAL    RECORD    YEAR
 MAXIMUM TEMPERATURE (F)   71        88      1949
                                             1938
 MINIMUM TEMPERATURE (F)   50        31      1957


SUNRISE AND SUNSET
MAY  4 2016...........SUNRISE   638 AM EDT   SUNSET   833 PM EDT
MAY  5 2016...........SUNRISE   637 AM EDT   SUNSET   833 PM EDT


-  INDICATES NEGATIVE NUMBERS.
R  INDICATES RECORD WAS SET OR TIED.
MM INDICATES DATA IS MISSING.
T  INDICATES TRACE AMOUNT.




$$
