000
CDUS43 KLMK 250632
CLILEX


CLIMATE REPORT
NATIONAL WEATHER SERVICE LOUISVILLE KY
230 AM EDT FRI APR 25 2014


...................................

...THE LEXINGTON KY CLIMATE SUMMARY FOR APRIL 24 2014...

CLIMATE NORMAL PERIOD 1981 TO 2010
CLIMATE RECORD PERIOD 1872 TO 2014


WEATHER ITEM   OBSERVED TIME   RECORD YEAR NORMAL DEPARTURE LAST
                VALUE   (LST)  VALUE       VALUE  FROM      YEAR
                                                  NORMAL
..................................................................
TEMPERATURE (F)
 YESTERDAY
  MAXIMUM         73    453 PM  90    1925  69      4       62
  MINIMUM         47    533 AM  28    1910  47      0       39
  AVERAGE         60                        58      2       51

PRECIPITATION (IN)
  YESTERDAY        0.00          2.38 1975   0.13  -0.13     0.94
  MONTH TO DATE    2.03                      2.79  -0.76     4.02
  SINCE MAR 1      4.92                      6.86  -1.94     9.37
  SINCE JAN 1     11.96                     13.26  -1.30    15.35

SNOWFALL (IN)
  YESTERDAY        0.0           0.0    MM   0.0    0.0      0.0
  MONTH TO DATE    0.3                       0.3    0.0      0.0
  SINCE MAR 1      7.8                       1.7    6.1      4.0
  SINCE JUL 1     27.1                      13.0   14.1     12.5
  SNOW DEPTH       0

DEGREE DAYS
 HEATING
  YESTERDAY        5                         8     -3       14
  MONTH TO DATE  192                       270    -78      240
  SINCE MAR 1    908                       875     33     1023
  SINCE JUL 1   4751                      4446    305     4531

 COOLING
  YESTERDAY        0                         1     -1        0
  MONTH TO DATE   11                        15     -4       30
  SINCE MAR 1     11                        17     -6       30
  SINCE JAN 1     11                        17     -6       30
..................................................................


WIND (MPH)
  HIGHEST WIND SPEED    16   HIGHEST WIND DIRECTION     E (110)
  HIGHEST GUST SPEED    21   HIGHEST GUST DIRECTION     E (90)
  AVERAGE WIND SPEED     9.8


SKY COVER
  POSSIBLE SUNSHINE  MM
  AVERAGE SKY COVER 0.1


WEATHER CONDITIONS
 THE FOLLOWING WEATHER WAS RECORDED YESTERDAY.
  NO SIGNIFICANT WEATHER WAS OBSERVED.


RELATIVE HUMIDITY (PERCENT)
 HIGHEST    56          1200 AM
 LOWEST     27           400 PM
 AVERAGE    42

..........................................................


THE LEXINGTON KY CLIMATE NORMALS FOR TODAY
                         NORMAL    RECORD    YEAR
 MAXIMUM TEMPERATURE (F)   69        88      1915
 MINIMUM TEMPERATURE (F)   48        27      1919


SUNRISE AND SUNSET
APRIL 25 2014.........SUNRISE   650 AM EDT   SUNSET   824 PM EDT
APRIL 26 2014.........SUNRISE   648 AM EDT   SUNSET   825 PM EDT


-  INDICATES NEGATIVE NUMBERS.
R  INDICATES RECORD WAS SET OR TIED.
MM INDICATES DATA IS MISSING.
T  INDICATES TRACE AMOUNT.




$$
