000
CDUS43 KLMK 200626
CLILEX


CLIMATE REPORT
NATIONAL WEATHER SERVICE LOUISVILLE KY
226 AM EDT WED SEP 20 2017


...................................

...THE LEXINGTON KY CLIMATE SUMMARY FOR SEPTEMBER 19 2017...

CLIMATE NORMAL PERIOD 1981 TO 2010
CLIMATE RECORD PERIOD 1872 TO 2017


WEATHER ITEM   OBSERVED TIME   RECORD YEAR NORMAL DEPARTURE LAST
                VALUE   (LST)  VALUE       VALUE  FROM      YEAR
                                                  NORMAL
..................................................................
TEMPERATURE (F)
 YESTERDAY
  MAXIMUM         79    501 PM  95    1954  78      1       86
  MINIMUM         67   1159 PM  38    1973  56     11       63
  AVERAGE         73                        67      6       75

PRECIPITATION (IN)
  YESTERDAY        0.56          3.84 1910   0.09   0.47     0.00
  MONTH TO DATE    3.74                      1.84   1.90     0.65
  SINCE SEP 1      3.74                      1.84   1.90     0.65
  SINCE JAN 1     38.68                     33.51   5.17    35.02

SNOWFALL (IN)
  YESTERDAY        0.0          MM      MM   0.0    0.0      0.0
  MONTH TO DATE    0.0                       0.0    0.0      0.0
  SINCE SEP 1      0.0                       0.0    0.0      0.0
  SINCE JUL 1      0.0                       0.0    0.0      0.0
  SNOW DEPTH       0

DEGREE DAYS
 HEATING
  YESTERDAY        0                         2     -2        0
  MONTH TO DATE   31                        14     17        0
  SINCE SEP 1     31                        14     17        0
  SINCE JUL 1     31                        16     15        0

 COOLING
  YESTERDAY        8                         4      4       10
  MONTH TO DATE   55                       114    -59      202
  SINCE SEP 1     55                       114    -59      202
  SINCE JAN 1   1136                      1131      5     1478
..................................................................


WIND (MPH)
  HIGHEST WIND SPEED    14   HIGHEST WIND DIRECTION    SE (120)
  HIGHEST GUST SPEED    16   HIGHEST GUST DIRECTION     N (350)
  AVERAGE WIND SPEED     4.8


SKY COVER
  POSSIBLE SUNSHINE  MM
  AVERAGE SKY COVER 0.6


WEATHER CONDITIONS
 THE FOLLOWING WEATHER WAS RECORDED YESTERDAY.
  THUNDERSTORM
  HEAVY RAIN
  RAIN
  LIGHT RAIN
  FOG


RELATIVE HUMIDITY (PERCENT)
 HIGHEST    93          1100 PM
 LOWEST     71           400 PM
 AVERAGE    82

..........................................................


THE LEXINGTON KY CLIMATE NORMALS FOR TODAY
                         NORMAL    RECORD    YEAR
 MAXIMUM TEMPERATURE (F)   77        96      1940
 MINIMUM TEMPERATURE (F)   56        40      1896


SUNRISE AND SUNSET
SEPTEMBER 20 2017.....SUNRISE   725 AM EDT   SUNSET   738 PM EDT
SEPTEMBER 21 2017.....SUNRISE   725 AM EDT   SUNSET   737 PM EDT


-  INDICATES NEGATIVE NUMBERS.
R  INDICATES RECORD WAS SET OR TIED.
MM INDICATES DATA IS MISSING.
T  INDICATES TRACE AMOUNT.




$$
