000
CDUS43 KLMK 130626
CLILEX


CLIMATE REPORT
NATIONAL WEATHER SERVICE LOUISVILLE KY
126 AM EST SAT FEB 13 2016


...................................

...THE LEXINGTON KY CLIMATE SUMMARY FOR FEBRUARY 12 2016...

CLIMATE NORMAL PERIOD 1981 TO 2010
CLIMATE RECORD PERIOD 1872 TO 2016


WEATHER ITEM   OBSERVED TIME   RECORD YEAR NORMAL DEPARTURE LAST
                VALUE   (LST)  VALUE       VALUE  FROM      YEAR
                                                  NORMAL
..................................................................
TEMPERATURE (F)
 YESTERDAY
  MAXIMUM         32    251 PM  73    1938  45    -13       35
  MINIMUM         22    109 AM -12    1899  27     -5       19
  AVERAGE         27                        36     -9       27

PRECIPITATION (IN)
  YESTERDAY        T             1.49 1923   0.11  -0.11      T
  MONTH TO DATE    1.65                      1.37   0.28     0.62
  SINCE DEC 1     10.10                      8.50   1.60     5.77
  SINCE JAN 1      2.89                      4.57  -1.68     2.47

SNOWFALL (IN)
  YESTERDAY        T             3.4  1982   0.2   -0.2       T
  MONTH TO DATE    1.7                       2.3   -0.6      0.4
  SINCE DEC 1     11.3                       8.7    2.6      6.3
  SINCE JUL 1     11.3                       9.0    2.3      7.9
  SNOW DEPTH       T

DEGREE DAYS
 HEATING
  YESTERDAY       38                        29      9       38
  MONTH TO DATE  361                       361      0      363
  SINCE DEC 1   1879                      2257   -378     2218
  SINCE JUL 1   2565                      3144   -579     3225

 COOLING
  YESTERDAY        0                         0      0        0
  MONTH TO DATE    0                         0      0        0
  SINCE DEC 1      0                         0      0        0
  SINCE JAN 1      0                         0      0        0
..................................................................


WIND (MPH)
  HIGHEST WIND SPEED    23   HIGHEST WIND DIRECTION    NW (310)
  HIGHEST GUST SPEED    31   HIGHEST GUST DIRECTION     W (290)
  AVERAGE WIND SPEED     9.0


SKY COVER
  POSSIBLE SUNSHINE  MM
  AVERAGE SKY COVER 1.0


WEATHER CONDITIONS
 THE FOLLOWING WEATHER WAS RECORDED YESTERDAY.
  SNOW
  LIGHT SNOW
  HAZE


RELATIVE HUMIDITY (PERCENT)
 HIGHEST    69          1200 PM
 LOWEST     57          1000 AM
 AVERAGE    63

..........................................................


THE LEXINGTON KY CLIMATE NORMALS FOR TODAY
                         NORMAL    RECORD    YEAR
 MAXIMUM TEMPERATURE (F)   45        71      1962
                                             1938
 MINIMUM TEMPERATURE (F)   28       -20      1899


SUNRISE AND SUNSET
FEBRUARY 13 2016......SUNRISE   731 AM EST   SUNSET   614 PM EST
FEBRUARY 14 2016......SUNRISE   730 AM EST   SUNSET   615 PM EST


-  INDICATES NEGATIVE NUMBERS.
R  INDICATES RECORD WAS SET OR TIED.
MM INDICATES DATA IS MISSING.
T  INDICATES TRACE AMOUNT.




$$
