000
CDUS44 KSHV 120855
CLILFK


CLIMATE REPORT
NATIONAL WEATHER SERVICE SHREVEPORT, LA
242 AM CST FRI FEB 12 2016


...................................

...THE LUFKIN CLIMATE SUMMARY FOR FEBRUARY 11 2016...

CLIMATE NORMAL PERIOD 1981 TO 2010
CLIMATE RECORD PERIOD 1906 TO 2016


WEATHER ITEM   OBSERVED TIME   RECORD YEAR NORMAL DEPARTURE LAST
                VALUE   (LST)  VALUE       VALUE  FROM      YEAR
                                                  NORMAL
..................................................................
TEMPERATURE (F)
 YESTERDAY
  MAXIMUM         78    416 PM  82    1999  63     15       78
  MINIMUM         37    728 AM  15    1981  41     -4       45
  AVERAGE         58                        52      6       62

PRECIPITATION (IN)
  YESTERDAY        0.00          1.84 2004   0.15  -0.15     0.00
  MONTH TO DATE    0.16                      1.54  -1.38     0.11
  SINCE DEC 1      6.68                     10.16  -3.48     9.52
  SINCE JAN 1      2.63                      5.72  -3.09     7.47

SNOWFALL (IN)
  YESTERDAY        0.0
  MONTH TO DATE    0.0
  SINCE DEC 1      0.0
  SINCE JUL 1      0.0
  SNOW DEPTH       0

DEGREE DAYS
 HEATING
  YESTERDAY        7                        13     -6        3
  MONTH TO DATE  173                       157     16      117
  SINCE DEC 1   1006                      1130   -124      946
  SINCE JUL 1   1191                      1437   -246     1242

 COOLING
  YESTERDAY        0                         0      0        0
  MONTH TO DATE    3                         0      3        4
  SINCE DEC 1     39                        21     18       17
  SINCE JAN 1      6                         8     -2        5
..................................................................


WIND (MPH)
  HIGHEST WIND SPEED    17   HIGHEST WIND DIRECTION    SW (240)
  HIGHEST GUST SPEED    25   HIGHEST GUST DIRECTION    SW (240)
  AVERAGE WIND SPEED     6.9


SKY COVER
  POSSIBLE SUNSHINE  MM
  AVERAGE SKY COVER 0.0


WEATHER CONDITIONS
 THE FOLLOWING WEATHER WAS RECORDED YESTERDAY.
  NO SIGNIFICANT WEATHER WAS OBSERVED.


RELATIVE HUMIDITY (PERCENT)
 HIGHEST   100           700 AM
 LOWEST     23           300 PM
 AVERAGE    62

..........................................................


THE LUFKIN CLIMATE NORMALS FOR TODAY
                         NORMAL    RECORD    YEAR
 MAXIMUM TEMPERATURE (F)   63        84      1931
 MINIMUM TEMPERATURE (F)   41        18      1963


SUNRISE AND SUNSET
FEBRUARY 12 2016......SUNRISE   703 AM CST   SUNSET   603 PM CST
FEBRUARY 13 2016......SUNRISE   702 AM CST   SUNSET   604 PM CST


-  INDICATES NEGATIVE NUMBERS.
R  INDICATES RECORD WAS SET OR TIED.
MM INDICATES DATA IS MISSING.
T  INDICATES TRACE AMOUNT.




$$
