000
CDUS44 KSHV 020844
CLILFK


CLIMATE REPORT
NATIONAL WEATHER SERVICE SHREVEPORT, LA
243 AM CST FRI DEC 2 2016


...................................

...THE LUFKIN CLIMATE SUMMARY FOR DECEMBER 1 2016...

CLIMATE NORMAL PERIOD 1981 TO 2010
CLIMATE RECORD PERIOD 1906 TO 2016


WEATHER ITEM   OBSERVED TIME   RECORD YEAR NORMAL DEPARTURE LAST
                VALUE   (LST)  VALUE       VALUE  FROM      YEAR
                                                  NORMAL
..................................................................
TEMPERATURE (F)
 YESTERDAY
  MAXIMUM         65    202 PM  87    1945  64      1       54
  MINIMUM         30    714 AM  22    1911  42    -12       47
  AVERAGE         48                        53     -5       51

PRECIPITATION (IN)
  YESTERDAY        0.00          1.95 1931   0.16  -0.16     0.03
  MONTH TO DATE    0.00                      0.16  -0.16     0.03
  SINCE DEC 1      0.00                      0.16  -0.16     0.03
  SINCE JAN 1     45.33                     44.67   0.66    61.70

SNOWFALL (IN)
  YESTERDAY        0.0
  MONTH TO DATE    0.0
  SINCE DEC 1      0.0
  SINCE JUL 1      0.0
  SNOW DEPTH       0

DEGREE DAYS
 HEATING
  YESTERDAY       17                        12      5       14
  MONTH TO DATE   17                        12      5       14
  SINCE DEC 1     17                        12      5       14
  SINCE JUL 1    165                       319   -154      199

 COOLING
  YESTERDAY        0                         1     -1        0
  MONTH TO DATE    0                         1     -1        0
  SINCE DEC 1      0                         1     -1        0
  SINCE JAN 1   2809                      2584    225     3068
..................................................................


WIND (MPH)
  HIGHEST WIND SPEED    12   HIGHEST WIND DIRECTION    SE (150)
  HIGHEST GUST SPEED    16   HIGHEST GUST DIRECTION     E (70)
  AVERAGE WIND SPEED     2.9


SKY COVER
  POSSIBLE SUNSHINE  MM
  AVERAGE SKY COVER 0.0


WEATHER CONDITIONS
 THE FOLLOWING WEATHER WAS RECORDED YESTERDAY.
  NO SIGNIFICANT WEATHER WAS OBSERVED.


RELATIVE HUMIDITY (PERCENT)
 HIGHEST   100           800 AM
 LOWEST     22           200 PM
 AVERAGE    61

..........................................................


THE LUFKIN CLIMATE NORMALS FOR TODAY
                         NORMAL    RECORD    YEAR
 MAXIMUM TEMPERATURE (F)   64        83      2012
                                             1978
 MINIMUM TEMPERATURE (F)   42        23      1910


SUNRISE AND SUNSET
DECEMBER  2 2016......SUNRISE   701 AM CST   SUNSET   516 PM CST
DECEMBER  3 2016......SUNRISE   702 AM CST   SUNSET   516 PM CST


-  INDICATES NEGATIVE NUMBERS.
R  INDICATES RECORD WAS SET OR TIED.
MM INDICATES DATA IS MISSING.
T  INDICATES TRACE AMOUNT.




$$
