000
CDUS44 KSHV 210831
CLILFK


CLIMATE REPORT
NATIONAL WEATHER SERVICE SHREVEPORT, LA
230 AM CST SUN DEC 21 2014


...................................

...THE LUFKIN CLIMATE SUMMARY FOR DECEMBER 20 2014...

CLIMATE NORMAL PERIOD 1981 TO 2010
CLIMATE RECORD PERIOD 1906 TO 2014


WEATHER ITEM   OBSERVED TIME   RECORD YEAR NORMAL DEPARTURE LAST
                VALUE   (LST)  VALUE       VALUE  FROM      YEAR
                                                  NORMAL
..................................................................
TEMPERATURE (F)
 YESTERDAY
  MAXIMUM         57    238 PM  79    1949  60     -3       77
  MINIMUM         42   1159 PM  16    1996  39      3       68
  AVERAGE         50                        49      1       73

PRECIPITATION (IN)
  YESTERDAY        0.00          1.82 2011   0.14  -0.14     0.03
  MONTH TO DATE    0.98                      2.95  -1.97     1.24
  SINCE DEC 1      0.98                      2.95  -1.97     1.24
  SINCE JAN 1     43.66                     47.46  -3.80    41.52

SNOWFALL (IN)
  YESTERDAY        0.0
  MONTH TO DATE    0.0
  SINCE DEC 1      0.0
  SINCE JUL 1      0.0
  SNOW DEPTH       0

DEGREE DAYS
 HEATING
  YESTERDAY       15                        16     -1        0
  MONTH TO DATE  152                       290   -138      314
  SINCE DEC 1    152                       290   -138      314
  SINCE JUL 1    448                       597   -149      670

 COOLING
  YESTERDAY        0                         0      0        8
  MONTH TO DATE   12                         4      8       16
  SINCE DEC 1     12                         4      8       16
  SINCE JAN 1   2980                      2587    393     2857
..................................................................


WIND (MPH)
  HIGHEST WIND SPEED    10   HIGHEST WIND DIRECTION     N (10)
  HIGHEST GUST SPEED    14   HIGHEST GUST DIRECTION     N (20)
  AVERAGE WIND SPEED     5.1


SKY COVER
  POSSIBLE SUNSHINE  MM
  AVERAGE SKY COVER 0.8


WEATHER CONDITIONS
 THE FOLLOWING WEATHER WAS RECORDED YESTERDAY.
  FOG
  HAZE


RELATIVE HUMIDITY (PERCENT)
 HIGHEST    86           100 AM
 LOWEST     66           100 PM
 AVERAGE    76

..........................................................


THE LUFKIN CLIMATE NORMALS FOR TODAY
                         NORMAL    RECORD    YEAR
 MAXIMUM TEMPERATURE (F)   60        83      2010
 MINIMUM TEMPERATURE (F)   38        19      1973


SUNRISE AND SUNSET
DECEMBER 21 2014......SUNRISE   714 AM CST   SUNSET   521 PM CST
DECEMBER 22 2014......SUNRISE   714 AM CST   SUNSET   521 PM CST


-  INDICATES NEGATIVE NUMBERS.
R  INDICATES RECORD WAS SET OR TIED.
MM INDICATES DATA IS MISSING.
T  INDICATES TRACE AMOUNT.




$$
