000
CDUS44 KSHV 230735
CLILFK


CLIMATE REPORT
NATIONAL WEATHER SERVICE SHREVEPORT, LA
234 AM CDT THU OCT 23 2014


...................................

...THE LUFKIN CLIMATE SUMMARY FOR OCTOBER 22 2014...

CLIMATE NORMAL PERIOD 1981 TO 2010
CLIMATE RECORD PERIOD 1906 TO 2014


WEATHER ITEM   OBSERVED TIME   RECORD YEAR NORMAL DEPARTURE LAST
                VALUE   (LST)  VALUE       VALUE  FROM      YEAR
                                                  NORMAL
..................................................................
TEMPERATURE (F)
 YESTERDAY
  MAXIMUM         83    200 PM  96    1939  78      5       75
  MINIMUM         59    641 AM  33    1910  54      5       50
  AVERAGE         71                        66      5       63

PRECIPITATION (IN)
  YESTERDAY        0.00          4.35 1919   0.18  -0.18     0.00
  MONTH TO DATE    3.12                      3.25  -0.13     1.93
  SINCE DEC 1     40.33                     42.36  -2.03    36.49
  SINCE JAN 1     38.12                     37.92   0.20    32.18

SNOWFALL (IN)
  YESTERDAY        0.0
  MONTH TO DATE    0.0
  SINCE SEP 1      0.0
  SINCE JUL 1      0.0
  SNOW DEPTH       0

DEGREE DAYS
 HEATING
  YESTERDAY        0                         3     -3        2
  MONTH TO DATE    0                        32    -32       19
  SINCE SEP 1      0                        36    -36       19
  SINCE JUL 1      0                        36    -36       19

 COOLING
  YESTERDAY        6                         4      2        0
  MONTH TO DATE  184                       121     63      156
  SINCE SEP 1    680                       495    185      622
  SINCE JAN 1   2914                      2518    396     2789
..................................................................


WIND (MPH)
  HIGHEST WIND SPEED    13   HIGHEST WIND DIRECTION     E (80)
  HIGHEST GUST SPEED    18   HIGHEST GUST DIRECTION     E (70)
  AVERAGE WIND SPEED     4.2


SKY COVER
  POSSIBLE SUNSHINE  MM
  AVERAGE SKY COVER 0.0


WEATHER CONDITIONS
 THE FOLLOWING WEATHER WAS RECORDED YESTERDAY.
  FOG
  HAZE


RELATIVE HUMIDITY (PERCENT)
 HIGHEST    90          1200 AM
 LOWEST     40           300 PM
 AVERAGE    65

..........................................................


THE LUFKIN CLIMATE NORMALS FOR TODAY
                         NORMAL    RECORD    YEAR
 MAXIMUM TEMPERATURE (F)   78        91      1932
 MINIMUM TEMPERATURE (F)   54        33      1937


SUNRISE AND SUNSET
OCTOBER 23 2014.......SUNRISE   728 AM CDT   SUNSET   639 PM CDT
OCTOBER 24 2014.......SUNRISE   728 AM CDT   SUNSET   638 PM CDT


-  INDICATES NEGATIVE NUMBERS.
R  INDICATES RECORD WAS SET OR TIED.
MM INDICATES DATA IS MISSING.
T  INDICATES TRACE AMOUNT.




$$
