000
CDUS44 KSHV 270926
CLILFK


CLIMATE REPORT
NATIONAL WEATHER SERVICE SHREVEPORT, LA
326 AM CST MON FEB 27 2017


...................................

...THE LUFKIN CLIMATE SUMMARY FOR FEBRUARY 26 2017...

CLIMATE NORMAL PERIOD 1981 TO 2010
CLIMATE RECORD PERIOD 1906 TO 2017


WEATHER ITEM   OBSERVED TIME   RECORD YEAR NORMAL DEPARTURE LAST
                VALUE   (LST)  VALUE       VALUE  FROM      YEAR
                                                  NORMAL
..................................................................
TEMPERATURE (F)
 YESTERDAY
  MAXIMUM         72    317 PM  86    1917  66      6       60
  MINIMUM         39    620 AM  20    1960  44     -5       30
  AVERAGE         56                        55      1       45

PRECIPITATION (IN)
  YESTERDAY        0.00          2.00 1913   0.13  -0.13     0.00
  MONTH TO DATE    2.13                      3.62  -1.49     3.71
  SINCE DEC 1     12.69                     12.24   0.45    10.23
  SINCE JAN 1      7.78                      7.80  -0.02     6.18

SNOWFALL (IN)
  YESTERDAY        0.0
  MONTH TO DATE    0.0
  SINCE DEC 1      T
  SINCE JUL 1      T
  SNOW DEPTH       0

DEGREE DAYS
 HEATING
  YESTERDAY        9                        10     -1       20
  MONTH TO DATE  142                       334   -192      282
  SINCE DEC 1    828                      1307   -479     1115
  SINCE JUL 1    976                      1614   -638     1300

 COOLING
  YESTERDAY        0                         1     -1        0
  MONTH TO DATE   38                         2     36       11
  SINCE DEC 1     94                        23     71       47
  SINCE JAN 1     63                        10     53       14
..................................................................


WIND (MPH)
  HIGHEST WIND SPEED    24   HIGHEST WIND DIRECTION     S (160)
  HIGHEST GUST SPEED    30   HIGHEST GUST DIRECTION    SE (140)
  AVERAGE WIND SPEED    10.9


SKY COVER
  POSSIBLE SUNSHINE  MM
  AVERAGE SKY COVER 0.5


WEATHER CONDITIONS
 THE FOLLOWING WEATHER WAS RECORDED YESTERDAY.
  NO SIGNIFICANT WEATHER WAS OBSERVED.


RELATIVE HUMIDITY (PERCENT)
 HIGHEST    86          1200 AM
 LOWEST     51          1000 AM
 AVERAGE    69

..........................................................


THE LUFKIN CLIMATE NORMALS FOR TODAY
                         NORMAL    RECORD    YEAR
 MAXIMUM TEMPERATURE (F)   67        87      1918
 MINIMUM TEMPERATURE (F)   44        19      2002


SUNRISE AND SUNSET
FEBRUARY 27 2017......SUNRISE   648 AM CST   SUNSET   616 PM CST
FEBRUARY 28 2017......SUNRISE   647 AM CST   SUNSET   617 PM CST


-  INDICATES NEGATIVE NUMBERS.
R  INDICATES RECORD WAS SET OR TIED.
MM INDICATES DATA IS MISSING.
T  INDICATES TRACE AMOUNT.




$$
