000
CDUS44 KSHV 270834
CLILFK


CLIMATE REPORT
NATIONAL WEATHER SERVICE SHREVEPORT, LA
233 AM CST THU NOV 27 2014


...................................

...THE LUFKIN CLIMATE SUMMARY FOR NOVEMBER 26 2014...

CLIMATE NORMAL PERIOD 1981 TO 2010
CLIMATE RECORD PERIOD 1906 TO 2014


WEATHER ITEM   OBSERVED TIME   RECORD YEAR NORMAL DEPARTURE LAST
                VALUE   (LST)  VALUE       VALUE  FROM      YEAR
                                                  NORMAL
..................................................................
TEMPERATURE (F)
 YESTERDAY
  MAXIMUM         74    213 PM  88    1965  66      8       42
  MINIMUM         40   1253 AM  24    1938  44     -4       36
  AVERAGE         57                        55      2       39

PRECIPITATION (IN)
  YESTERDAY        0.00          1.63 1914   0.16  -0.16     0.71
  MONTH TO DATE    4.07                      4.34  -0.27     3.76
  SINCE DEC 1     44.89                     48.28  -3.39    44.59
  SINCE JAN 1     42.68                     43.84  -1.16    40.28

SNOWFALL (IN)
  YESTERDAY        0.0
  MONTH TO DATE    0.0
  SINCE SEP 1      0.0
  SINCE JUL 1      0.0
  SNOW DEPTH       0

DEGREE DAYS
 HEATING
  YESTERDAY        8                        11     -3       26
  MONTH TO DATE  274                       194     80      243
  SINCE SEP 1    276                       260     16      269
  SINCE JUL 1    276                       260     16      269

 COOLING
  YESTERDAY        0                         1     -1        0
  MONTH TO DATE   13                        36    -23       25
  SINCE SEP 1    726                       557    169      674
  SINCE JAN 1   2960                      2580    380     2841
..................................................................


WIND (MPH)
  HIGHEST WIND SPEED    20   HIGHEST WIND DIRECTION    SW (240)
  HIGHEST GUST SPEED    28   HIGHEST GUST DIRECTION     W (250)
  AVERAGE WIND SPEED     6.6


SKY COVER
  POSSIBLE SUNSHINE  MM
  AVERAGE SKY COVER 0.0


WEATHER CONDITIONS
 THE FOLLOWING WEATHER WAS RECORDED YESTERDAY.
  NO SIGNIFICANT WEATHER WAS OBSERVED.


RELATIVE HUMIDITY (PERCENT)
 HIGHEST    79           100 AM
 LOWEST     23           300 PM
 AVERAGE    51

..........................................................


THE LUFKIN CLIMATE NORMALS FOR TODAY
                         NORMAL    RECORD    YEAR
 MAXIMUM TEMPERATURE (F)   66        87      1945
 MINIMUM TEMPERATURE (F)   43        21      1938


SUNRISE AND SUNSET
NOVEMBER 27 2014......SUNRISE   657 AM CST   SUNSET   517 PM CST
NOVEMBER 28 2014......SUNRISE   657 AM CST   SUNSET   516 PM CST


-  INDICATES NEGATIVE NUMBERS.
R  INDICATES RECORD WAS SET OR TIED.
MM INDICATES DATA IS MISSING.
T  INDICATES TRACE AMOUNT.




$$
