000
CDUS44 KSHV 240742
CLILFK


CLIMATE REPORT
NATIONAL WEATHER SERVICE SHREVEPORT, LA
240 AM CDT SAT JUN 24 2017


...................................

...THE LUFKIN CLIMATE SUMMARY FOR JUNE 23 2017...

CLIMATE NORMAL PERIOD 1981 TO 2010
CLIMATE RECORD PERIOD 1906 TO 2017


WEATHER ITEM   OBSERVED TIME   RECORD YEAR NORMAL DEPARTURE LAST
                VALUE   (LST)  VALUE       VALUE  FROM      YEAR
                                                  NORMAL
..................................................................
TEMPERATURE (F)
 YESTERDAY
  MAXIMUM         91    416 PM 103    1918  91      0       93
  MINIMUM         76   1240 AM  60    1920  71      5       71
  AVERAGE         84                        81      3       82

PRECIPITATION (IN)
  YESTERDAY        0.01          2.00 1920   0.15  -0.14     0.00
  MONTH TO DATE    4.70                      3.66   1.04     1.96
  SINCE DEC 1     32.13                     27.62   4.51    35.08
  SINCE JAN 1     27.22                     23.18   4.04    31.03

SNOWFALL (IN)
  YESTERDAY        0.0
  MONTH TO DATE    0.0
  SINCE JUN 1      0.0
  SINCE JUL 1      T
  SNOW DEPTH       0

DEGREE DAYS
 HEATING
  YESTERDAY        0                         0      0        0
  MONTH TO DATE    0                         0      0        0
  SINCE JUN 1      0                         0      0        0
  SINCE JUL 1   1145                      1917   -772     1472

 COOLING
  YESTERDAY       19                        16      3       17
  MONTH TO DATE  336                       337     -1      347
  SINCE JUN 1    336                       337     -1      347
  SINCE JAN 1    861                       806     55      793
..................................................................


WIND (MPH)
  HIGHEST WIND SPEED    14   HIGHEST WIND DIRECTION     S (180)
  HIGHEST GUST SPEED    18   HIGHEST GUST DIRECTION     S (200)
  AVERAGE WIND SPEED     7.2


SKY COVER
  POSSIBLE SUNSHINE  MM
  AVERAGE SKY COVER 0.5


WEATHER CONDITIONS
 THE FOLLOWING WEATHER WAS RECORDED YESTERDAY.
  LIGHT RAIN
  FOG


RELATIVE HUMIDITY (PERCENT)
 HIGHEST   100          1200 AM
 LOWEST     64           100 PM
 AVERAGE    82

..........................................................


THE LUFKIN CLIMATE NORMALS FOR TODAY
                         NORMAL    RECORD    YEAR
 MAXIMUM TEMPERATURE (F)   91       102      1933
 MINIMUM TEMPERATURE (F)   71        62      2001


SUNRISE AND SUNSET
JUNE 24 2017..........SUNRISE   616 AM CDT   SUNSET   827 PM CDT
JUNE 25 2017..........SUNRISE   617 AM CDT   SUNSET   827 PM CDT


-  INDICATES NEGATIVE NUMBERS.
R  INDICATES RECORD WAS SET OR TIED.
MM INDICATES DATA IS MISSING.
T  INDICATES TRACE AMOUNT.




$$
