000
CDUS44 KSHV 270744
CLILFK


CLIMATE REPORT
NATIONAL WEATHER SERVICE SHREVEPORT, LA
242 AM CDT TUE SEP 27 2016


...................................

...THE LUFKIN CLIMATE SUMMARY FOR SEPTEMBER 26 2016...

CLIMATE NORMAL PERIOD 1981 TO 2010
CLIMATE RECORD PERIOD 1906 TO 2016


WEATHER ITEM   OBSERVED TIME   RECORD YEAR NORMAL DEPARTURE LAST
                VALUE   (LST)  VALUE       VALUE  FROM      YEAR
                                                  NORMAL
..................................................................
TEMPERATURE (F)
 YESTERDAY
  MAXIMUM         84    357 PM 100    2005  86     -2       93
  MINIMUM         69   1159 PM  46    2000  62      7       60
  AVERAGE         77                        74      3       77

PRECIPITATION (IN)
  YESTERDAY        0.05          2.51 1913   0.13  -0.08     0.00
  MONTH TO DATE    1.10                      3.57  -2.47     0.59
  SINCE DEC 1     46.48                     38.60   7.88    50.24
  SINCE JAN 1     42.43                     34.16   8.27    48.19

SNOWFALL (IN)
  YESTERDAY        0.0
  MONTH TO DATE    0.0
  SINCE SEP 1      0.0
  SINCE JUL 1      0.0
  SNOW DEPTH       0

DEGREE DAYS
 HEATING
  YESTERDAY        0                         0      0        0
  MONTH TO DATE    0                         0      0        0
  SINCE SEP 1      0                         0      0        0
  SINCE JUL 1      0                         0      0        0

 COOLING
  YESTERDAY       12                         9      3       12
  MONTH TO DATE  428                       339     89      385
  SINCE SEP 1    428                       339     89      385
  SINCE JAN 1   2516                      2362    154     2819
..................................................................


WIND (MPH)
  HIGHEST WIND SPEED    16   HIGHEST WIND DIRECTION     E (70)
  HIGHEST GUST SPEED    21   HIGHEST GUST DIRECTION     N (20)
  AVERAGE WIND SPEED     4.2


SKY COVER
  POSSIBLE SUNSHINE  MM
  AVERAGE SKY COVER 0.7


WEATHER CONDITIONS
 THE FOLLOWING WEATHER WAS RECORDED YESTERDAY.
  THUNDERSTORM
  LIGHT RAIN
  FOG


RELATIVE HUMIDITY (PERCENT)
 HIGHEST   100           100 AM
 LOWEST     70           400 PM
 AVERAGE    85

..........................................................


THE LUFKIN CLIMATE NORMALS FOR TODAY
                         NORMAL    RECORD    YEAR
 MAXIMUM TEMPERATURE (F)   86       101      1953
 MINIMUM TEMPERATURE (F)   62        40      1942


SUNRISE AND SUNSET
SEPTEMBER 27 2016.....SUNRISE   711 AM CDT   SUNSET   708 PM CDT
SEPTEMBER 28 2016.....SUNRISE   711 AM CDT   SUNSET   707 PM CDT


-  INDICATES NEGATIVE NUMBERS.
R  INDICATES RECORD WAS SET OR TIED.
MM INDICATES DATA IS MISSING.
T  INDICATES TRACE AMOUNT.




$$
