000
CDUS44 KSHV 010750
CLILFK


CLIMATE REPORT
NATIONAL WEATHER SERVICE SHREVEPORT, LA
249 AM CDT SAT AUG 1 2015


...................................

...THE LUFKIN CLIMATE SUMMARY FOR JULY 31 2015...

CLIMATE NORMAL PERIOD 1981 TO 2010
CLIMATE RECORD PERIOD 1906 TO 2015


WEATHER ITEM   OBSERVED TIME   RECORD YEAR NORMAL DEPARTURE LAST
                VALUE   (LST)  VALUE       VALUE  FROM      YEAR
                                                  NORMAL
..................................................................
TEMPERATURE (F)
 YESTERDAY
  MAXIMUM         94    447 PM 107    1998  94      0       89
  MINIMUM         73   1149 PM  64    1936  72      1       73
  AVERAGE         84                        83      1       81

PRECIPITATION (IN)
  YESTERDAY        0.00          1.96 2014   0.09  -0.09     1.96
  MONTH TO DATE    0.93                      3.05  -2.12     9.14
  SINCE DEC 1     49.21                     31.69  17.52    31.53
  SINCE JAN 1     47.16                     27.25  19.91    29.32

SNOWFALL (IN)
  YESTERDAY        0.0
  MONTH TO DATE    0.0
  SINCE JUN 1      0.0
  SINCE JUL 1      0.0
  SNOW DEPTH       0

DEGREE DAYS
 HEATING
  YESTERDAY        0                         0      0        0
  MONTH TO DATE    0                         0      0        0
  SINCE JUN 1      0                         0      0        0
  SINCE JUL 1      0                         0      0        0

 COOLING
  YESTERDAY       19                        18      1       16
  MONTH TO DATE  625                       550     75      580
  SINCE JUN 1   1178                      1002    176     1119
  SINCE JAN 1   1861                      1471    390     1615
..................................................................


WIND (MPH)
  HIGHEST WIND SPEED    14   HIGHEST WIND DIRECTION     N (20)
  HIGHEST GUST SPEED    20   HIGHEST GUST DIRECTION    NE (60)
  AVERAGE WIND SPEED     5.1


SKY COVER
  POSSIBLE SUNSHINE  MM
  AVERAGE SKY COVER 0.1


WEATHER CONDITIONS
 THE FOLLOWING WEATHER WAS RECORDED YESTERDAY.
  FOG


RELATIVE HUMIDITY (PERCENT)
 HIGHEST   100           500 AM
 LOWEST     33           500 PM
 AVERAGE    67

..........................................................


THE LUFKIN CLIMATE NORMALS FOR TODAY
                         NORMAL    RECORD    YEAR
 MAXIMUM TEMPERATURE (F)   94       107      1998
 MINIMUM TEMPERATURE (F)   72        64      1936


SUNRISE AND SUNSET
AUGUST  1 2015........SUNRISE   636 AM CDT   SUNSET   815 PM CDT
AUGUST  2 2015........SUNRISE   636 AM CDT   SUNSET   814 PM CDT


-  INDICATES NEGATIVE NUMBERS.
R  INDICATES RECORD WAS SET OR TIED.
MM INDICATES DATA IS MISSING.
T  INDICATES TRACE AMOUNT.




$$
