000
CDUS44 KSHV 162331
CLILFK


CLIMATE REPORT
NATIONAL WEATHER SERVICE SHREVEPORT, LA
520 PM CST TUE JAN 16 2018


...................................

...THE LUFKIN CLIMATE SUMMARY FOR JANUARY 16 2018...
VALID TODAY AS OF 0500 PM LOCAL TIME.

CLIMATE NORMAL PERIOD 1981 TO 2010
CLIMATE RECORD PERIOD 1906 TO 2018


WEATHER ITEM   OBSERVED TIME   RECORD YEAR NORMAL DEPARTURE LAST
                VALUE   (LST)  VALUE       VALUE  FROM      YEAR
                                                  NORMAL
..................................................................
TEMPERATURE (F)
 TODAY
  MAXIMUM         44   1239 AM  83    1936  60    -16       75
  MINIMUM         22   1012 AM  19    1930  38    -16       62
  AVERAGE         33                        49    -16       69

PRECIPITATION (IN)
  TODAY            0.09          2.93 1950   0.14  -0.05     0.64
  MONTH TO DATE    1.22                      2.08  -0.86     2.00
  SINCE DEC 1      4.83                      6.52  -1.69     6.91
  SINCE JAN 1      1.22                      2.08  -0.86     2.00

SNOWFALL (IN)
  TODAY            0.1
  MONTH TO DATE    0.1
  SINCE DEC 1      1.1
  SINCE JUL 1      1.1
  SNOW DEPTH       T

DEGREE DAYS
 HEATING
  TODAY           32                        16     16        0
  MONTH TO DATE  383                       268    115      171
  SINCE DEC 1    871                       739    132      543
  SINCE JUL 1   1122                      1046     76      691

 COOLING
  TODAY            0                         0      0        4
  MONTH TO DATE    0                         0      0       25
  SINCE DEC 1      8                        13     -5       56
  SINCE JAN 1      0                         0      0       25
..................................................................


WIND (MPH)
  HIGHEST WIND SPEED    18   HIGHEST WIND DIRECTION    NW (330)
  HIGHEST GUST SPEED    27   HIGHEST GUST DIRECTION     N (350)
  AVERAGE WIND SPEED    12.3


SKY COVER
  POSSIBLE SUNSHINE  MM
  AVERAGE SKY COVER 0.9


WEATHER CONDITIONS
 THE FOLLOWING WEATHER WAS RECORDED TODAY.
  RAIN
  LIGHT RAIN
  LT FREEZING RAIN
  LIGHT SNOW
  FOG


RELATIVE HUMIDITY (PERCENT)
 HIGHEST    96           300 AM
 LOWEST     62           400 PM
 AVERAGE    79

..........................................................


THE LUFKIN CLIMATE NORMALS FOR TOMORROW
                         NORMAL    RECORD    YEAR
 MAXIMUM TEMPERATURE (F)   60        81      1952
 MINIMUM TEMPERATURE (F)   38        18      1965


SUNRISE AND SUNSET
JANUARY 16 2018.......SUNRISE   718 AM CST   SUNSET   540 PM CST
JANUARY 17 2018.......SUNRISE   718 AM CST   SUNSET   541 PM CST


-  INDICATES NEGATIVE NUMBERS.
R  INDICATES RECORD WAS SET OR TIED.
MM INDICATES DATA IS MISSING.
T  INDICATES TRACE AMOUNT.




$$
