394
CDUS44 KSHV 220742
CLILFK


CLIMATE REPORT
NATIONAL WEATHER SERVICE SHREVEPORT, LA
241 AM CDT SUN OCT 22 2017


...................................

...THE LUFKIN CLIMATE SUMMARY FOR OCTOBER 21 2017...

CLIMATE NORMAL PERIOD 1981 TO 2010
CLIMATE RECORD PERIOD 1906 TO 2017


WEATHER ITEM   OBSERVED TIME   RECORD YEAR NORMAL DEPARTURE LAST
                VALUE   (LST)  VALUE       VALUE  FROM      YEAR
                                                  NORMAL
..................................................................
TEMPERATURE (F)
 YESTERDAY
  MAXIMUM         87    228 PM  93    1934  78      9       73
  MINIMUM         67    112 AM  32    1976  54     13       47
  AVERAGE         77                        66     11       60

PRECIPITATION (IN)
  YESTERDAY        T             1.57 1990   0.19  -0.19     0.00
  MONTH TO DATE    0.42                      3.07  -2.65     0.15
  SINCE DEC 1     53.36                     42.18  11.18    46.63
  SINCE JAN 1     48.45                     37.74  10.71    42.58

SNOWFALL (IN)
  YESTERDAY        0.0
  MONTH TO DATE    0.0
  SINCE SEP 1      0.0
  SINCE JUL 1      0.0
  SNOW DEPTH       0

DEGREE DAYS
 HEATING
  YESTERDAY        0                         3     -3        5
  MONTH TO DATE   11                        29    -18        6
  SINCE SEP 1     11                        33    -22        6
  SINCE JUL 1     11                        33    -22        6

 COOLING
  YESTERDAY       12                         4      8        0
  MONTH TO DATE  180                       117     63      191
  SINCE SEP 1    541                       491     50      638
  SINCE JAN 1   2564                      2514     50     2726
..................................................................


WIND (MPH)
  HIGHEST WIND SPEED    17   HIGHEST WIND DIRECTION    SE (150)
  HIGHEST GUST SPEED    22   HIGHEST GUST DIRECTION     S (170)
  AVERAGE WIND SPEED     8.2


SKY COVER
  POSSIBLE SUNSHINE  MM
  AVERAGE SKY COVER 0.6


WEATHER CONDITIONS
 THE FOLLOWING WEATHER WAS RECORDED YESTERDAY.
  LIGHT RAIN
  FOG


RELATIVE HUMIDITY (PERCENT)
 HIGHEST   100           500 AM
 LOWEST     61           100 PM
 AVERAGE    81

..........................................................


THE LUFKIN CLIMATE NORMALS FOR TODAY
                         NORMAL    RECORD    YEAR
 MAXIMUM TEMPERATURE (F)   78        96      1939
 MINIMUM TEMPERATURE (F)   54        33      1910


SUNRISE AND SUNSET
OCTOBER 22 2017.......SUNRISE   727 AM CDT   SUNSET   639 PM CDT
OCTOBER 23 2017.......SUNRISE   728 AM CDT   SUNSET   638 PM CDT


-  INDICATES NEGATIVE NUMBERS.
R  INDICATES RECORD WAS SET OR TIED.
MM INDICATES DATA IS MISSING.
T  INDICATES TRACE AMOUNT.




$$
