000
CDUS44 KLCH 030840
CLILFT


CLIMATE REPORT
NATIONAL WEATHER SERVICE LAKE CHARLES, LA
339 AM CDT FRI JUL 3 2015


...................................

...THE LAFAYETTE CLIMATE SUMMARY FOR JULY 2 2015...

CLIMATE NORMAL PERIOD 1981 TO 2010
CLIMATE RECORD PERIOD 1893 TO 2015


WEATHER ITEM   OBSERVED TIME   RECORD YEAR NORMAL DEPARTURE LAST
                VALUE   (LST)  VALUE       VALUE  FROM      YEAR
                                                  NORMAL
..................................................................
TEMPERATURE (F)
 YESTERDAY
  MAXIMUM         91    238 PM 100    1894  92     -1       94
  MINIMUM         72   1213 AM  60    1924  75     -3       74
                                      1918
  AVERAGE         82                        83     -1       84

PRECIPITATION (IN)
  YESTERDAY        T             3.51 1903   0.24  -0.24     0.00
  MONTH TO DATE    0.16                      0.48  -0.32     0.00
  SINCE JUN 1      7.77                      7.56   0.21     8.59
  SINCE JAN 1     38.37                     30.18   8.19    31.63

DEGREE DAYS
 COOLING
  YESTERDAY       17                        18     -1       19
  MONTH TO DATE   33                        36     -3       39
  SINCE JUN 1    535                       534      1      546
  SINCE JAN 1   1227                      1148     79     1015
..................................................................


WIND (MPH)
  HIGHEST WIND SPEED    17   HIGHEST WIND DIRECTION     S (190)
  HIGHEST GUST SPEED    21   HIGHEST GUST DIRECTION     S (200)
  AVERAGE WIND SPEED     5.5


SKY COVER
  POSSIBLE SUNSHINE  MM
  AVERAGE SKY COVER 0.1


WEATHER CONDITIONS
 THE FOLLOWING WEATHER WAS RECORDED YESTERDAY.
  LIGHT RAIN
  HAZE


RELATIVE HUMIDITY (PERCENT)
 HIGHEST    93          1200 AM
 LOWEST     59           200 PM
 AVERAGE    76

..........................................................


THE LAFAYETTE CLIMATE NORMALS FOR TODAY
                         NORMAL    RECORD    YEAR
 MAXIMUM TEMPERATURE (F)   92       103      1894
 MINIMUM TEMPERATURE (F)   75        58      1924


SUNRISE AND SUNSET
JULY  3 2015..........SUNRISE   611 AM CDT   SUNSET   814 PM CDT
JULY  4 2015..........SUNRISE   611 AM CDT   SUNSET   813 PM CDT


-  INDICATES NEGATIVE NUMBERS.
R  INDICATES RECORD WAS SET OR TIED.
MM INDICATES DATA IS MISSING.
T  INDICATES TRACE AMOUNT.




$$
