427
CDUS44 KLCH 061245
CLILFT


CLIMATE REPORT
NATIONAL WEATHER SERVICE LAKE CHARLES, LA
645 AM CST SAT FEB 6 2016


...................................

...THE LAFAYETTE CLIMATE SUMMARY FOR FEBRUARY 5 2016...

CLIMATE NORMAL PERIOD 1981 TO 2010
CLIMATE RECORD PERIOD 1893 TO 2016


WEATHER ITEM   OBSERVED TIME   RECORD YEAR NORMAL DEPARTURE LAST
                VALUE   (LST)  VALUE       VALUE  FROM      YEAR
                                                  NORMAL
..................................................................
TEMPERATURE (F)
 YESTERDAY
  MAXIMUM         57    344 PM  80    1921  64     -7       56
                                      1911
  MINIMUM         34    711 AM  16    1996  45    -11       39
  AVERAGE         46                        54     -8       48

PRECIPITATION (IN)
  YESTERDAY        0.00          4.91 1955   0.17  -0.17     0.00
  MONTH TO DATE    2.92                      0.87   2.05     0.73
  SINCE DEC 1     11.45                     12.12  -0.67     8.84
  SINCE JAN 1      7.59                      6.54   1.05     5.34

SNOWFALL (IN)
  YESTERDAY        0.0           T    1988   0.0    0.0      0.0
  MONTH TO DATE    0.0                       0.0    0.0      0.0
  SINCE DEC 1      0.0                       0.0    0.0      0.0
  SINCE JUL 1      0.0                       0.0    0.0      0.0
  SNOW DEPTH       0

DEGREE DAYS
 HEATING
  YESTERDAY       19                        12      7       17
  MONTH TO DATE   46                        60    -14       83
  SINCE DEC 1    639                       817   -178      814
  SINCE JUL 1    727                      1016   -289     1115
..................................................................


WIND (MPH)
  HIGHEST WIND SPEED    12   HIGHEST WIND DIRECTION    NE (40)
  HIGHEST GUST SPEED    19   HIGHEST GUST DIRECTION     N (20)
  AVERAGE WIND SPEED     2.3


SKY COVER
  POSSIBLE SUNSHINE  MM
  AVERAGE SKY COVER 0.0


WEATHER CONDITIONS
 THE FOLLOWING WEATHER WAS RECORDED YESTERDAY.
  NO SIGNIFICANT WEATHER WAS OBSERVED.


RELATIVE HUMIDITY (PERCENT)
 HIGHEST    89           300 AM
 LOWEST     24           200 PM
 AVERAGE    57

..........................................................


THE LAFAYETTE CLIMATE NORMALS FOR TODAY
                         NORMAL    RECORD    YEAR
 MAXIMUM TEMPERATURE (F)   64        81      1957
                                             1911
 MINIMUM TEMPERATURE (F)   45        23      1917
                                             1912


SUNRISE AND SUNSET
FEBRUARY  6 2016......SUNRISE   656 AM CST   SUNSET   549 PM CST
FEBRUARY  7 2016......SUNRISE   655 AM CST   SUNSET   550 PM CST


-  INDICATES NEGATIVE NUMBERS.
R  INDICATES RECORD WAS SET OR TIED.
MM INDICATES DATA IS MISSING.
T  INDICATES TRACE AMOUNT.




$$
