000
CDUS44 KLCH 260912
CLILFT


CLIMATE REPORT
NATIONAL WEATHER SERVICE LAKE CHARLES, LA
411 AM CDT SUN MAR 26 2017


...................................

...THE LAFAYETTE CLIMATE SUMMARY FOR MARCH 25 2017...

CLIMATE NORMAL PERIOD 1981 TO 2010
CLIMATE RECORD PERIOD 1893 TO 2017


WEATHER ITEM   OBSERVED TIME   RECORD YEAR NORMAL DEPARTURE LAST
                VALUE   (LST)  VALUE       VALUE  FROM      YEAR
                                                  NORMAL
..................................................................
TEMPERATURE (F)
 YESTERDAY
  MAXIMUM         78    453 PM  89    1899  74      4       71
  MINIMUM         61    457 AM  35    1912  54      7       47
  AVERAGE         70                        64      6       59

PRECIPITATION (IN)
  YESTERDAY        0.45          2.17 1976   0.13   0.32     0.00
  MONTH TO DATE    1.22                      3.09  -1.87     5.21
  SINCE MAR 1      1.22                      3.09  -1.87     5.21
  SINCE JAN 1      4.74                     13.21  -8.47    14.34

SNOWFALL (IN)
  YESTERDAY        0.0           0.0    MM   0.0    0.0      0.0
  MONTH TO DATE    0.0                       0.0    0.0      0.0
  SINCE MAR 1      0.0                       0.0    0.0      0.0
  SINCE JUL 1      0.0                       T      0.0      0.0
  SNOW DEPTH       0

DEGREE DAYS
 HEATING
  YESTERDAY        0                         3     -3        6
  MONTH TO DATE   60                       132    -72       61
  SINCE MAR 1     60                       132    -72       61
  SINCE JUL 1    637                      1362   -725      979

 COOLING
  YESTERDAY        5                         3      2        0
  MONTH TO DATE  102                        45     57       77
  SINCE MAR 1    102                        45     57       77
  SINCE JAN 1    286                        77    209       87
..................................................................


WIND (MPH)
  HIGHEST WIND SPEED    29   HIGHEST WIND DIRECTION     W (270)
  HIGHEST GUST SPEED    39   HIGHEST GUST DIRECTION     W (270)
  AVERAGE WIND SPEED     8.3


SKY COVER
  POSSIBLE SUNSHINE  MM
  AVERAGE SKY COVER 0.6


WEATHER CONDITIONS
 THE FOLLOWING WEATHER WAS RECORDED YESTERDAY.
  THUNDERSTORM
  HEAVY RAIN
  RAIN
  LIGHT RAIN
  FOG


RELATIVE HUMIDITY (PERCENT)
 HIGHEST    93           700 AM
 LOWEST     48           400 PM
 AVERAGE    71

..........................................................


THE LAFAYETTE CLIMATE NORMALS FOR TODAY
                         NORMAL    RECORD    YEAR
 MAXIMUM TEMPERATURE (F)   75        88      1907
 MINIMUM TEMPERATURE (F)   54        34      1955
                                             1930
                                             1894


SUNRISE AND SUNSET
MARCH 26 2017.........SUNRISE   704 AM CDT   SUNSET   723 PM CDT
MARCH 27 2017.........SUNRISE   703 AM CDT   SUNSET   724 PM CDT


-  INDICATES NEGATIVE NUMBERS.
R  INDICATES RECORD WAS SET OR TIED.
MM INDICATES DATA IS MISSING.
T  INDICATES TRACE AMOUNT.




$$
