000
CDUS44 KLCH 200848
CLILFT


CLIMATE REPORT
NATIONAL WEATHER SERVICE LAKE CHARLES, LA
248 AM CST TUE FEB 20 2018


...................................

...THE LAFAYETTE CLIMATE SUMMARY FOR FEBRUARY 19 2018...

CLIMATE NORMAL PERIOD 1981 TO 2010
CLIMATE RECORD PERIOD 1893 TO 2018


WEATHER ITEM   OBSERVED TIME   RECORD YEAR NORMAL DEPARTURE LAST
                VALUE   (LST)  VALUE       VALUE  FROM      YEAR
                                                  NORMAL
..................................................................
TEMPERATURE (F)
 YESTERDAY
  MAXIMUM         81    231 PM  83    1956  66     15       81
  MINIMUM         67    714 AM  25    1910  47     20       65
  AVERAGE         74                        57     17       73

PRECIPITATION (IN)
  YESTERDAY        0.00          1.73 1991   0.16  -0.16    MM
  MONTH TO DATE    1.40                      3.14  -1.74     0.06
  SINCE DEC 1     11.88                     14.39  -2.51    12.52
  SINCE JAN 1      5.59                      8.81  -3.22     3.43

SNOWFALL (IN)
  YESTERDAY        0.0           T    1959   0.0    0.0      0.0
                                      1928
  MONTH TO DATE    0.0                       0.0    0.0      0.0
  SINCE DEC 1      2.0                       0.0    2.0      0.0
  SINCE JUL 1      2.0                       0.0    2.0      0.0
  SNOW DEPTH       0

DEGREE DAYS
 HEATING
  YESTERDAY        0                         9     -9        0
  MONTH TO DATE   93                       203   -110       59
  SINCE DEC 1   1023                       960     63      483
  SINCE JUL 1   1190                      1159     31      569
..................................................................


WIND (MPH)
  HIGHEST WIND SPEED    21   HIGHEST WIND DIRECTION     S (200)
  HIGHEST GUST SPEED    30   HIGHEST GUST DIRECTION     S (190)
  AVERAGE WIND SPEED     8.7


SKY COVER
  POSSIBLE SUNSHINE  MM
  AVERAGE SKY COVER 0.3


WEATHER CONDITIONS
 THE FOLLOWING WEATHER WAS RECORDED YESTERDAY.
  NO SIGNIFICANT WEATHER WAS OBSERVED.


RELATIVE HUMIDITY (PERCENT)
 HIGHEST   100           500 AM
 LOWEST     58           100 PM
 AVERAGE    79

..........................................................


THE LAFAYETTE CLIMATE NORMALS FOR TODAY
                         NORMAL    RECORD    YEAR
 MAXIMUM TEMPERATURE (F)   66        84      1917
                                             1898
 MINIMUM TEMPERATURE (F)   48        27      1908
                                             1895


SUNRISE AND SUNSET
FEBRUARY 20 2018......SUNRISE   643 AM CST   SUNSET   600 PM CST
FEBRUARY 21 2018......SUNRISE   642 AM CST   SUNSET   601 PM CST


-  INDICATES NEGATIVE NUMBERS.
R  INDICATES RECORD WAS SET OR TIED.
MM INDICATES DATA IS MISSING.
T  INDICATES TRACE AMOUNT.




$$
