000
CDUS44 KLCH 262203
CLILFT


CLIMATE REPORT
NATIONAL WEATHER SERVICE LAKE CHARLES, LA
403 PM CST SUN FEB 26 2017


...................................

...THE LAFAYETTE CLIMATE SUMMARY FOR FEBRUARY 26 2017...
VALID TODAY AS OF 0400 PM LOCAL TIME.

CLIMATE NORMAL PERIOD 1981 TO 2010
CLIMATE RECORD PERIOD 1893 TO 2017


WEATHER ITEM   OBSERVED TIME   RECORD YEAR NORMAL DEPARTURE LAST
                VALUE   (LST)  VALUE       VALUE  FROM      YEAR
                                                  NORMAL
..................................................................
TEMPERATURE (F)
 TODAY
  MAXIMUM         74    359 PM  82    1962  68      6       60
  MINIMUM         47    703 AM  24    1914  49     -2       40
  AVERAGE         61                        58      3       50

PRECIPITATION (IN)
  TODAY            0.00          1.89 1966   0.15  -0.15     0.00
  MONTH TO DATE    0.12                      4.17  -4.05     4.46
  SINCE DEC 1     12.58                     15.42  -2.84    12.99
  SINCE JAN 1      3.49                      9.84  -6.35     9.13

SNOWFALL (IN)
  TODAY            0.0           0.0    MM   0.0    0.0      0.0
  MONTH TO DATE    0.0                       0.0    0.0      0.0
  SINCE DEC 1      0.0                       0.0    0.0      0.0
  SINCE JUL 1      0.0                       0.0    0.0      0.0
  SNOW DEPTH       0

DEGREE DAYS
 HEATING
  TODAY            4                         8     -4       15
  MONTH TO DATE   67                       261   -194      214
  SINCE DEC 1    491                      1018   -527      807
  SINCE JUL 1    577                      1217   -640      895
..................................................................


WIND (MPH)
  HIGHEST WIND SPEED    16   HIGHEST WIND DIRECTION     S (170)
  HIGHEST GUST SPEED    22   HIGHEST GUST DIRECTION     S (170)
  AVERAGE WIND SPEED     5.5


SKY COVER
  POSSIBLE SUNSHINE  MM
  AVERAGE SKY COVER 0.0


WEATHER CONDITIONS
 THE FOLLOWING WEATHER WAS RECORDED TODAY.
  NO SIGNIFICANT WEATHER WAS OBSERVED.


RELATIVE HUMIDITY (PERCENT)
 HIGHEST    63          1200 AM
 LOWEST     45          1200 PM
 AVERAGE    54

..........................................................


THE LAFAYETTE CLIMATE NORMALS FOR TOMORROW
                         NORMAL    RECORD    YEAR
 MAXIMUM TEMPERATURE (F)   68        83      1962
 MINIMUM TEMPERATURE (F)   49        25      1914


SUNRISE AND SUNSET
FEBRUARY 26 2017......SUNRISE   637 AM CST   SUNSET   605 PM CST
FEBRUARY 27 2017......SUNRISE   636 AM CST   SUNSET   606 PM CST


-  INDICATES NEGATIVE NUMBERS.
R  INDICATES RECORD WAS SET OR TIED.
MM INDICATES DATA IS MISSING.
T  INDICATES TRACE AMOUNT.




$$
