000
CDUS44 KLCH 042205
CLILFT


CLIMATE REPORT
NATIONAL WEATHER SERVICE LAKE CHARLES, LA
504 PM CDT TUE AUG 4 2015


...................................

...THE LAFAYETTE CLIMATE SUMMARY FOR AUGUST 4 2015...
VALID TODAY AS OF 0500 PM LOCAL TIME.

CLIMATE NORMAL PERIOD 1981 TO 2010
CLIMATE RECORD PERIOD 1893 TO 2015


WEATHER ITEM   OBSERVED TIME   RECORD YEAR NORMAL DEPARTURE LAST
                VALUE   (LST)  VALUE       VALUE  FROM      YEAR
                                                  NORMAL
..................................................................
TEMPERATURE (F)
 TODAY
  MAXIMUM         98    150 PM  99    1951  93      5       91
                                      1924
                                      1897
  MINIMUM         75    354 AM  66    1925  75      0       73
                                      1920
  AVERAGE         87                        84      3       82

PRECIPITATION (IN)
  TODAY            0.00          5.60 1940   0.15  -0.15     0.00
  MONTH TO DATE    0.00                      0.62  -0.62     1.61
  SINCE JUN 1      9.64                     14.00  -4.36    16.18
  SINCE JAN 1     40.24                     36.62   3.62    39.22

DEGREE DAYS
 COOLING
  TODAY           22                        19      3       17
  MONTH TO DATE   81                        76      5       65
  SINCE JUN 1   1222                      1146     76     1098
  SINCE JAN 1   1914                      1760    154     1567
..................................................................


WIND (MPH)
  HIGHEST WIND SPEED    10   HIGHEST WIND DIRECTION     N (20)
  HIGHEST GUST SPEED    12   HIGHEST GUST DIRECTION     N (10)
  AVERAGE WIND SPEED     3.6


SKY COVER
  POSSIBLE SUNSHINE  MM
  AVERAGE SKY COVER 0.1


WEATHER CONDITIONS
 THE FOLLOWING WEATHER WAS RECORDED TODAY.
  NO SIGNIFICANT WEATHER WAS OBSERVED.


RELATIVE HUMIDITY (PERCENT)
 HIGHEST    94           300 AM
 LOWEST     42           200 PM
 AVERAGE    68

..........................................................


THE LAFAYETTE CLIMATE NORMALS FOR TOMORROW
                         NORMAL    RECORD    YEAR
 MAXIMUM TEMPERATURE (F)   93       101      1896
 MINIMUM TEMPERATURE (F)   75        63      1915


SUNRISE AND SUNSET
AUGUST  4 2015........SUNRISE   628 AM CDT   SUNSET   759 PM CDT
AUGUST  5 2015........SUNRISE   629 AM CDT   SUNSET   759 PM CDT


-  INDICATES NEGATIVE NUMBERS.
R  INDICATES RECORD WAS SET OR TIED.
MM INDICATES DATA IS MISSING.
T  INDICATES TRACE AMOUNT.




$$
