000
CDUS44 KLCH 260920
CLILFT


CLIMATE REPORT
NATIONAL WEATHER SERVICE LAKE CHARLES, LA
320 AM CST MON JAN 26 2015


...................................

...THE LAFAYETTE CLIMATE SUMMARY FOR JANUARY 25 2015...

CLIMATE NORMAL PERIOD 1981 TO 2010
CLIMATE RECORD PERIOD 1893 TO 2015


WEATHER ITEM   OBSERVED TIME   RECORD YEAR NORMAL DEPARTURE LAST
                VALUE   (LST)  VALUE       VALUE  FROM      YEAR
                                                  NORMAL
..................................................................
TEMPERATURE (F)
 YESTERDAY
  MAXIMUM         67    202 PM  81    1950  62      5       53
  MINIMUM         41    540 AM  19    1963  43     -2       24
  AVERAGE         54                        53      1       39

PRECIPITATION (IN)
  YESTERDAY        0.00          1.62 1919   0.17  -0.17     0.00
  MONTH TO DATE    4.61                      4.59   0.02     1.39
  SINCE DEC 1      8.11                     10.17  -2.06     4.18
  SINCE JAN 1      4.61                      4.59   0.02     1.39

SNOWFALL (IN)
  YESTERDAY        0.0           T    1961   0.0    0.0      0.0
  MONTH TO DATE    0.0                       0.0    0.0      0.5
  SINCE DEC 1      0.0                       0.0    0.0      0.5
  SINCE JUL 1      0.0                       0.0    0.0      0.5
  SNOW DEPTH       0

DEGREE DAYS
 HEATING
  YESTERDAY       11                        13     -2       26
  MONTH TO DATE  407                       325     82      463
  SINCE DEC 1    679                       680     -1      910
  SINCE JUL 1    980                       879    101     1179
..................................................................


WIND (MPH)
  HIGHEST WIND SPEED    25   HIGHEST WIND DIRECTION    SW (230)
  HIGHEST GUST SPEED    33   HIGHEST GUST DIRECTION     W (260)
  AVERAGE WIND SPEED    10.1


SKY COVER
  POSSIBLE SUNSHINE  MM
  AVERAGE SKY COVER 0.1


WEATHER CONDITIONS
 THE FOLLOWING WEATHER WAS RECORDED YESTERDAY.
  FOG
  FOG W/VISIBILITY <= 1/4 MILE


RELATIVE HUMIDITY (PERCENT)
 HIGHEST   100           300 AM
 LOWEST     42           200 PM
 AVERAGE    71

..........................................................


THE LAFAYETTE CLIMATE NORMALS FOR TODAY
                         NORMAL    RECORD    YEAR
 MAXIMUM TEMPERATURE (F)   62        81      1952
                                             1941
 MINIMUM TEMPERATURE (F)   43        18      1940


SUNRISE AND SUNSET
JANUARY 26 2015.......SUNRISE   702 AM CST   SUNSET   540 PM CST
JANUARY 27 2015.......SUNRISE   701 AM CST   SUNSET   540 PM CST


-  INDICATES NEGATIVE NUMBERS.
R  INDICATES RECORD WAS SET OR TIED.
MM INDICATES DATA IS MISSING.
T  INDICATES TRACE AMOUNT.




$$
