000
CDUS41 KOKX 290619
CLILGA


CLIMATE REPORT
NATIONAL WEATHER SERVICE NEW YORK NY
219 AM EDT SUN MAR 29 2015


...................................

...THE LAGUARDIA NY CLIMATE SUMMARY FOR MARCH 28 2015...

CLIMATE NORMAL PERIOD 1981 TO 2010
CLIMATE RECORD PERIOD 1945 TO 2015


WEATHER ITEM   OBSERVED TIME   RECORD YEAR NORMAL DEPARTURE LAST
                VALUE   (LST)  VALUE       VALUE  FROM      YEAR
                                                  NORMAL
..................................................................
TEMPERATURE (F)
 YESTERDAY
  MAXIMUM         41   1210 AM  83    1945  54    -13       60
  MINIMUM         27   1159 PM  23    1982  38    -11       38
  AVERAGE         34                        46    -12       49

PRECIPITATION (IN)
  YESTERDAY        T             2.83 2005   0.13  -0.13     0.03
  MONTH TO DATE    4.40                      3.56   0.84     1.38
  SINCE MAR 1      4.40                      3.56   0.84     1.38
  SINCE JAN 1     11.48                      9.49   1.99     8.67

SNOWFALL (IN)
  YESTERDAY        T             0.3  1959   0.1   -0.1      0.0
  MONTH TO DATE   17.3                       4.2   13.1      0.4
  SINCE OCT 1     53.8                      26.2   27.6     52.1
  SINCE JUL 1     53.8                      26.2   27.6     52.1
  SNOW DEPTH       0

DEGREE DAYS
 HEATING
  YESTERDAY       31                        19     12       16
  MONTH TO DATE  763                       651    112      799
  SINCE MAR 1    763                       651    112      799
  SINCE JUL 1   4485                      4080    405     4456

 COOLING
  YESTERDAY        0                         0      0        0
  MONTH TO DATE    0                         0      0        0
  SINCE MAR 1      0                         0      0        0
  SINCE JAN 1      0                         0      0        0
..................................................................


WIND (MPH)
  HIGHEST WIND SPEED    24   HIGHEST WIND DIRECTION    NW (330)
  HIGHEST GUST SPEED    31   HIGHEST GUST DIRECTION    NW (320)
  AVERAGE WIND SPEED    14.3


SKY COVER
  AVERAGE SKY COVER 0.9


WEATHER CONDITIONS
 THE FOLLOWING WEATHER WAS RECORDED YESTERDAY.
  LIGHT SNOW


RELATIVE HUMIDITY (PERCENT)
 HIGHEST    69          1200 PM
 LOWEST     51          1200 AM
 AVERAGE    60

..........................................................


THE LAGUARDIA NY CLIMATE NORMALS FOR TODAY
                         NORMAL    RECORD    YEAR
 MAXIMUM TEMPERATURE (F)   54        86      1945
 MINIMUM TEMPERATURE (F)   39        25      1959


SUNRISE AND SUNSET
MARCH 29 2015.........SUNRISE   645 AM EDT   SUNSET   717 PM EDT
MARCH 30 2015.........SUNRISE   643 AM EDT   SUNSET   718 PM EDT


-  INDICATES NEGATIVE NUMBERS.
R  INDICATES RECORD WAS SET OR TIED.
MM INDICATES DATA IS MISSING.
T  INDICATES TRACE AMOUNT.




$$
