000
CDUS41 KOKX 290658
CLILGA


CLIMATE REPORT
NATIONAL WEATHER SERVICE NEW YORK NY
257 AM EDT SAT APR 29 2017


...................................

...THE LAGUARDIA NY CLIMATE SUMMARY FOR APRIL 28 2017...

CLIMATE NORMAL PERIOD 1981 TO 2010
CLIMATE RECORD PERIOD 1939 TO 2017


WEATHER ITEM   OBSERVED TIME   RECORD YEAR NORMAL DEPARTURE LAST
                VALUE   (LST)  VALUE       VALUE  FROM      YEAR
                                                  NORMAL
..................................................................
TEMPERATURE (F)
 YESTERDAY
  MAXIMUM         85    143 PM  89    2009  66     19       59
  MINIMUM         55    609 AM  36    1947  48      7       48
  AVERAGE         70                        57     13       54

PRECIPITATION (IN)
  YESTERDAY        T             2.64 1980   0.12  -0.12      T
  MONTH TO DATE    4.03                      3.76   0.27     1.64
  SINCE MAR 1      8.72                      7.73   0.99     2.90
  SINCE JAN 1     14.72                     13.66   1.06    11.43

SNOWFALL (IN)
  YESTERDAY        0.0          MM      MM   0.0    0.0      0.0
  MONTH TO DATE    0.0                       0.5   -0.5       T
  SINCE OCT 1     33.2                      26.9    6.3     36.2
  SINCE JUL 1     33.2                      26.9    6.3     36.2
  SNOW DEPTH       0

DEGREE DAYS
 HEATING
  YESTERDAY        0                         9     -9       11
  MONTH TO DATE  242                       362   -120      332
  SINCE MAR 1    977                      1069    -92      827
  SINCE JUL 1   3664                      4498   -834     3489

 COOLING
  YESTERDAY        5                         0      5        0
  MONTH TO DATE   19                         0     19        8
  SINCE MAR 1     19                         0     19       13
  SINCE JAN 1     19                         0     19       13
..................................................................


WIND (MPH)
  HIGHEST WIND SPEED    20   HIGHEST WIND DIRECTION     S (170)
  HIGHEST GUST SPEED    25   HIGHEST GUST DIRECTION     S (170)
  AVERAGE WIND SPEED     7.4


SKY COVER
  AVERAGE SKY COVER 0.6


WEATHER CONDITIONS
 THE FOLLOWING WEATHER WAS RECORDED YESTERDAY.
  FOG
  FOG W/VISIBILITY <= 1/4 MILE
  HAZE


RELATIVE HUMIDITY (PERCENT)
 HIGHEST   100           400 AM
 LOWEST     30           900 PM
 AVERAGE    65

..........................................................


THE LAGUARDIA NY CLIMATE NORMALS FOR TODAY
                         NORMAL    RECORD    YEAR
 MAXIMUM TEMPERATURE (F)   66        88      1974
 MINIMUM TEMPERATURE (F)   49        39      1977
                                             1966


SUNRISE AND SUNSET
APRIL 29 2017.........SUNRISE   556 AM EDT   SUNSET   750 PM EDT
APRIL 30 2017.........SUNRISE   555 AM EDT   SUNSET   751 PM EDT


-  INDICATES NEGATIVE NUMBERS.
R  INDICATES RECORD WAS SET OR TIED.
MM INDICATES DATA IS MISSING.
T  INDICATES TRACE AMOUNT.




$$
