000
CDUS41 KOKX 270625
CLILGA


CLIMATE REPORT
NATIONAL WEATHER SERVICE NEW YORK NY
125 AM EST SAT DEC 27 2014


...................................

...THE LAGUARDIA NY CLIMATE SUMMARY FOR DECEMBER 26 2014...

CLIMATE NORMAL PERIOD 1981 TO 2010
CLIMATE RECORD PERIOD 1945 TO 2014


WEATHER ITEM   OBSERVED TIME   RECORD YEAR NORMAL DEPARTURE LAST
                VALUE   (LST)  VALUE       VALUE  FROM      YEAR
                                                  NORMAL
..................................................................
TEMPERATURE (F)
 YESTERDAY
  MAXIMUM         50    323 PM  62    1982  41      9       36
  MINIMUM         40    535 AM   5    1980  29     11       30
  AVERAGE         45                        35     10       33

PRECIPITATION (IN)
  YESTERDAY        0.00          2.62 1947   0.11  -0.11     0.00
  MONTH TO DATE    6.10                      3.05   3.05     3.26
  SINCE DEC 1      6.10                      3.05   3.05     3.26
  SINCE JAN 1     50.21                     44.22   5.99    37.09

SNOWFALL (IN)
  YESTERDAY        0.0          10.2  2010   0.3   -0.3      0.0
  MONTH TO DATE    1.3                       4.0   -2.7      7.6
  SINCE OCT 1      1.7                       4.3   -2.6      7.8
  SINCE JUL 1      1.7                       4.3   -2.6      7.8
  SNOW DEPTH       0

DEGREE DAYS
 HEATING
  YESTERDAY       20                        30    -10       32
  MONTH TO DATE  622                       678    -56      687
  SINCE DEC 1    622                       678    -56      687
  SINCE JUL 1   1376                      1453    -77     1469

 COOLING
  YESTERDAY        0                         0      0        0
  MONTH TO DATE    0                         0      0        0
  SINCE DEC 1      0                         0      0        0
  SINCE JAN 1   1192                      1214    -22     1402
..................................................................


WIND (MPH)
  HIGHEST WIND SPEED    18   HIGHEST WIND DIRECTION    NW (300)
  HIGHEST GUST SPEED    25   HIGHEST GUST DIRECTION    NW (300)
  AVERAGE WIND SPEED    10.2


SKY COVER
  AVERAGE SKY COVER 0.1


WEATHER CONDITIONS
 THE FOLLOWING WEATHER WAS RECORDED YESTERDAY.
  NO SIGNIFICANT WEATHER WAS OBSERVED.


RELATIVE HUMIDITY (PERCENT)
 HIGHEST    60           600 AM
 LOWEST     46           100 PM
 AVERAGE    53

..........................................................


THE LAGUARDIA NY CLIMATE NORMALS FOR TODAY
                         NORMAL    RECORD    YEAR
 MAXIMUM TEMPERATURE (F)   41        63      1949
 MINIMUM TEMPERATURE (F)   29         9      1989


SUNRISE AND SUNSET
DECEMBER 27 2014......SUNRISE   719 AM EST   SUNSET   435 PM EST
DECEMBER 28 2014......SUNRISE   719 AM EST   SUNSET   435 PM EST


-  INDICATES NEGATIVE NUMBERS.
R  INDICATES RECORD WAS SET OR TIED.
MM INDICATES DATA IS MISSING.
T  INDICATES TRACE AMOUNT.




$$
