000
CDUS41 KOKX 060639
CLILGA


CLIMATE REPORT
NATIONAL WEATHER SERVICE NEW YORK NY
239 AM EDT FRI MAY 6 2016


...................................

...THE LAGUARDIA NY CLIMATE SUMMARY FOR MAY 5 2016...

CLIMATE NORMAL PERIOD 1981 TO 2010
CLIMATE RECORD PERIOD 1945 TO 2016


WEATHER ITEM   OBSERVED TIME   RECORD YEAR NORMAL DEPARTURE LAST
                VALUE   (LST)  VALUE       VALUE  FROM      YEAR
                                                  NORMAL
..................................................................
TEMPERATURE (F)
 YESTERDAY
  MAXIMUM         58    713 PM  90    1955  68    -10       81
                                      1949
  MINIMUM         47    610 AM  42    1978  51     -4       64
                                      1974
  AVERAGE         53                        59     -6       73

PRECIPITATION (IN)
  YESTERDAY        0.00          0.79 1948   0.12  -0.12     0.00
  MONTH TO DATE    0.97                      0.57   0.40     0.00
  SINCE MAR 1      3.89                      8.54  -4.65     6.36
  SINCE JAN 1     12.42                     14.47  -2.05    13.44

SNOWFALL (IN)
  YESTERDAY        0.0          MM      MM   0.0    0.0      0.0
  MONTH TO DATE    0.0                       0.0    0.0      0.0
  SINCE OCT 1     36.2                      26.9    9.3     53.8
  SINCE JUL 1     36.2                      26.9    9.3     53.8
  SNOW DEPTH       0

DEGREE DAYS
 HEATING
  YESTERDAY       12                         7      5        0
  MONTH TO DATE   64                        36     28       18
  SINCE MAR 1    913                      1121   -208     1196
  SINCE JUL 1   3575                      4550   -975     4918

 COOLING
  YESTERDAY        0                         1     -1        8
  MONTH TO DATE    0                         5     -5       11
  SINCE MAR 1     13                        13      0       13
  SINCE JAN 1     13                        13      0       13
..................................................................


WIND (MPH)
  HIGHEST WIND SPEED    21   HIGHEST WIND DIRECTION    NE (50)
  HIGHEST GUST SPEED    26   HIGHEST GUST DIRECTION    NE (40)
  AVERAGE WIND SPEED    13.9


SKY COVER
  AVERAGE SKY COVER 1.0


WEATHER CONDITIONS
 THE FOLLOWING WEATHER WAS RECORDED YESTERDAY.
  FOG


RELATIVE HUMIDITY (PERCENT)
 HIGHEST    93           600 AM
 LOWEST     66           100 PM
 AVERAGE    80

..........................................................


THE LAGUARDIA NY CLIMATE NORMALS FOR TODAY
                         NORMAL    RECORD    YEAR
 MAXIMUM TEMPERATURE (F)   68        93      1949
 MINIMUM TEMPERATURE (F)   51        41      1967


SUNRISE AND SUNSET
MAY  6 2016...........SUNRISE   547 AM EDT   SUNSET   758 PM EDT
MAY  7 2016...........SUNRISE   546 AM EDT   SUNSET   759 PM EDT


-  INDICATES NEGATIVE NUMBERS.
R  INDICATES RECORD WAS SET OR TIED.
MM INDICATES DATA IS MISSING.
T  INDICATES TRACE AMOUNT.




$$
