000
CDUS41 KOKX 250616
CLILGA


CLIMATE REPORT
NATIONAL WEATHER SERVICE NEW YORK NY
216 AM EDT MON MAY 25 2015


...................................

...THE LAGUARDIA NY CLIMATE SUMMARY FOR MAY 24 2015...

CLIMATE NORMAL PERIOD 1981 TO 2010
CLIMATE RECORD PERIOD 1945 TO 2015


WEATHER ITEM   OBSERVED TIME   RECORD YEAR NORMAL DEPARTURE LAST
                VALUE   (LST)  VALUE       VALUE  FROM      YEAR
                                                  NORMAL
..................................................................
TEMPERATURE (F)
 YESTERDAY
  MAXIMUM         81    116 PM  91    1964  74      7       68
  MINIMUM         56    525 AM  41    1963  56      0       57
  AVERAGE         69                        65      4       63

PRECIPITATION (IN)
  YESTERDAY        0.00          1.82 1978   0.14  -0.14     0.04
  MONTH TO DATE    0.31                      2.84  -2.53     4.66
  SINCE MAR 1      6.67                     10.81  -4.14    16.55
  SINCE JAN 1     13.75                     16.74  -2.99    23.84

SNOWFALL (IN)
  YESTERDAY        0.0          MM      MM   0.0    0.0      0.0
  MONTH TO DATE    0.0                       0.0    0.0      0.0
  SINCE OCT 1     53.8                      26.9   26.9     52.4
  SINCE JUL 1     53.8                      26.9   26.9     52.4
  SNOW DEPTH       0

DEGREE DAYS
 HEATING
  YESTERDAY        0                         3     -3        2
  MONTH TO DATE   50                       119    -69       71
  SINCE MAR 1   1228                      1204     24     1342
  SINCE JUL 1   4950                      4633    317     4999

 COOLING
  YESTERDAY        4                         3      1        0
  MONTH TO DATE   54                        35     19       26
  SINCE MAR 1     56                        43     13       26
  SINCE JAN 1     56                        43     13       26
..................................................................


WIND (MPH)
  HIGHEST WIND SPEED    21   HIGHEST WIND DIRECTION     S (160)
  HIGHEST GUST SPEED    25   HIGHEST GUST DIRECTION     S (170)
  AVERAGE WIND SPEED    10.0


SKY COVER
  AVERAGE SKY COVER 0.5


WEATHER CONDITIONS
 THE FOLLOWING WEATHER WAS RECORDED YESTERDAY.
  NO SIGNIFICANT WEATHER WAS OBSERVED.


RELATIVE HUMIDITY (PERCENT)
 HIGHEST    58           800 PM
 LOWEST     19          1200 PM
 AVERAGE    39

..........................................................


THE LAGUARDIA NY CLIMATE NORMALS FOR TODAY
                         NORMAL    RECORD    YEAR
 MAXIMUM TEMPERATURE (F)   74        95      2007
 MINIMUM TEMPERATURE (F)   57        44      1967
                                             1956


SUNRISE AND SUNSET
MAY 25 2015...........SUNRISE   531 AM EDT   SUNSET   815 PM EDT
MAY 26 2015...........SUNRISE   530 AM EDT   SUNSET   816 PM EDT


-  INDICATES NEGATIVE NUMBERS.
R  INDICATES RECORD WAS SET OR TIED.
MM INDICATES DATA IS MISSING.
T  INDICATES TRACE AMOUNT.




$$
