000
CDUS41 KOKX 272037
CLILGA


CLIMATE REPORT
NATIONAL WEATHER SERVICE NEW YORK NY
436 PM EDT TUE JUN 27 2017


...................................

...THE LAGUARDIA NY CLIMATE SUMMARY FOR JUNE 27 2017...
VALID TODAY AS OF 0400 PM LOCAL TIME.

CLIMATE NORMAL PERIOD 1981 TO 2010
CLIMATE RECORD PERIOD 1939 TO 2017


WEATHER ITEM   OBSERVED TIME   RECORD YEAR NORMAL DEPARTURE LAST
                VALUE   (LST)  VALUE       VALUE  FROM      YEAR
                                                  NORMAL
..................................................................
TEMPERATURE (F)
 TODAY
  MAXIMUM         79    248 PM  97    2003  84     -5       84
  MINIMUM         62    615 AM  56    1972  67     -5       69
                                      1940
  AVERAGE         71                        75     -4       77

PRECIPITATION (IN)
  TODAY            0.16          1.06 2015   0.12   0.04     0.28
  MONTH TO DATE    4.38                      3.59   0.79     1.91
  SINCE JUN 1      4.38                      3.59   0.79     1.91
  SINCE JAN 1     25.15                     21.28   3.87    17.28

SNOWFALL (IN)
  TODAY            0.0          MM      MM   0.0    0.0      0.0
  MONTH TO DATE    0.0                       0.0    0.0      0.0
  SINCE OCT 1     33.2                      26.9    6.3     36.2
  SINCE JUL 1     33.2                      26.9    6.3     36.2
  SNOW DEPTH       0

DEGREE DAYS
 HEATING
  TODAY            0                         0      0        0
  MONTH TO DATE   16                        15      1        2
  SINCE JUN 1     16                        15      1        2
  SINCE JUL 1   3806                      4663   -857     3654

 COOLING
  TODAY            6                        10     -4       12
  MONTH TO DATE  244                       199     45      233
  SINCE JUN 1    244                       199     45      233
  SINCE JAN 1    349                       265     84      352
..................................................................


WIND (MPH)
  HIGHEST WIND SPEED    21   HIGHEST WIND DIRECTION    NW (320)
  HIGHEST GUST SPEED    25   HIGHEST GUST DIRECTION    NW (330)
  AVERAGE WIND SPEED     7.7


SKY COVER
  AVERAGE SKY COVER 0.7


WEATHER CONDITIONS
 THE FOLLOWING WEATHER WAS RECORDED TODAY.
  RAIN
  FOG


RELATIVE HUMIDITY (PERCENT)
 HIGHEST    93           700 AM
 LOWEST     42           200 PM
 AVERAGE    68

..........................................................


THE LAGUARDIA NY CLIMATE NORMALS FOR TOMORROW
                         NORMAL    RECORD    YEAR
 MAXIMUM TEMPERATURE (F)   84        96      2010
 MINIMUM TEMPERATURE (F)   67        55      1995


SUNRISE AND SUNSET
JUNE 27 2017..........SUNRISE   526 AM EDT   SUNSET   831 PM EDT
JUNE 28 2017..........SUNRISE   527 AM EDT   SUNSET   831 PM EDT


-  INDICATES NEGATIVE NUMBERS.
R  INDICATES RECORD WAS SET OR TIED.
MM INDICATES DATA IS MISSING.
T  INDICATES TRACE AMOUNT.




$$
