000
CDUS46 KLOX 290112
CLILGB


CLIMATE REPORT
NATIONAL WEATHER SERVICE LOS ANGELES/OXNARD CA
611 PM PDT THU APR 28 2016


...................................

...THE LONG BEACH AIRPORT CA CLIMATE SUMMARY FOR APRIL 28 2016...
VALID TODAY AS OF 0600 PM LOCAL TIME.

CLIMATE NORMAL PERIOD 1981 TO 2010
CLIMATE RECORD PERIOD 1958 TO 2016


WEATHER ITEM   OBSERVED TIME   RECORD YEAR NORMAL DEPARTURE LAST
                VALUE   (LST)  VALUE       VALUE  FROM      YEAR
                                                  NORMAL
..................................................................
TEMPERATURE (F)
 TODAY
  MAXIMUM         69    312 PM  96    1981  73     -4       92
  MINIMUM         53    531 AM  45    1984  55     -2       59
                                      1970
  AVERAGE         61                        64     -3       76

PRECIPITATION (IN)
  TODAY            0.00          1.12 2005   0.02  -0.02     0.00
  MONTH TO DATE    0.08                      0.58  -0.50     0.22
  SINCE OCT 1      4.90                     11.72  -6.82     7.08
  SINCE JAN 1      3.90                      8.14  -4.24     1.82

SNOWFALL (IN)
  TODAY            0.0
  MONTH TO DATE    0.0
  SINCE MAR 1      0.0
  SINCE JUL 1      0.0

DEGREE DAYS
 HEATING
  TODAY            4                         2      2        0
  MONTH TO DATE   29                       102    -73       36
  SINCE MAR 1    129                       281   -152       78
  SINCE JUL 1    772                      1172   -400      501

 COOLING
  TODAY            0                         1     -1       11
  MONTH TO DATE   62                        28     34       50
  SINCE MAR 1     69                        38     31      168
  SINCE JAN 1    116                        46     70      205
..................................................................


WIND (MPH)
  HIGHEST WIND SPEED    16   HIGHEST WIND DIRECTION     S (200)
  HIGHEST GUST SPEED    23   HIGHEST GUST DIRECTION     W (280)
  AVERAGE WIND SPEED     7.0


SKY COVER
  POSSIBLE SUNSHINE  MM
  AVERAGE SKY COVER 0.4


WEATHER CONDITIONS
 THE FOLLOWING WEATHER WAS RECORDED TODAY.
  NO SIGNIFICANT WEATHER WAS OBSERVED.


RELATIVE HUMIDITY (PERCENT)
 HIGHEST    83           500 AM
 LOWEST     35           200 PM
 AVERAGE    59

..........................................................


THE LONG BEACH AIRPORT CA CLIMATE NORMALS FOR TOMORROW
                         NORMAL    RECORD    YEAR
 MAXIMUM TEMPERATURE (F)   73        98      1996
 MINIMUM TEMPERATURE (F)   55        42      1970


SUNRISE AND SUNSET
APRIL 28 2016.........SUNRISE   606 AM PDT   SUNSET   734 PM PDT
APRIL 29 2016.........SUNRISE   605 AM PDT   SUNSET   735 PM PDT


-  INDICATES NEGATIVE NUMBERS.
R  INDICATES RECORD WAS SET OR TIED.
MM INDICATES DATA IS MISSING.
T  INDICATES TRACE AMOUNT.




$$
