000
CDUS46 KLOX 281246
CLILGB


CLIMATE REPORT
NATIONAL WEATHER SERVICE LOS ANGELES/OXNARD CA
546 AM PDT WED SEP 28 2016


...................................

...THE LONG BEACH AIRPORT CA CLIMATE SUMMARY FOR SEPTEMBER 27 2016...

CLIMATE NORMAL PERIOD 1981 TO 2010
CLIMATE RECORD PERIOD 1958 TO 2016


WEATHER ITEM   OBSERVED TIME   RECORD YEAR NORMAL DEPARTURE LAST
                VALUE   (LST)  VALUE       VALUE  FROM      YEAR
                                                  NORMAL
..................................................................
TEMPERATURE (F)
 YESTERDAY
  MAXIMUM         93   1029 AM 111    2010  80     13       90
  MINIMUM         69    444 AM  54    1986  62      7       68
  AVERAGE         81                        71     10       79

PRECIPITATION (IN)
  YESTERDAY        0.00          0.05 1967   0.01  -0.01     0.00
  MONTH TO DATE    T                         0.15  -0.15     0.95
  SINCE OCT 1      4.99                     12.23  -7.24     9.35
  SINCE JAN 1      3.99                      8.65  -4.66     4.09

SNOWFALL (IN)
  YESTERDAY        0.0
  MONTH TO DATE    0.0
  SINCE SEP 1      0.0
  SINCE JUL 1      0.0

DEGREE DAYS
 HEATING
  YESTERDAY        0                         0      0        0
  MONTH TO DATE    0                         0      0        0
  SINCE SEP 1      0                         0      0        0
  SINCE JUL 1      0                         0      0        0

 COOLING
  YESTERDAY       16                         6     10       14
  MONTH TO DATE  217                       213      4      392
  SINCE SEP 1    217                       213      4      392
  SINCE JAN 1   1161                       981    180     1589
..................................................................


WIND (MPH)
  HIGHEST WIND SPEED    15   HIGHEST WIND DIRECTION     S (180)
  HIGHEST GUST SPEED    20   HIGHEST GUST DIRECTION     S (180)
  AVERAGE WIND SPEED     4.6


SKY COVER
  POSSIBLE SUNSHINE  MM
  AVERAGE SKY COVER 0.0


WEATHER CONDITIONS
 THE FOLLOWING WEATHER WAS RECORDED YESTERDAY.
  NO SIGNIFICANT WEATHER WAS OBSERVED.


RELATIVE HUMIDITY (PERCENT)
 HIGHEST    64          1000 PM
 LOWEST     19          1100 AM
 AVERAGE    42

..........................................................


THE LONG BEACH AIRPORT CA CLIMATE NORMALS FOR TODAY
                         NORMAL    RECORD    YEAR
 MAXIMUM TEMPERATURE (F)   80       108      1963
 MINIMUM TEMPERATURE (F)   62        55      1980
                                             1971
                                             1960


SUNRISE AND SUNSET
SEPTEMBER 28 2016.....SUNRISE   645 AM PDT   SUNSET   640 PM PDT
SEPTEMBER 29 2016.....SUNRISE   646 AM PDT   SUNSET   639 PM PDT


-  INDICATES NEGATIVE NUMBERS.
R  INDICATES RECORD WAS SET OR TIED.
MM INDICATES DATA IS MISSING.
T  INDICATES TRACE AMOUNT.




$$
