000
CDHW41 PHFO 020228
CLILIH


CLIMATE REPORT
NATIONAL WEATHER SERVICE HONOLULU HI
428 PM HST TUE SEP 1 2015


...................................

...THE LIHUE HI CLIMATE SUMMARY FOR SEPTEMBER 1 2015...
VALID TODAY AS OF 0400 PM LOCAL TIME.

CLIMATE NORMAL PERIOD 1981 TO 2010
CLIMATE RECORD PERIOD 1946 TO 2015


WEATHER ITEM   OBSERVED TIME   RECORD YEAR NORMAL DEPARTURE LAST
                VALUE   (LST)  VALUE       VALUE  FROM      YEAR
                                                  NORMAL
..................................................................
TEMPERATURE (F)
 TODAY
  MAXIMUM         87    359 PM  88    1979  85      2       86
                                      1965
                                      1961
  MINIMUM         77    558 AM  69    1975  74      3       72
                                      1955
  AVERAGE         82                        80      2       79

PRECIPITATION (IN)
  TODAY            0.13          0.40 1996   0.06   0.07     0.03
  MONTH TO DATE    0.13                      0.06   0.07     0.03
  SINCE SEP 1      0.13                      0.06   0.07     0.03
  SINCE JAN 1     17.62                     21.51  -3.89    24.20

SNOWFALL (IN)
  TODAY            0.0
  MONTH TO DATE    0.0
  SINCE SEP 1      0.0
  SINCE JUL 1      0.0
  SNOW DEPTH       0

DEGREE DAYS
 HEATING
  TODAY            0                         0      0        0
  MONTH TO DATE    0                         0      0        0
  SINCE SEP 1      0                         0      0        0
  SINCE JUL 1      0                         0      0        0

 COOLING
  TODAY           17                        15      2       14
  MONTH TO DATE   17                        15      2       14
  SINCE SEP 1     17                        15      2       14
  SINCE JAN 1   2843                      2541    302     2532
..................................................................


WIND (MPH)
  HIGHEST WIND SPEED    22   HIGHEST WIND DIRECTION    NE (30)
  HIGHEST GUST SPEED    25   HIGHEST GUST DIRECTION     N (10)
  AVERAGE WIND SPEED    11.9


SKY COVER
  POSSIBLE SUNSHINE  MM
  AVERAGE SKY COVER 0.5


WEATHER CONDITIONS
 THE FOLLOWING WEATHER WAS RECORDED TODAY.
  HEAVY RAIN
  LIGHT RAIN
  FOG


RELATIVE HUMIDITY (PERCENT)
 HIGHEST   100          1200 AM
 LOWEST     68           300 PM
 AVERAGE    84

..........................................................


THE LIHUE HI CLIMATE NORMALS FOR TOMORROW
                         NORMAL    RECORD    YEAR
 MAXIMUM TEMPERATURE (F)   85        88      1959
 MINIMUM TEMPERATURE (F)   74        70      1998
                                             1975
                                             1968


SUNRISE AND SUNSET
SEPTEMBER  1 2015.....SUNRISE   620 AM HST   SUNSET   654 PM HST
SEPTEMBER  2 2015.....SUNRISE   621 AM HST   SUNSET   653 PM HST


-  INDICATES NEGATIVE NUMBERS.
R  INDICATES RECORD WAS SET OR TIED.
MM INDICATES DATA IS MISSING.
T  INDICATES TRACE AMOUNT.




$$
