000
CDHW41 PHFO 301245
CLILIH


CLIMATE REPORT
NATIONAL WEATHER SERVICE HONOLULU HI
245 AM HST SAT APR 30 2016


...................................

...THE LIHUE HI CLIMATE SUMMARY FOR APRIL 29 2016...

CLIMATE NORMAL PERIOD 1981 TO 2010
CLIMATE RECORD PERIOD 1946 TO 2016


WEATHER ITEM   OBSERVED TIME   RECORD YEAR NORMAL DEPARTURE LAST
                VALUE   (LST)  VALUE       VALUE  FROM      YEAR
                                                  NORMAL
..................................................................
TEMPERATURE (F)
 YESTERDAY
  MAXIMUM         86R   106 PM  85    1978  80      6       82
  MINIMUM         75    743 AM  59    1995  69      6       74
                                      1958
  AVERAGE         81                        75      6       78

PRECIPITATION (IN)
  YESTERDAY        0.01          0.36 1965   0.06  -0.05     0.00
  MONTH TO DATE    0.80                      2.18  -1.38     1.39
  SINCE MAR 1      3.42                      6.79  -3.37     3.03
  SINCE JAN 1      4.59                     13.70  -9.11     4.94

SNOWFALL (IN)
  YESTERDAY        0.0
  MONTH TO DATE    0.0
  SINCE MAR 1      0.0
  SINCE JUL 1      0.0
  SNOW DEPTH       0

DEGREE DAYS
 HEATING
  YESTERDAY        0                         0      0        0
  MONTH TO DATE    0                         0      0        0
  SINCE MAR 1      0                         0      0        0
  SINCE JUL 1      0                         0      0        0

 COOLING
  YESTERDAY       16                        10      6       13
  MONTH TO DATE  318                       261     57      340
  SINCE MAR 1    553                       500     53      594
  SINCE JAN 1   1008                       895    113     1050
..................................................................


WIND (MPH)
  HIGHEST WIND SPEED    22   HIGHEST WIND DIRECTION     E (80)
  HIGHEST GUST SPEED    26   HIGHEST GUST DIRECTION     E (80)
  AVERAGE WIND SPEED    13.5


SKY COVER
  POSSIBLE SUNSHINE  MM
  AVERAGE SKY COVER 0.6


WEATHER CONDITIONS
 THE FOLLOWING WEATHER WAS RECORDED YESTERDAY.
  RAIN


RELATIVE HUMIDITY (PERCENT)
 HIGHEST    71          1200 AM
 LOWEST     55           100 PM
 AVERAGE    63

..........................................................


THE LIHUE HI CLIMATE NORMALS FOR TODAY
                         NORMAL    RECORD    YEAR
 MAXIMUM TEMPERATURE (F)   80        85      1978
 MINIMUM TEMPERATURE (F)   69        59      1954


SUNRISE AND SUNSET
APRIL 30 2016.........SUNRISE   606 AM HST   SUNSET   703 PM HST
MAY  1 2016...........SUNRISE   605 AM HST   SUNSET   704 PM HST


-  INDICATES NEGATIVE NUMBERS.
R  INDICATES RECORD WAS SET OR TIED.
MM INDICATES DATA IS MISSING.
T  INDICATES TRACE AMOUNT.




$$
