000
CDHW41 PHFO 261245
CLILIH


CLIMATE REPORT
NATIONAL WEATHER SERVICE HONOLULU HI
245 AM HST SUN MAR 26 2017


...................................

...THE LIHUE HI CLIMATE SUMMARY FOR MARCH 25 2017...

CLIMATE NORMAL PERIOD 1981 TO 2010
CLIMATE RECORD PERIOD 1946 TO 2017


WEATHER ITEM   OBSERVED TIME   RECORD YEAR NORMAL DEPARTURE LAST
                VALUE   (LST)  VALUE       VALUE  FROM      YEAR
                                                  NORMAL
..................................................................
TEMPERATURE (F)
 YESTERDAY
  MAXIMUM         80    428 PM  83    1981  79      1       76
                                      1961
  MINIMUM         73    656 AM  51    1955  68      5       66
  AVERAGE         77                        73      4       71

PRECIPITATION (IN)
  YESTERDAY        0.00          3.06 2002   0.16  -0.16     2.39
  MONTH TO DATE    4.07                      3.76   0.31     2.59
  SINCE MAR 1      4.07                      3.76   0.31     2.59
  SINCE JAN 1     10.55                     10.67  -0.12     3.76

SNOWFALL (IN)
  YESTERDAY        0.0
  MONTH TO DATE    0.0
  SINCE MAR 1      0.0
  SINCE JUL 1      0.0
  SNOW DEPTH       0

DEGREE DAYS
 HEATING
  YESTERDAY        0                         0      0        0
  MONTH TO DATE    0                         0      0        0
  SINCE MAR 1      0                         0      0        0
  SINCE JUL 1      0                         0      0        0

 COOLING
  YESTERDAY       12                         8      4        6
  MONTH TO DATE  208                       188     20      190
  SINCE MAR 1    208                       188     20      190
  SINCE JAN 1    649                       583     66      645
..................................................................


WIND (MPH)
  HIGHEST WIND SPEED    18   HIGHEST WIND DIRECTION    NE (40)
  HIGHEST GUST SPEED    23   HIGHEST GUST DIRECTION    NE (40)
  AVERAGE WIND SPEED    13.0


SKY COVER
  POSSIBLE SUNSHINE  MM
  AVERAGE SKY COVER 0.6


WEATHER CONDITIONS
 THE FOLLOWING WEATHER WAS RECORDED YESTERDAY.
  NO SIGNIFICANT WEATHER WAS OBSERVED.


RELATIVE HUMIDITY (PERCENT)
 HIGHEST    87           100 AM
 LOWEST     62           100 PM
 AVERAGE    75

..........................................................


THE LIHUE HI CLIMATE NORMALS FOR TODAY
                         NORMAL    RECORD    YEAR
 MAXIMUM TEMPERATURE (F)   79        86      1981
 MINIMUM TEMPERATURE (F)   68        56      1996
                                             1965
                                             1955


SUNRISE AND SUNSET
MARCH 26 2017.........SUNRISE   635 AM HST   SUNSET   651 PM HST
MARCH 27 2017.........SUNRISE   634 AM HST   SUNSET   651 PM HST


-  INDICATES NEGATIVE NUMBERS.
R  INDICATES RECORD WAS SET OR TIED.
MM INDICATES DATA IS MISSING.
T  INDICATES TRACE AMOUNT.




$$
