000
CDHW41 PHFO 290227
CLILIH


CLIMATE REPORT
NATIONAL WEATHER SERVICE HONOLULU HI
427 PM HST THU AUG 28 2014


...................................

...THE LIHUE HI CLIMATE SUMMARY FOR AUGUST 28 2014...
VALID TODAY AS OF 0400 PM LOCAL TIME.

CLIMATE NORMAL PERIOD 1981 TO 2010
CLIMATE RECORD PERIOD 1946 TO 2014


WEATHER ITEM   OBSERVED TIME   RECORD YEAR NORMAL DEPARTURE LAST
                VALUE   (LST)  VALUE       VALUE  FROM      YEAR
                                                  NORMAL
..................................................................
TEMPERATURE (F)
 TODAY
  MAXIMUM         85    243 PM  89    2013  85      0       89
  MINIMUM         77    640 AM  68    2013  75      2       68
                                      1979
                                      1964
  AVERAGE         81                        80      1       79

PRECIPITATION (IN)
  TODAY            T             0.32 2011   0.06  -0.06     0.01
  MONTH TO DATE    3.75                      1.95   1.80     0.67
  SINCE JUN 1      8.33                      5.43   2.90     2.33
  SINCE JAN 1     24.12                     21.27   2.85    17.13

SNOWFALL (IN)
  TODAY            0.0
  MONTH TO DATE    0.0
  SINCE JUN 1      0.0
  SINCE JUL 1      0.0
  SNOW DEPTH       0

DEGREE DAYS
 HEATING
  TODAY            0                         0      0        0
  MONTH TO DATE    0                         0      0        0
  SINCE JUN 1      0                         0      0        0
  SINCE JUL 1      0                         0      0        0

 COOLING
  TODAY           16                        15      1       14
  MONTH TO DATE  412                       419     -7      404
  SINCE JUN 1   1255                      1252      3     1167
  SINCE JAN 1   2476                      2491    -15     2249
..................................................................


WIND (MPH)
  HIGHEST WIND SPEED    17   HIGHEST WIND DIRECTION    NE (50)
  HIGHEST GUST SPEED    21   HIGHEST GUST DIRECTION    NE (60)
  AVERAGE WIND SPEED    13.2


SKY COVER
  POSSIBLE SUNSHINE  MM
  AVERAGE SKY COVER 0.4


WEATHER CONDITIONS
 THE FOLLOWING WEATHER WAS RECORDED TODAY.
  NO SIGNIFICANT WEATHER WAS OBSERVED.


RELATIVE HUMIDITY (PERCENT)
 HIGHEST    74           200 AM
 LOWEST     61          1200 PM
 AVERAGE    68

..........................................................


THE LIHUE HI CLIMATE NORMALS FOR TOMORROW
                         NORMAL    RECORD    YEAR
 MAXIMUM TEMPERATURE (F)   85        88      1996
                                             1987
                                             1981
 MINIMUM TEMPERATURE (F)   75        67      1964


SUNRISE AND SUNSET
AUGUST 28 2014........SUNRISE   619 AM HST   SUNSET   657 PM HST
AUGUST 29 2014........SUNRISE   620 AM HST   SUNSET   656 PM HST


-  INDICATES NEGATIVE NUMBERS.
R  INDICATES RECORD WAS SET OR TIED.
MM INDICATES DATA IS MISSING.
T  INDICATES TRACE AMOUNT.




$$
