000
CDHW41 PHFO 011245
CLILIH


CLIMATE REPORT
NATIONAL WEATHER SERVICE HONOLULU HI
245 AM HST WED OCT 1 2014


...................................

...THE LIHUE HI CLIMATE SUMMARY FOR SEPTEMBER 30 2014...

CLIMATE NORMAL PERIOD 1981 TO 2010
CLIMATE RECORD PERIOD 1946 TO 2014


WEATHER ITEM   OBSERVED TIME   RECORD YEAR NORMAL DEPARTURE LAST
                VALUE   (LST)  VALUE       VALUE  FROM      YEAR
                                                  NORMAL
..................................................................
TEMPERATURE (F)
 YESTERDAY
  MAXIMUM         88R   125 PM  88    1981  84      4       84
  MINIMUM         73    633 AM  65    1968  74     -1       71
  AVERAGE         81                        79      2       78

PRECIPITATION (IN)
  YESTERDAY        0.03          1.90 1960   0.09  -0.06     0.54
  MONTH TO DATE    1.40                      2.12  -0.72     2.36
  SINCE SEP 1      1.40                      2.12  -0.72     2.36
  SINCE JAN 1     25.57                     23.57   2.00    19.57

SNOWFALL (IN)
  YESTERDAY        0.0
  MONTH TO DATE    0.0
  SINCE SEP 1      0.0
  SINCE JUL 1      0.0
  SNOW DEPTH       0

DEGREE DAYS
 HEATING
  YESTERDAY        0                         0      0        0
  MONTH TO DATE    0                         0      0        0
  SINCE SEP 1      0                         0      0        0
  SINCE JUL 1      0                         0      0        0

 COOLING
  YESTERDAY       16                        14      2       13
  MONTH TO DATE  477                       433     44      460
  SINCE SEP 1    477                       433     44      460
  SINCE JAN 1   2995                      2959     36     2756
..................................................................


WIND (MPH)
  HIGHEST WIND SPEED    15   HIGHEST WIND DIRECTION    NW (300)
  HIGHEST GUST SPEED    18   HIGHEST GUST DIRECTION    NW (300)
  AVERAGE WIND SPEED     6.0


SKY COVER
  POSSIBLE SUNSHINE  MM
  AVERAGE SKY COVER 0.4


WEATHER CONDITIONS
 THE FOLLOWING WEATHER WAS RECORDED YESTERDAY.
  THUNDERSTORM
  FOG


RELATIVE HUMIDITY (PERCENT)
 HIGHEST    93           300 AM
 LOWEST     65          1000 AM
 AVERAGE    79

..........................................................


THE LIHUE HI CLIMATE NORMALS FOR TODAY
                         NORMAL    RECORD    YEAR
 MAXIMUM TEMPERATURE (F)   84        88      2003
                                             1986
 MINIMUM TEMPERATURE (F)   74        64      1966


SUNRISE AND SUNSET
OCTOBER  1 2014.......SUNRISE   629 AM HST   SUNSET   625 PM HST
OCTOBER  2 2014.......SUNRISE   629 AM HST   SUNSET   624 PM HST


-  INDICATES NEGATIVE NUMBERS.
R  INDICATES RECORD WAS SET OR TIED.
MM INDICATES DATA IS MISSING.
T  INDICATES TRACE AMOUNT.




$$
