000
CDHW41 PHFO 260244
CLILIH


CLIMATE REPORT
NATIONAL WEATHER SERVICE HONOLULU HI
425 PM HST TUE APR 25 2017


...................................

...THE LIHUE HI CLIMATE SUMMARY FOR APRIL 25 2017...
VALID TODAY AS OF 0400 PM LOCAL TIME.

CLIMATE NORMAL PERIOD 1981 TO 2010
CLIMATE RECORD PERIOD 1946 TO 2017


WEATHER ITEM   OBSERVED TIME   RECORD YEAR NORMAL DEPARTURE LAST
                VALUE   (LST)  VALUE       VALUE  FROM      YEAR
                                                  NORMAL
..................................................................
TEMPERATURE (F)
 TODAY
  MAXIMUM         83    314 PM  85    2016  80      3       85
                                      1984
                                      1981
  MINIMUM         75    619 AM  58    1958  69      6       75
  AVERAGE         79                        74      5       80

PRECIPITATION (IN)
  TODAY            0.00          3.46 1962   0.06  -0.06     0.00
  MONTH TO DATE    1.21                      1.94  -0.73     0.67
  SINCE MAR 1      5.32                      6.55  -1.23     3.29
  SINCE JAN 1     11.80                     13.46  -1.66     4.46

SNOWFALL (IN)
  TODAY            0.0
  MONTH TO DATE    0.0
  SINCE MAR 1      0.0
  SINCE JUL 1      0.0
  SNOW DEPTH      MM

DEGREE DAYS
 HEATING
  TODAY            0                         0      0        0
  MONTH TO DATE    0                         0      0        0
  SINCE MAR 1      0                         0      0        0
  SINCE JUL 1      0                         0      0        0

 COOLING
  TODAY           14                         9      5       15
  MONTH TO DATE  296                       224     72      259
  SINCE MAR 1    576                       463    113      494
  SINCE JAN 1   1017                       858    159      949
..................................................................


WIND (MPH)
  HIGHEST WIND SPEED    16   HIGHEST WIND DIRECTION     E (70)
  HIGHEST GUST SPEED    20   HIGHEST GUST DIRECTION    NE (40)
  AVERAGE WIND SPEED    MM


SKY COVER
  POSSIBLE SUNSHINE  MM
  AVERAGE SKY COVER  MM


WEATHER CONDITIONS
 THE FOLLOWING WEATHER WAS RECORDED TODAY.
  NO SIGNIFICANT WEATHER WAS OBSERVED.


RELATIVE HUMIDITY (PERCENT)
 HIGHEST    MM
 LOWEST     MM
 AVERAGE    MM

..........................................................


THE LIHUE HI CLIMATE NORMALS FOR TOMORROW
                         NORMAL    RECORD    YEAR
 MAXIMUM TEMPERATURE (F)   80        87      1981
 MINIMUM TEMPERATURE (F)   69        60      2009


SUNRISE AND SUNSET
APRIL 25 2017.........SUNRISE   610 AM HST   SUNSET   701 PM HST
APRIL 26 2017.........SUNRISE   609 AM HST   SUNSET   702 PM HST


-  INDICATES NEGATIVE NUMBERS.
R  INDICATES RECORD WAS SET OR TIED.
MM INDICATES DATA IS MISSING.
T  INDICATES TRACE AMOUNT.




$$
