000
CDHW41 PHFO 261245
CLILIH


CLIMATE REPORT
NATIONAL WEATHER SERVICE HONOLULU HI
245 AM HST MON SEP 26 2016


...................................

...THE LIHUE HI CLIMATE SUMMARY FOR SEPTEMBER 25 2016...

CLIMATE NORMAL PERIOD 1981 TO 2010
CLIMATE RECORD PERIOD 1946 TO 2016


WEATHER ITEM   OBSERVED TIME   RECORD YEAR NORMAL DEPARTURE LAST
                VALUE   (LST)  VALUE       VALUE  FROM      YEAR
                                                  NORMAL
..................................................................
TEMPERATURE (F)
 YESTERDAY
  MAXIMUM         87    136 PM  89    1981  85      2       84
  MINIMUM         78   1156 PM  67    1965  74      4       75
  AVERAGE         83                        79      4       80

PRECIPITATION (IN)
  YESTERDAY        T             1.34 2003   0.08  -0.08     0.13
  MONTH TO DATE    0.47                      1.68  -1.21     4.76
  SINCE SEP 1      0.47                      1.68  -1.21     4.76
  SINCE JAN 1     11.21                     23.13 -11.92    21.91

SNOWFALL (IN)
  YESTERDAY        0.0
  MONTH TO DATE    0.0
  SINCE SEP 1      0.0
  SINCE JUL 1      0.0
  SNOW DEPTH       0

DEGREE DAYS
 HEATING
  YESTERDAY        0                         0      0        0
  MONTH TO DATE    0                         0      0        0
  SINCE SEP 1      0                         0      0        0
  SINCE JUL 1      0                         0      0        0

 COOLING
  YESTERDAY       18                        14      4       15
  MONTH TO DATE  418                       365     53      397
  SINCE SEP 1    418                       365     53      397
  SINCE JAN 1   3077                      2891    186     3175
..................................................................


WIND (MPH)
  HIGHEST WIND SPEED    20   HIGHEST WIND DIRECTION    NE (40)
  HIGHEST GUST SPEED    25   HIGHEST GUST DIRECTION    NE (50)
  AVERAGE WIND SPEED    15.3


SKY COVER
  POSSIBLE SUNSHINE  MM
  AVERAGE SKY COVER 0.4


WEATHER CONDITIONS
 THE FOLLOWING WEATHER WAS RECORDED YESTERDAY.
  LIGHT RAIN


RELATIVE HUMIDITY (PERCENT)
 HIGHEST    79           100 AM
 LOWEST     55           400 PM
 AVERAGE    67

..........................................................


THE LIHUE HI CLIMATE NORMALS FOR TODAY
                         NORMAL    RECORD    YEAR
 MAXIMUM TEMPERATURE (F)   85        90      1993
 MINIMUM TEMPERATURE (F)   74        67      1967
                                             1965


SUNRISE AND SUNSET
SEPTEMBER 26 2016.....SUNRISE   627 AM HST   SUNSET   629 PM HST
SEPTEMBER 27 2016.....SUNRISE   628 AM HST   SUNSET   628 PM HST


-  INDICATES NEGATIVE NUMBERS.
R  INDICATES RECORD WAS SET OR TIED.
MM INDICATES DATA IS MISSING.
T  INDICATES TRACE AMOUNT.




$$
