000
CDHW41 PHFO 310241
CLILIH


CLIMATE REPORT
NATIONAL WEATHER SERVICE HONOLULU HI
441 PM HST WED JUL 30 2014


...................................

...THE LIHUE HI CLIMATE SUMMARY FOR JULY 30 2014...
VALID TODAY AS OF 0400 PM LOCAL TIME.

CLIMATE NORMAL PERIOD 1981 TO 2010
CLIMATE RECORD PERIOD 1946 TO 2014


WEATHER ITEM   OBSERVED TIME   RECORD YEAR NORMAL DEPARTURE LAST
                VALUE   (LST)  VALUE       VALUE  FROM      YEAR
                                                  NORMAL
..................................................................
TEMPERATURE (F)
 TODAY
  MAXIMUM         85    313 PM  88    1982  84      1       86
  MINIMUM         77    628 AM  67    1965  75      2       74
  AVERAGE         81                        80      1       80

PRECIPITATION (IN)
  TODAY            0.00          4.97 1954   0.07  -0.07     0.15
  MONTH TO DATE    1.44                      1.80  -0.36     0.94
  SINCE JUN 1      4.57                      3.41   1.16     1.64
  SINCE JAN 1     20.36                     19.25   1.11    16.44

SNOWFALL (IN)
  TODAY            0.0
  MONTH TO DATE    0.0
  SINCE JUN 1      0.0
  SINCE JUL 1      0.0
  SNOW DEPTH       0

DEGREE DAYS
 HEATING
  TODAY            0                         0      0        0
  MONTH TO DATE    0                         0      0        0
  SINCE JUN 1      0                         0      0        0
  SINCE JUL 1      0                         0      0        0

 COOLING
  TODAY           16                        14      2       15
  MONTH TO DATE  446                       420     26      366
  SINCE JUN 1    826                       814     12      748
  SINCE JAN 1   2047                      2053     -6     1830
..................................................................


WIND (MPH)
  HIGHEST WIND SPEED    16   HIGHEST WIND DIRECTION    NE (50)
  HIGHEST GUST SPEED    20   HIGHEST GUST DIRECTION    NE (50)
  AVERAGE WIND SPEED    12.4


SKY COVER
  POSSIBLE SUNSHINE  MM
  AVERAGE SKY COVER 0.3


WEATHER CONDITIONS
 THE FOLLOWING WEATHER WAS RECORDED TODAY.
  NO SIGNIFICANT WEATHER WAS OBSERVED.


RELATIVE HUMIDITY (PERCENT)
 HIGHEST    69           200 AM
 LOWEST     55          1100 AM
 AVERAGE    62

..........................................................


THE LIHUE HI CLIMATE NORMALS FOR TOMORROW
                         NORMAL    RECORD    YEAR
 MAXIMUM TEMPERATURE (F)   84        88      2008
                                             1981
                                             1959
 MINIMUM TEMPERATURE (F)   75        63      1963


SUNRISE AND SUNSET
JULY 30 2014..........SUNRISE   609 AM HST   SUNSET   718 PM HST
JULY 31 2014..........SUNRISE   610 AM HST   SUNSET   718 PM HST


-  INDICATES NEGATIVE NUMBERS.
R  INDICATES RECORD WAS SET OR TIED.
MM INDICATES DATA IS MISSING.
T  INDICATES TRACE AMOUNT.




$$
