057
CDUS44 KLZK 290635
CLILIT


CLIMATE REPORT
NATIONAL WEATHER SERVICE LITTLE ROCK AR
134 AM CDT MON MAY 29 2017


...................................

...THE LITTLE ROCK ADAMS FIELD CLIMATE SUMMARY FOR MAY 28 2017...

CLIMATE NORMAL PERIOD 1981 TO 2010
CLIMATE RECORD PERIOD 1874 TO 2017


WEATHER ITEM   OBSERVED TIME   RECORD YEAR NORMAL DEPARTURE LAST
                VALUE   (LST)  VALUE       VALUE  FROM      YEAR
                                                  NORMAL
..................................................................
TEMPERATURE (F)
 YESTERDAY
  MAXIMUM         82    153 PM  96    1962  84     -2       85
  MINIMUM         64    640 AM  44    1961  65     -1       65
  AVERAGE         73                        75     -2       75

PRECIPITATION (IN)
  YESTERDAY        2.07          2.98 1893   0.14   1.93     0.00
  MONTH TO DATE    6.66                      4.46   2.20     2.30
  SINCE MAR 1     20.66                     14.28   6.38    22.36
  SINCE JAN 1     25.66                     21.49   4.17    28.05

SNOWFALL (IN)
  YESTERDAY        0.0          MM      MM   0.0    0.0      0.0
  MONTH TO DATE    0.0                       0.0    0.0      0.0
  SINCE MAR 1      0.0                       0.4   -0.4      0.0
  SINCE JUL 1      0.2                       3.5   -3.3      5.7
  SNOW DEPTH       0

DEGREE DAYS
 HEATING
  YESTERDAY        0                         0      0        0
  MONTH TO DATE   26                        18      8        8
  SINCE MAR 1    380                       537   -157      302
  SINCE JUL 1   2294                      3050   -756     2191

 COOLING
  YESTERDAY        8                        10     -2       10
  MONTH TO DATE  131                       178    -47      143
  SINCE MAR 1    226                       248    -22      232
  SINCE JAN 1    238                       250    -12      238
..................................................................


WIND (MPH)
  HIGHEST WIND SPEED    32   HIGHEST WIND DIRECTION    SE (150)
  HIGHEST GUST SPEED    41   HIGHEST GUST DIRECTION     S (160)
  AVERAGE WIND SPEED    10.1


SKY COVER
  POSSIBLE SUNSHINE  MM
  AVERAGE SKY COVER 0.9


WEATHER CONDITIONS
 THE FOLLOWING WEATHER WAS RECORDED YESTERDAY.
  THUNDERSTORM
  HEAVY RAIN
  RAIN
  LIGHT RAIN
  FOG


RELATIVE HUMIDITY (PERCENT)
 HIGHEST   100           200 AM
 LOWEST     62           100 PM
 AVERAGE    81

..........................................................


THE LITTLE ROCK ADAMS FIELD CLIMATE NORMALS FOR TODAY
                         NORMAL    RECORD    YEAR
 MAXIMUM TEMPERATURE (F)   85        97      2012
 MINIMUM TEMPERATURE (F)   65        46      1971


SUNRISE AND SUNSET
MAY 29 2017...........SUNRISE   558 AM CDT   SUNSET   815 PM CDT
MAY 30 2017...........SUNRISE   557 AM CDT   SUNSET   816 PM CDT


-  INDICATES NEGATIVE NUMBERS.
R  INDICATES RECORD WAS SET OR TIED.
MM INDICATES DATA IS MISSING.
T  INDICATES TRACE AMOUNT.




$$
