000
CDUS44 KLZK 181006
CLILIT


CLIMATE REPORT
NATIONAL WEATHER SERVICE LITTLE ROCK AR
406 AM CST THU DEC 18 2014


...................................

...THE LITTLE ROCK ADAMS FIELD CLIMATE SUMMARY FOR DECEMBER 17 2014...

CLIMATE NORMAL PERIOD 1981 TO 2010
CLIMATE RECORD PERIOD 1874 TO 2014


WEATHER ITEM   OBSERVED TIME   RECORD YEAR NORMAL DEPARTURE LAST
                VALUE   (LST)  VALUE       VALUE  FROM      YEAR
                                                  NORMAL
..................................................................
TEMPERATURE (F)
 YESTERDAY
  MAXIMUM         41    824 PM  78    1924  52    -11       68
  MINIMUM         32    700 AM  15    2000  33     -1       34
                                      1901
  AVERAGE         37                        42     -5       51

PRECIPITATION (IN)
  YESTERDAY        0.16          1.65 1990   0.16   0.00     0.00
  MONTH TO DATE    1.82                      2.90  -1.08     2.22
  SINCE DEC 1      1.82                      2.90  -1.08     2.22
  SINCE JAN 1     46.79                     47.68  -0.89    48.06

SNOWFALL (IN)
  YESTERDAY        0.0           2.0  1945   0.0    0.0      0.0
  MONTH TO DATE    0.0                       0.0    0.0      1.2
  SINCE DEC 1      0.0                       0.0    0.0      1.2
  SINCE JUL 1      0.1                       T      0.1      1.2
  SNOW DEPTH       0

DEGREE DAYS
 HEATING
  YESTERDAY       28                        23      5       14
  MONTH TO DATE  297                       352    -55      395
  SINCE DEC 1    297                       352    -55      395
  SINCE JUL 1    868                       866      2      979

 COOLING
  YESTERDAY        0                         0      0        0
  MONTH TO DATE    0                         0      0        2
  SINCE DEC 1      0                         0      0        2
  SINCE JAN 1   2050                      2204   -154     2204
..................................................................


WIND (MPH)
  HIGHEST WIND SPEED    12   HIGHEST WIND DIRECTION     N (10)
  HIGHEST GUST SPEED    14   HIGHEST GUST DIRECTION    NE (40)
  AVERAGE WIND SPEED     5.6


SKY COVER
  POSSIBLE SUNSHINE  MM
  AVERAGE SKY COVER 0.9


WEATHER CONDITIONS
 THE FOLLOWING WEATHER WAS RECORDED YESTERDAY.
  RAIN
  LIGHT RAIN
  FOG
  HAZE


RELATIVE HUMIDITY (PERCENT)
 HIGHEST    79          1000 PM
 LOWEST     55           200 PM
 AVERAGE    67

..........................................................


THE LITTLE ROCK ADAMS FIELD CLIMATE NORMALS FOR TODAY
                         NORMAL    RECORD    YEAR
 MAXIMUM TEMPERATURE (F)   51        73      1924
 MINIMUM TEMPERATURE (F)   33        12      1932
                                             1901


SUNRISE AND SUNSET
DECEMBER 18 2014......SUNRISE   711 AM CST   SUNSET   501 PM CST
DECEMBER 19 2014......SUNRISE   711 AM CST   SUNSET   501 PM CST


-  INDICATES NEGATIVE NUMBERS.
R  INDICATES RECORD WAS SET OR TIED.
MM INDICATES DATA IS MISSING.
T  INDICATES TRACE AMOUNT.




$$
