000
CDUS44 KLZK 282207
CLILIT


CLIMATE REPORT
NATIONAL WEATHER SERVICE LITTLE ROCK AR
407 PM CST FRI NOV 28 2014


...................................

...THE LITTLE ROCK ADAMS FIELD CLIMATE SUMMARY FOR NOVEMBER 28 2014...
VALID TODAY AS OF 0400 PM LOCAL TIME.

CLIMATE NORMAL PERIOD 1981 TO 2010
CLIMATE RECORD PERIOD 1874 TO 2014


WEATHER ITEM   OBSERVED TIME   RECORD YEAR NORMAL DEPARTURE LAST
                VALUE   (LST)  VALUE       VALUE  FROM      YEAR
                                                  NORMAL
..................................................................
TEMPERATURE (F)
 TODAY
  MAXIMUM         60    321 PM  79    1970  58      2       52
  MINIMUM         29    647 AM  19    1887  38     -9       22
  AVERAGE         45                        48     -3       37

PRECIPITATION (IN)
  TODAY            0.00          3.33 1905   0.19  -0.19     0.00
  MONTH TO DATE    2.19                      4.89  -2.70     4.72
  SINCE SEP 1      7.84                     12.98  -5.14    11.24
  SINCE JAN 1     44.97                     44.39   0.58    45.84

SNOWFALL (IN)
  TODAY            0.0           1.0  1952   0.0    0.0      0.0
  MONTH TO DATE    0.1                       0.0    0.1      0.0
  SINCE SEP 1      0.1                       0.0    0.1      0.0
  SINCE JUL 1      0.1                       0.0    0.1      0.0
  SNOW DEPTH       0

DEGREE DAYS
 HEATING
  TODAY           20                        17      3       28
  MONTH TO DATE  501                       346    155      427
  SINCE SEP 1    569                       478     91      541
  SINCE JUL 1    569                       478     91      541

 COOLING
  TODAY            0                         0      0        0
  MONTH TO DATE    0                         9     -9        8
  SINCE SEP 1    439                       402     37      496
  SINCE JAN 1   2049                      2203   -154     2202
..................................................................


WIND (MPH)
  HIGHEST WIND SPEED    16   HIGHEST WIND DIRECTION     S (180)
  HIGHEST GUST SPEED    22   HIGHEST GUST DIRECTION     S (170)
  AVERAGE WIND SPEED     5.3


SKY COVER
  POSSIBLE SUNSHINE  MM
  AVERAGE SKY COVER 0.1


WEATHER CONDITIONS
 THE FOLLOWING WEATHER WAS RECORDED TODAY.
  NO SIGNIFICANT WEATHER WAS OBSERVED.


RELATIVE HUMIDITY (PERCENT)
 HIGHEST    85           400 AM
 LOWEST     36           100 PM
 AVERAGE    61

..........................................................


THE LITTLE ROCK ADAMS FIELD CLIMATE NORMALS FOR TOMORROW
                         NORMAL    RECORD    YEAR
 MAXIMUM TEMPERATURE (F)   57        77      1927
 MINIMUM TEMPERATURE (F)   38        17      1976


SUNRISE AND SUNSET
NOVEMBER 28 2014......SUNRISE   655 AM CST   SUNSET   458 PM CST
NOVEMBER 29 2014......SUNRISE   656 AM CST   SUNSET   458 PM CST


-  INDICATES NEGATIVE NUMBERS.
R  INDICATES RECORD WAS SET OR TIED.
MM INDICATES DATA IS MISSING.
T  INDICATES TRACE AMOUNT.




$$
