000
CDUS45 KPIH 290737
CLILLJ


CLIMATE REPORT
NATIONAL WEATHER SERVICE POCATELLO ID
136 AM MDT FRI AUG 29 2014


...................................

...THE CHALLIS ID CLIMATE SUMMARY FOR AUGUST 28 2014...

CLIMATE NORMAL PERIOD 1981 TO 2010
CLIMATE RECORD PERIOD 1898 TO 2014


WEATHER ITEM   OBSERVED TIME   RECORD YEAR NORMAL DEPARTURE LAST
                VALUE   (LST)  VALUE       VALUE  FROM      YEAR
                                                  NORMAL
..................................................................
TEMPERATURE (F)
 YESTERDAY
  MAXIMUM         86    406 PM  94    2012  81      5       84
  MINIMUM         48    626 AM  30    1927  44      4       54
  AVERAGE         67                        63      4       69

PRECIPITATION (IN)
  YESTERDAY        0.00          0.38 1920   0.03  -0.03     0.02
  MONTH TO DATE    1.59                      0.71   0.88     0.23
  SINCE OCT 1      5.44                      9.24  -3.80     4.58
  SINCE JAN 1      4.71                      7.31  -2.60     2.51

SNOWFALL (IN)
  YESTERDAY       MM
  MONTH TO DATE   MM
  SINCE JUN 1     MM
  SINCE JUL 1     MM
  SNOW DEPTH      MM

DEGREE DAYS
 HEATING
  YESTERDAY        0                         4     -4        0
  MONTH TO DATE   62                        40     22        6
  SINCE JUN 1    229                       226      3      127
  SINCE JUL 1     63                        61      2        6

 COOLING
  YESTERDAY        2                         1      1        4
  MONTH TO DATE   68                        82    -14      111
  SINCE JUN 1    303                       236     67      375
  SINCE JAN 1    303                       238     65      377
..................................................................


WIND (MPH)
  HIGHEST WIND SPEED    16   HIGHEST WIND DIRECTION    SW (240)
  HIGHEST GUST SPEED    22   HIGHEST GUST DIRECTION     W (260)
  AVERAGE WIND SPEED     5.3


SKY COVER
  POSSIBLE SUNSHINE  MM
  AVERAGE SKY COVER 0.1


WEATHER CONDITIONS
 THE FOLLOWING WEATHER WAS RECORDED YESTERDAY.
  NO SIGNIFICANT WEATHER WAS OBSERVED.


RELATIVE HUMIDITY (PERCENT)
 HIGHEST    80           400 AM
 LOWEST     17           300 PM
 AVERAGE    49

..........................................................


THE CHALLIS ID CLIMATE NORMALS FOR TODAY
                         NORMAL    RECORD    YEAR
 MAXIMUM TEMPERATURE (F)   81        94      1948
 MINIMUM TEMPERATURE (F)   44        28      1927


SUNRISE AND SUNSET
AUGUST 29 2014........SUNRISE   656 AM MDT   SUNSET   819 PM MDT
AUGUST 30 2014........SUNRISE   657 AM MDT   SUNSET   817 PM MDT


-  INDICATES NEGATIVE NUMBERS.
R  INDICATES RECORD WAS SET OR TIED.
MM INDICATES DATA IS MISSING.
T  INDICATES TRACE AMOUNT.




$$
