126
CDUS45 KPIH 050750
CLILLJ


CLIMATE REPORT
NATIONAL WEATHER SERVICE POCATELLO ID
1247 AM MST MON DEC 5 2016


...................................

...THE CHALLIS ID CLIMATE SUMMARY FOR DECEMBER 4 2016...

CLIMATE NORMAL PERIOD 1981 TO 2010
CLIMATE RECORD PERIOD 1898 TO 2016


WEATHER ITEM   OBSERVED TIME   RECORD YEAR NORMAL DEPARTURE LAST
                VALUE   (LST)  VALUE       VALUE  FROM      YEAR
                                                  NORMAL
..................................................................
TEMPERATURE (F)
 YESTERDAY
  MAXIMUM         37    456 PM  59    1918  30      7       44
  MINIMUM         23   1236 AM -13    1984  12     11       15
  AVERAGE         30                        21      9       30

PRECIPITATION (IN)
  YESTERDAY        0.02          0.19 1922   0.02   0.00      T
  MONTH TO DATE    0.03                      0.10  -0.07      T
  SINCE OCT 1      2.11                      1.29   0.82     1.51
  SINCE JAN 1      6.09                      9.42  -3.33     6.39

SNOWFALL (IN)
  YESTERDAY       MM
  MONTH TO DATE   MM
  SINCE DEC 1     MM
  SINCE JUL 1     MM
  SNOW DEPTH      MM

DEGREE DAYS
 HEATING
  YESTERDAY       35                        44     -9       35
  MONTH TO DATE  152                       174    -22      200
  SINCE DEC 1    152                       174    -22      200
  SINCE JUL 1   1939                      2217   -278     2066

 COOLING
  YESTERDAY        0                         0      0        0
  MONTH TO DATE    0                         0      0        0
  SINCE DEC 1      0                         0      0        0
  SINCE JAN 1    277                       248     29      315
..................................................................


WIND (MPH)
  HIGHEST WIND SPEED    32   HIGHEST WIND DIRECTION     W (260)
  HIGHEST GUST SPEED    39   HIGHEST GUST DIRECTION     W (270)
  AVERAGE WIND SPEED     6.4


SKY COVER
  POSSIBLE SUNSHINE  MM
  AVERAGE SKY COVER 0.9


WEATHER CONDITIONS
 THE FOLLOWING WEATHER WAS RECORDED YESTERDAY.
  LIGHT RAIN
  LIGHT SNOW
  FOG


RELATIVE HUMIDITY (PERCENT)
 HIGHEST   100           300 PM
 LOWEST     42          1100 PM
 AVERAGE    71

..........................................................


THE CHALLIS ID CLIMATE NORMALS FOR TODAY
                         NORMAL    RECORD    YEAR
 MAXIMUM TEMPERATURE (F)   29        55      1940
 MINIMUM TEMPERATURE (F)   11       -20      1972


SUNRISE AND SUNSET
DECEMBER  5 2016......SUNRISE   758 AM MST   SUNSET   457 PM MST
DECEMBER  6 2016......SUNRISE   759 AM MST   SUNSET   457 PM MST


-  INDICATES NEGATIVE NUMBERS.
R  INDICATES RECORD WAS SET OR TIED.
MM INDICATES DATA IS MISSING.
T  INDICATES TRACE AMOUNT.




$$
