000
CDUS45 KPIH 272323
CLILLJ


CLIMATE REPORT
NATIONAL WEATHER SERVICE POCATELLO ID
520 PM MDT TUE SEP 27 2016


...................................

...THE CHALLIS ID CLIMATE SUMMARY FOR SEPTEMBER 27 2016...
VALID TODAY AS OF 0500 PM LOCAL TIME.

CLIMATE NORMAL PERIOD 1981 TO 2010
CLIMATE RECORD PERIOD 1898 TO 2016


WEATHER ITEM   OBSERVED TIME   RECORD YEAR NORMAL DEPARTURE LAST
                VALUE   (LST)  VALUE       VALUE  FROM      YEAR
                                                  NORMAL
..................................................................
TEMPERATURE (F)
 TODAY
  MAXIMUM         81    359 PM  84    2011  68     13       81
                                      1978
  MINIMUM         39    609 AM  23    1924  36      3       40
  AVERAGE         60                        52      8       61

PRECIPITATION (IN)
  TODAY            0.00          0.89 1982   0.02  -0.02     0.00
  MONTH TO DATE    0.39                      0.69  -0.30     0.89
  SINCE OCT 1      6.21                     10.01  -3.80     6.67
  SINCE JAN 1      3.87                      8.08  -4.21     4.88

SNOWFALL (IN)
  TODAY           MM
  MONTH TO DATE   MM
  SINCE SEP 1     MM
  SINCE JUL 1     MM
  SNOW DEPTH      MM

DEGREE DAYS
 HEATING
  TODAY            5                        13     -8        4
  MONTH TO DATE  255                       235     20      160
  SINCE SEP 1    255                       235     20      160
  SINCE JUL 1    317                       308      9      223

 COOLING
  TODAY            0                         0      0        0
  MONTH TO DATE    4                         4      0        8
  SINCE SEP 1      4                         4      0        8
  SINCE JAN 1    277                       246     31      315
..................................................................


WIND (MPH)
  HIGHEST WIND SPEED     6   HIGHEST WIND DIRECTION    NE (40)
  HIGHEST GUST SPEED     7   HIGHEST GUST DIRECTION     E (110)
  AVERAGE WIND SPEED     1.2


SKY COVER
  POSSIBLE SUNSHINE  MM
  AVERAGE SKY COVER 0.0


WEATHER CONDITIONS
 THE FOLLOWING WEATHER WAS RECORDED TODAY.
  HAZE


RELATIVE HUMIDITY (PERCENT)
 HIGHEST    79           600 AM
 LOWEST     16           400 PM
 AVERAGE    48

..........................................................


THE CHALLIS ID CLIMATE NORMALS FOR TOMORROW
                         NORMAL    RECORD    YEAR
 MAXIMUM TEMPERATURE (F)   67        86      2010
 MINIMUM TEMPERATURE (F)   35        19      1999


SUNRISE AND SUNSET
SEPTEMBER 27 2016.....SUNRISE   731 AM MDT   SUNSET   724 PM MDT
SEPTEMBER 28 2016.....SUNRISE   732 AM MDT   SUNSET   722 PM MDT


-  INDICATES NEGATIVE NUMBERS.
R  INDICATES RECORD WAS SET OR TIED.
MM INDICATES DATA IS MISSING.
T  INDICATES TRACE AMOUNT.




$$
