000
CDUS45 KPIH 250731
CLILLJ


CLIMATE REPORT
NATIONAL WEATHER SERVICE POCATELLO ID
129 AM MDT MON MAY 25 2015


...................................

...THE CHALLIS ID CLIMATE SUMMARY FOR MAY 24 2015...

CLIMATE NORMAL PERIOD 1981 TO 2010
CLIMATE RECORD PERIOD 1898 TO 2015


WEATHER ITEM   OBSERVED TIME   RECORD YEAR NORMAL DEPARTURE LAST
                VALUE   (LST)  VALUE       VALUE  FROM      YEAR
                                                  NORMAL
..................................................................
TEMPERATURE (F)
 YESTERDAY
  MAXIMUM         70    201 PM  87    2001  69      1       78
                                      1969
  MINIMUM         45   1139 PM  28    1944  40      5       48
  AVERAGE         58                        54      4       63

PRECIPITATION (IN)
  YESTERDAY        T             1.00 1962   0.06  -0.06      T
  MONTH TO DATE    0.61                      1.08  -0.47     0.11
  SINCE OCT 1      3.65                      5.67  -2.02     3.48
  SINCE JAN 1      1.86                      3.74  -1.88     2.75

SNOWFALL (IN)
  YESTERDAY       MM
  MONTH TO DATE   MM
  SINCE MAR 1     MM
  SINCE JUL 1     MM
  SNOW DEPTH      MM

DEGREE DAYS
 HEATING
  YESTERDAY        7                        11     -4        2
  MONTH TO DATE  286                       336    -50      298
  SINCE MAR 1   1610                      1878   -268     1786
  SINCE JUL 1   6748                      7927  -1179     7535

 COOLING
  YESTERDAY        0                         0      0        0
  MONTH TO DATE    0                         0      0        0
  SINCE MAR 1      0                         0      0        0
  SINCE JAN 1      0                         0      0        0
..................................................................


WIND (MPH)
  HIGHEST WIND SPEED    16   HIGHEST WIND DIRECTION    NW (320)
  HIGHEST GUST SPEED    23   HIGHEST GUST DIRECTION     N (340)
  AVERAGE WIND SPEED     7.3


SKY COVER
  POSSIBLE SUNSHINE  MM
  AVERAGE SKY COVER 0.5


WEATHER CONDITIONS
 THE FOLLOWING WEATHER WAS RECORDED YESTERDAY.
  NO SIGNIFICANT WEATHER WAS OBSERVED.


RELATIVE HUMIDITY (PERCENT)
 HIGHEST    77           600 AM
 LOWEST     31           200 PM
 AVERAGE    54

..........................................................


THE CHALLIS ID CLIMATE NORMALS FOR TODAY
                         NORMAL    RECORD    YEAR
 MAXIMUM TEMPERATURE (F)   69        89      1993
                                             1966
 MINIMUM TEMPERATURE (F)   41        26      1953


SUNRISE AND SUNSET
MAY 25 2015...........SUNRISE   600 AM MDT   SUNSET   908 PM MDT
MAY 26 2015...........SUNRISE   559 AM MDT   SUNSET   909 PM MDT


-  INDICATES NEGATIVE NUMBERS.
R  INDICATES RECORD WAS SET OR TIED.
MM INDICATES DATA IS MISSING.
T  INDICATES TRACE AMOUNT.




$$
