000
CDUS45 KPIH 250745
CLILLJ


CLIMATE REPORT
NATIONAL WEATHER SERVICE POCATELLO ID
143 AM MDT FRI JUL 25 2014


...................................

...THE CHALLIS ID CLIMATE SUMMARY FOR JULY 24 2014...

CLIMATE NORMAL PERIOD 1981 TO 2010
CLIMATE RECORD PERIOD 1898 TO 2014


WEATHER ITEM   OBSERVED TIME   RECORD YEAR NORMAL DEPARTURE LAST
                VALUE   (LST)  VALUE       VALUE  FROM      YEAR
                                                  NORMAL
..................................................................
TEMPERATURE (F)
 YESTERDAY
  MAXIMUM         81    319 PM  98    1929  88     -7       94
  MINIMUM         56    540 AM  40    1900  52      4       52
  AVERAGE         69                        70     -1       73

PRECIPITATION (IN)
  YESTERDAY        0.00          0.46 1921   0.03  -0.03     0.00
  MONTH TO DATE    0.04                      0.64  -0.60     0.54
  SINCE OCT 1      3.85                      8.34  -4.49     4.35
  SINCE JAN 1      3.12                      6.41  -3.29     2.28

SNOWFALL (IN)
  YESTERDAY       MM
  MONTH TO DATE   MM
  SINCE JUN 1     MM
  SINCE JUL 1     MM
  SNOW DEPTH      MM

DEGREE DAYS
 HEATING
  YESTERDAY        0                         0      0        0
  MONTH TO DATE    0                        18    -18        0
  SINCE JUN 1    166                       183    -17      121
  SINCE JUL 1      0                        18    -18        0

 COOLING
  YESTERDAY        4                         5     -1        8
  MONTH TO DATE  200                        95    105      173
  SINCE JUN 1    206                       117     89      236
  SINCE JAN 1    206                       119     87      238
..................................................................


WIND (MPH)
  HIGHEST WIND SPEED    28   HIGHEST WIND DIRECTION     W (280)
  HIGHEST GUST SPEED    37   HIGHEST GUST DIRECTION     W (290)
  AVERAGE WIND SPEED     7.5


SKY COVER
  POSSIBLE SUNSHINE  MM
  AVERAGE SKY COVER 0.0


WEATHER CONDITIONS
 THE FOLLOWING WEATHER WAS RECORDED YESTERDAY.
  NO SIGNIFICANT WEATHER WAS OBSERVED.


RELATIVE HUMIDITY (PERCENT)
 HIGHEST    51           200 AM
 LOWEST      7           300 PM
 AVERAGE    29

..........................................................


THE CHALLIS ID CLIMATE NORMALS FOR TODAY
                         NORMAL    RECORD    YEAR
 MAXIMUM TEMPERATURE (F)   88       100      1933
 MINIMUM TEMPERATURE (F)   52        41      1900


SUNRISE AND SUNSET
JULY 25 2014..........SUNRISE   616 AM MDT   SUNSET   910 PM MDT
JULY 26 2014..........SUNRISE   617 AM MDT   SUNSET   909 PM MDT


-  INDICATES NEGATIVE NUMBERS.
R  INDICATES RECORD WAS SET OR TIED.
MM INDICATES DATA IS MISSING.
T  INDICATES TRACE AMOUNT.




$$
