000
CDUS45 KPIH 210733
CLILLJ


CLIMATE REPORT
NATIONAL WEATHER SERVICE POCATELLO ID
1232 AM MST SAT JAN 21 2017


...................................

...THE CHALLIS ID CLIMATE SUMMARY FOR JANUARY 20 2017...

CLIMATE NORMAL PERIOD 1981 TO 2010
CLIMATE RECORD PERIOD 1898 TO 2017


WEATHER ITEM   OBSERVED TIME   RECORD YEAR NORMAL DEPARTURE LAST
                VALUE   (LST)  VALUE       VALUE  FROM      YEAR
                                                  NORMAL
..................................................................
TEMPERATURE (F)
 YESTERDAY
  MAXIMUM         20    158 PM  56    1950  30    -10       38
  MINIMUM          2    835 PM -26    1937   9     -7       10
  AVERAGE         11                        20     -9       24

PRECIPITATION (IN)
  YESTERDAY        0.00          0.53 1969   0.02  -0.02      T
  MONTH TO DATE    1.39                      0.36   1.03     0.33
  SINCE OCT 1      4.80                      2.29   2.51     2.67
  SINCE JAN 1      1.39                      0.36   1.03     0.33

SNOWFALL (IN)
  YESTERDAY       MM
  MONTH TO DATE   MM
  SINCE DEC 1     MM
  SINCE JUL 1     MM
  SNOW DEPTH      MM

DEGREE DAYS
 HEATING
  YESTERDAY       54                        46      8       41
  MONTH TO DATE 1326                       934    392     1022
  SINCE DEC 1   3004                      2387    617     2452
  SINCE JUL 1   4791                      4430    361     4318

 COOLING
  YESTERDAY        0                         0      0        0
  MONTH TO DATE    0                         0      0        0
  SINCE DEC 1      0                         0      0        0
  SINCE JAN 1      0                         0      0        0
..................................................................


WIND (MPH)
  HIGHEST WIND SPEED     8   HIGHEST WIND DIRECTION     S (170)
  HIGHEST GUST SPEED    10   HIGHEST GUST DIRECTION     S (170)
  AVERAGE WIND SPEED     1.9


SKY COVER
  POSSIBLE SUNSHINE  MM
  AVERAGE SKY COVER 0.9


WEATHER CONDITIONS
 THE FOLLOWING WEATHER WAS RECORDED YESTERDAY.
  FOG
  FOG W/VISIBILITY <= 1/4 MILE
  HAZE


RELATIVE HUMIDITY (PERCENT)
 HIGHEST   100          1200 AM
 LOWEST     84           200 PM
 AVERAGE    92

..........................................................


THE CHALLIS ID CLIMATE NORMALS FOR TODAY
                         NORMAL    RECORD    YEAR
 MAXIMUM TEMPERATURE (F)   30        50      1950
 MINIMUM TEMPERATURE (F)    9       -30      1937


SUNRISE AND SUNSET
JANUARY 21 2017.......SUNRISE   806 AM MST   SUNSET   531 PM MST
JANUARY 22 2017.......SUNRISE   805 AM MST   SUNSET   533 PM MST


-  INDICATES NEGATIVE NUMBERS.
R  INDICATES RECORD WAS SET OR TIED.
MM INDICATES DATA IS MISSING.
T  INDICATES TRACE AMOUNT.




$$
