000
CDUS45 KPIH 232335
CLILLJ


CLIMATE REPORT
NATIONAL WEATHER SERVICE POCATELLO ID
432 PM MST SUN NOV 23 2014


...................................

...THE CHALLIS ID CLIMATE SUMMARY FOR NOVEMBER 23 2014...
VALID TODAY AS OF 0400 PM LOCAL TIME.

CLIMATE NORMAL PERIOD 1981 TO 2010
CLIMATE RECORD PERIOD 1898 TO 2014


WEATHER ITEM   OBSERVED TIME   RECORD YEAR NORMAL DEPARTURE LAST
                VALUE   (LST)  VALUE       VALUE  FROM      YEAR
                                                  NORMAL
..................................................................
TEMPERATURE (F)
 TODAY
  MAXIMUM         38    123 PM  62    1933  35      3       34
  MINIMUM         15    633 AM -12    1985  17     -2        6
  AVERAGE         27                        26      1       20

PRECIPITATION (IN)
  TODAY            0.07          0.25 1953   0.02   0.05     0.00
  MONTH TO DATE    0.75                      0.41   0.34     0.18
  SINCE OCT 1      1.04                      1.08  -0.04     0.45
  SINCE JAN 1      6.97                      9.21  -2.24     4.65

SNOWFALL (IN)
  TODAY           MM
  MONTH TO DATE   MM
  SINCE SEP 1     MM
  SINCE JUL 1     MM
  SNOW DEPTH      MM

DEGREE DAYS
 HEATING
  TODAY           38                        39     -1       45
  MONTH TO DATE  916                       759    157      727
  SINCE SEP 1   1566                      1680   -114     1657
  SINCE JUL 1   1634                      1753   -119     1663

 COOLING
  TODAY            0                         0      0        0
  MONTH TO DATE    0                         0      0        0
  SINCE SEP 1      5                         6     -1       30
  SINCE JAN 1    310                       248     62      420
..................................................................


WIND (MPH)
  HIGHEST WIND SPEED    31   HIGHEST WIND DIRECTION     N (360)
  HIGHEST GUST SPEED    39   HIGHEST GUST DIRECTION     N (10)
  AVERAGE WIND SPEED     3.3


SKY COVER
  POSSIBLE SUNSHINE  MM
  AVERAGE SKY COVER 0.6


WEATHER CONDITIONS
 THE FOLLOWING WEATHER WAS RECORDED TODAY.
  HEAVY SNOW
  SNOW
  LIGHT SNOW
  FOG
  FOG W/VISIBILITY <= 1/4 MILE
  HAZE


RELATIVE HUMIDITY (PERCENT)
 HIGHEST    85           200 AM
 LOWEST     37           200 PM
 AVERAGE    61

..........................................................


THE CHALLIS ID CLIMATE NORMALS FOR TOMORROW
                         NORMAL    RECORD    YEAR
 MAXIMUM TEMPERATURE (F)   35        59      1990
                                             1949
 MINIMUM TEMPERATURE (F)   16       -17      1985


SUNRISE AND SUNSET
NOVEMBER 23 2014......SUNRISE   744 AM MST   SUNSET   503 PM MST
NOVEMBER 24 2014......SUNRISE   745 AM MST   SUNSET   502 PM MST


-  INDICATES NEGATIVE NUMBERS.
R  INDICATES RECORD WAS SET OR TIED.
MM INDICATES DATA IS MISSING.
T  INDICATES TRACE AMOUNT.




$$
