000
CDUS45 KPIH 222322
CLILLJ


CLIMATE REPORT
NATIONAL WEATHER SERVICE POCATELLO ID
521 PM MDT MON SEP 22 2014


...................................

...THE CHALLIS ID CLIMATE SUMMARY FOR SEPTEMBER 22 2014...
VALID TODAY AS OF 0500 PM LOCAL TIME.

CLIMATE NORMAL PERIOD 1981 TO 2010
CLIMATE RECORD PERIOD 1898 TO 2014


WEATHER ITEM   OBSERVED TIME   RECORD YEAR NORMAL DEPARTURE LAST
                VALUE   (LST)  VALUE       VALUE  FROM      YEAR
                                                  NORMAL
..................................................................
TEMPERATURE (F)
 TODAY
  MAXIMUM         69    359 PM  88    1967  70     -1       65
  MINIMUM         54    714 AM  26    1956  37     17       43
  AVERAGE         62                        54      8       54

PRECIPITATION (IN)
  TODAY            0.14          0.15 1930   0.03   0.11      T
  MONTH TO DATE    0.16                      0.59  -0.43     0.56
  SINCE OCT 1      5.71                      9.91  -4.20     5.14
  SINCE JAN 1      4.98                      7.98  -3.00     3.07

SNOWFALL (IN)
  TODAY           MM
  MONTH TO DATE   MM
  SINCE SEP 1     MM
  SINCE JUL 1     MM
  SNOW DEPTH      MM

DEGREE DAYS
 HEATING
  TODAY            3                        11     -8       11
  MONTH TO DATE   98                       172    -74       76
  SINCE SEP 1     98                       172    -74       76
  SINCE JUL 1    166                       245    -79       82

 COOLING
  TODAY            0                         0      0        0
  MONTH TO DATE    0                         4     -4       30
  SINCE SEP 1      0                         4     -4       30
  SINCE JAN 1    305                       246     59      420
..................................................................


WIND (MPH)
  HIGHEST WIND SPEED    12   HIGHEST WIND DIRECTION     S (190)
  HIGHEST GUST SPEED    14   HIGHEST GUST DIRECTION    SE (120)
  AVERAGE WIND SPEED     3.3


SKY COVER
  POSSIBLE SUNSHINE  MM
  AVERAGE SKY COVER 0.8


WEATHER CONDITIONS
 THE FOLLOWING WEATHER WAS RECORDED TODAY.
  RAIN
  LIGHT RAIN


RELATIVE HUMIDITY (PERCENT)
 HIGHEST   100           600 AM
 LOWEST     53           400 PM
 AVERAGE    77

..........................................................


THE CHALLIS ID CLIMATE NORMALS FOR TOMORROW
                         NORMAL    RECORD    YEAR
 MAXIMUM TEMPERATURE (F)   70        90      1966
 MINIMUM TEMPERATURE (F)   37        18      1926


SUNRISE AND SUNSET
SEPTEMBER 22 2014.....SUNRISE   724 AM MDT   SUNSET   734 PM MDT
SEPTEMBER 23 2014.....SUNRISE   725 AM MDT   SUNSET   732 PM MDT


-  INDICATES NEGATIVE NUMBERS.
R  INDICATES RECORD WAS SET OR TIED.
MM INDICATES DATA IS MISSING.
T  INDICATES TRACE AMOUNT.




$$
