861
CDUS46 KMFR 190856
CLILMT


CLIMATE REPORT
NATIONAL WEATHER SERVICE MEDFORD, OR
1252 AM PST FRI JAN 19 2018


...................................

...THE KLAMATH FALLS OR CLIMATE SUMMARY FOR JANUARY 18 2018...

CLIMATE NORMAL PERIOD 1981 TO 2010
CLIMATE RECORD PERIOD 1928 TO 2018


WEATHER ITEM   OBSERVED TIME   RECORD YEAR NORMAL DEPARTURE LAST
                VALUE   (LST)  VALUE       VALUE  FROM      YEAR
                                                  NORMAL
..................................................................
TEMPERATURE (F)
 YESTERDAY
  MAXIMUM         47    117 AM  56    1981  40      7       39
  MINIMUM         33   1159 PM  -8    1988  21     12       33
  AVERAGE         40                        30     10       36

PRECIPITATION (IN)
  YESTERDAY        0.37          0.77 1953   0.05   0.32     0.05
  MONTH TO DATE    0.62                      1.33  -0.71     1.27
  SINCE OCT 1      2.87                      6.02  -3.15     6.02
  SINCE JAN 1      0.62                      1.33  -0.71     1.27

SNOWFALL (IN)
  YESTERDAY       MM                        MM     MM       MM
  MONTH TO DATE   MM                        MM     MM       MM
  SINCE JUL 1     MM                        MM     MM       MM
  SNOW DEPTH      MM

DEGREE DAYS
 HEATING
  YESTERDAY       25                        35    -10       29
  MONTH TO DATE  464                       636   -172      777
  SINCE DEC 1   1544                      1735   -191     1895
  SINCE JUL 1   3130                      3537   -407     3555

 COOLING
  YESTERDAY        0                         0      0        0
  MONTH TO DATE    0                         0      0        0
  SINCE DEC 1      0                         0      0        0
  SINCE JAN 1      0                         0      0        0
..................................................................


WIND (MPH)
  HIGHEST WIND SPEED    28   HIGHEST WIND DIRECTION     S (170)
  HIGHEST GUST SPEED    36   HIGHEST GUST DIRECTION     S (170)
  AVERAGE WIND SPEED    11.3


SKY COVER
  POSSIBLE SUNSHINE  MM
  AVERAGE SKY COVER 0.9


WEATHER CONDITIONS
 THE FOLLOWING WEATHER WAS RECORDED YESTERDAY.
  RAIN
  LIGHT RAIN
  FOG
  HAZE


RELATIVE HUMIDITY (PERCENT)
 HIGHEST    89           500 AM
 LOWEST     71          1200 AM

..........................................................


THE KLAMATH FALLS OR CLIMATE NORMALS FOR TODAY
                         NORMAL    RECORD    YEAR
 MAXIMUM TEMPERATURE (F)   40        53      1986
 MINIMUM TEMPERATURE (F)   21        -6      1988


SUNRISE AND SUNSET
JANUARY 19 2018.......SUNRISE   731 AM PST   SUNSET   505 PM PST
JANUARY 20 2018.......SUNRISE   730 AM PST   SUNSET   506 PM PST


-  INDICATES NEGATIVE NUMBERS.
R  INDICATES RECORD WAS SET OR TIED.
MM INDICATES DATA IS MISSING.
T  INDICATES TRACE AMOUNT.




$$
