000
CDUS46 KMFR 230839
CLILMT


CLIMATE REPORT
NATIONAL WEATHER SERVICE MEDFORD, OR
139 AM PDT THU MAR 23 2017


...................................

...THE KLAMATH FALLS OR CLIMATE SUMMARY FOR MARCH 22 2017...

CLIMATE NORMAL PERIOD 1981 TO 2010
CLIMATE RECORD PERIOD 1928 TO 2017


WEATHER ITEM   OBSERVED TIME   RECORD YEAR NORMAL DEPARTURE LAST
                VALUE   (LST)  VALUE       VALUE  FROM      YEAR
                                                  NORMAL
..................................................................
TEMPERATURE (F)
 YESTERDAY
  MAXIMUM         48    248 PM  72    1960  52     -4       47
  MINIMUM         30   1058 PM  17    1998  27      3       29
  AVERAGE         39                        39      0       38

PRECIPITATION (IN)
  YESTERDAY        0.34          0.63 1972   0.05   0.29      T
  MONTH TO DATE    1.26                      0.85   0.41     1.80
  SINCE OCT 1      9.23                      9.31  -0.08     8.86
  SINCE JAN 1      4.48                      4.62  -0.14     4.33

SNOWFALL (IN)
  YESTERDAY       MM                        MM     MM       MM
  MONTH TO DATE   MM                        MM     MM       MM
  SINCE JUL 1     MM                        MM     MM       MM
  SNOW DEPTH      MM

DEGREE DAYS
 HEATING
  YESTERDAY       26                        26      0       27
  MONTH TO DATE  489                       592   -103      512
  SINCE MAR 1    489                       592   -103      512
  SINCE JUL 1   5327                      5433   -106     5002

 COOLING
  YESTERDAY        0                         0      0        0
  MONTH TO DATE    0                         0      0        0
  SINCE MAR 1      0                         0      0        0
  SINCE JAN 1      0                         0      0        0
..................................................................


WIND (MPH)
  HIGHEST WIND SPEED    21   HIGHEST WIND DIRECTION     S (180)
  HIGHEST GUST SPEED    26   HIGHEST GUST DIRECTION     S (170)
  AVERAGE WIND SPEED     7.4


SKY COVER
  POSSIBLE SUNSHINE  MM
  AVERAGE SKY COVER 0.7


WEATHER CONDITIONS
 THE FOLLOWING WEATHER WAS RECORDED YESTERDAY.
  HEAVY RAIN
  RAIN
  LIGHT RAIN
  LIGHT SNOW
  FOG


RELATIVE HUMIDITY (PERCENT)
 HIGHEST   100           500 AM
 LOWEST     49           400 PM

..........................................................


THE KLAMATH FALLS OR CLIMATE NORMALS FOR TODAY
                         NORMAL    RECORD    YEAR
 MAXIMUM TEMPERATURE (F)   52        73      1960
 MINIMUM TEMPERATURE (F)   27        13      2013


SUNRISE AND SUNSET
MARCH 23 2017.........SUNRISE   704 AM PDT   SUNSET   723 PM PDT
MARCH 24 2017.........SUNRISE   703 AM PDT   SUNSET   724 PM PDT


-  INDICATES NEGATIVE NUMBERS.
R  INDICATES RECORD WAS SET OR TIED.
MM INDICATES DATA IS MISSING.
T  INDICATES TRACE AMOUNT.




$$
