000
CDUS46 KMFR 300840
CLILMT


CLIMATE REPORT
NATIONAL WEATHER SERVICE MEDFORD, OR
139 AM PDT TUE SEP 30 2014


...................................

...THE KLAMATH FALLS OR CLIMATE SUMMARY FOR SEPTEMBER 29 2014...

CLIMATE NORMAL PERIOD 1981 TO 2010
CLIMATE RECORD PERIOD 1928 TO 2014


WEATHER ITEM   OBSERVED TIME   RECORD YEAR NORMAL DEPARTURE LAST
                VALUE   (LST)  VALUE       VALUE  FROM      YEAR
                                                  NORMAL
..................................................................
TEMPERATURE (F)
 YESTERDAY
  MAXIMUM         71    231 PM  87    2010  72     -1       58
                                      1996
  MINIMUM         41    640 AM  24    2007  35      6       50
  AVERAGE         56                        53      3       54

PRECIPITATION (IN)
  YESTERDAY        T             0.61 1971   0.01  -0.01     0.02
  MONTH TO DATE    0.95                      0.52   0.43     0.11
  SINCE SEP 1      0.95                      0.52   0.43     0.11
  SINCE JAN 1      8.46                     10.26  -1.80     4.90

SNOWFALL (IN)
  YESTERDAY       MM                        MM     MM       MM
  MONTH TO DATE   MM                        MM     MM       MM
  SINCE JUL 1     MM                        MM     MM       MM
  SNOW DEPTH      MM

DEGREE DAYS
 HEATING
  YESTERDAY        9                        12     -3       11
  MONTH TO DATE  112                       224   -112      237
  SINCE SEP 1    112                       224   -112      237
  SINCE JUL 1    160                       343   -183      305

 COOLING
  YESTERDAY        0                         0      0        0
  MONTH TO DATE    6                         9     -3       17
  SINCE SEP 1      6                         9     -3       17
  SINCE JAN 1    327                       168    159      285
..................................................................


WIND (MPH)
  HIGHEST WIND SPEED    20   HIGHEST WIND DIRECTION     W (280)
  HIGHEST GUST SPEED    23   HIGHEST GUST DIRECTION     W (280)
  AVERAGE WIND SPEED     5.7


SKY COVER
  POSSIBLE SUNSHINE  MM
  AVERAGE SKY COVER 0.2


WEATHER CONDITIONS
 THE FOLLOWING WEATHER WAS RECORDED YESTERDAY.
  FOG


RELATIVE HUMIDITY (PERCENT)
 HIGHEST    93           600 AM
 LOWEST     31           100 PM

..........................................................


THE KLAMATH FALLS OR CLIMATE NORMALS FOR TODAY
                         NORMAL    RECORD    YEAR
 MAXIMUM TEMPERATURE (F)   71        89      2010
 MINIMUM TEMPERATURE (F)   35        20      1950


SUNRISE AND SUNSET
SEPTEMBER 30 2014.....SUNRISE   703 AM PDT   SUNSET   650 PM PDT
OCTOBER  1 2014.......SUNRISE   704 AM PDT   SUNSET   648 PM PDT


-  INDICATES NEGATIVE NUMBERS.
R  INDICATES RECORD WAS SET OR TIED.
MM INDICATES DATA IS MISSING.
T  INDICATES TRACE AMOUNT.




$$
