000
CDUS46 KMFR 300837
CLILMT


CLIMATE REPORT
NATIONAL WEATHER SERVICE MEDFORD, OR
136 AM PDT THU JUL 30 2015


...................................

...THE KLAMATH FALLS OR CLIMATE SUMMARY FOR JULY 29 2015...

CLIMATE NORMAL PERIOD 1981 TO 2010
CLIMATE RECORD PERIOD 1928 TO 2015


WEATHER ITEM   OBSERVED TIME   RECORD YEAR NORMAL DEPARTURE LAST
                VALUE   (LST)  VALUE       VALUE  FROM      YEAR
                                                  NORMAL
..................................................................
TEMPERATURE (F)
 YESTERDAY
  MAXIMUM         91    453 PM  96    2009  86      5       93
                                      2003
  MINIMUM         50    506 AM  37    1950  49      1       52
  AVERAGE         71                        67      4       73

PRECIPITATION (IN)
  YESTERDAY        0.00          0.64 1997   0.00   0.00      T
  MONTH TO DATE    0.52                      0.46   0.06     0.09
  SINCE OCT 1     12.40                     13.98  -1.58     7.22
  SINCE JAN 1      5.94                      9.29  -3.35     6.59

SNOWFALL (IN)
  YESTERDAY       MM                        MM     MM       MM
  MONTH TO DATE   MM                        MM     MM       MM
  SINCE JUL 1     MM                        MM     MM       MM
  SNOW DEPTH      MM

DEGREE DAYS
 HEATING
  YESTERDAY        0                         1     -1        0
  MONTH TO DATE   18                        45    -27       10
  SINCE JUN 1     70                       262   -192      185
  SINCE JUL 1     18                        45    -27       10

 COOLING
  YESTERDAY        6                         3      3        8
  MONTH TO DATE  109                        72     37      206
  SINCE JUN 1    200                        83    117      213
  SINCE JAN 1    203                        84    119      213
..................................................................


WIND (MPH)
  HIGHEST WIND SPEED    14   HIGHEST WIND DIRECTION     N (340)
  HIGHEST GUST SPEED    15   HIGHEST GUST DIRECTION     N (340)
  AVERAGE WIND SPEED     5.1


SKY COVER
  POSSIBLE SUNSHINE  MM
  AVERAGE SKY COVER 0.0


WEATHER CONDITIONS
 THE FOLLOWING WEATHER WAS RECORDED YESTERDAY.
  HAZE


RELATIVE HUMIDITY (PERCENT)
 HIGHEST    63           500 AM
 LOWEST      7           500 PM

..........................................................


THE KLAMATH FALLS OR CLIMATE NORMALS FOR TODAY
                         NORMAL    RECORD    YEAR
 MAXIMUM TEMPERATURE (F)   86        98      2003
                                             1988
 MINIMUM TEMPERATURE (F)   49        35      1975


SUNRISE AND SUNSET
JULY 30 2015..........SUNRISE   558 AM PDT   SUNSET   828 PM PDT
JULY 31 2015..........SUNRISE   559 AM PDT   SUNSET   827 PM PDT


-  INDICATES NEGATIVE NUMBERS.
R  INDICATES RECORD WAS SET OR TIED.
MM INDICATES DATA IS MISSING.
T  INDICATES TRACE AMOUNT.




$$
