000
CDUS46 KMFR 270912
CLILMT


CLIMATE REPORT
NATIONAL WEATHER SERVICE MEDFORD, OR
212 AM PDT WED MAY 27 2015


...................................

...THE KLAMATH FALLS OR CLIMATE SUMMARY FOR MAY 26 2015...

CLIMATE NORMAL PERIOD 1981 TO 2010
CLIMATE RECORD PERIOD 1928 TO 2015


WEATHER ITEM   OBSERVED TIME   RECORD YEAR NORMAL DEPARTURE LAST
                VALUE   (LST)  VALUE       VALUE  FROM      YEAR
                                                  NORMAL
..................................................................
TEMPERATURE (F)
 YESTERDAY
  MAXIMUM         74    336 PM  88    1983  68      6       74
  MINIMUM         36    432 AM  29    1989  38     -2       38
  AVERAGE         55                        53      2       56

PRECIPITATION (IN)
  YESTERDAY        0.00          0.52 1971   0.02  -0.02     0.00
  MONTH TO DATE    1.45                      1.30   0.15     1.25
  SINCE OCT 1     11.51                     12.40  -0.89     6.67
  SINCE JAN 1      5.05                      7.71  -2.66     6.04

SNOWFALL (IN)
  YESTERDAY       MM                        MM     MM       MM
  MONTH TO DATE   MM                        MM     MM       MM
  SINCE JUL 1     MM                        MM     MM        0.0
  SNOW DEPTH      MM

DEGREE DAYS
 HEATING
  YESTERDAY       10                        12     -2        9
  MONTH TO DATE  368                       381    -13      299
  SINCE MAR 1   1658                      1859   -201     1603
  SINCE JUL 1   5232                      6700  -1468     6386

 COOLING
  YESTERDAY        0                         0      0        0
  MONTH TO DATE    0                         0      0        0
  SINCE MAR 1      0                         0      0        0
  SINCE JAN 1      0                         0      0        0
..................................................................


WIND (MPH)
  HIGHEST WIND SPEED    20   HIGHEST WIND DIRECTION    NW (330)
  HIGHEST GUST SPEED    24   HIGHEST GUST DIRECTION     W (260)
  AVERAGE WIND SPEED     5.6


SKY COVER
  POSSIBLE SUNSHINE  MM
  AVERAGE SKY COVER 0.0


WEATHER CONDITIONS
 THE FOLLOWING WEATHER WAS RECORDED YESTERDAY.
  NO SIGNIFICANT WEATHER WAS OBSERVED.


RELATIVE HUMIDITY (PERCENT)
 HIGHEST    92           500 AM
 LOWEST     22           300 PM

..........................................................


THE KLAMATH FALLS OR CLIMATE NORMALS FOR TODAY
                         NORMAL    RECORD    YEAR
 MAXIMUM TEMPERATURE (F)   68        90      1983
 MINIMUM TEMPERATURE (F)   39        28      1982


SUNRISE AND SUNSET
MAY 27 2015...........SUNRISE   536 AM PDT   SUNSET   832 PM PDT
MAY 28 2015...........SUNRISE   536 AM PDT   SUNSET   833 PM PDT


-  INDICATES NEGATIVE NUMBERS.
R  INDICATES RECORD WAS SET OR TIED.
MM INDICATES DATA IS MISSING.
T  INDICATES TRACE AMOUNT.




$$
