000
CDUS46 KMFR 290036
CLILMT


CLIMATE REPORT
NATIONAL WEATHER SERVICE MEDFORD, OR
536 PM PDT SAT MAY 28 2016


...................................

...THE KLAMATH FALLS OR CLIMATE SUMMARY FOR MAY 28 2016...
VALID TODAY AS OF 0500 PM LOCAL TIME.

CLIMATE NORMAL PERIOD 1981 TO 2010
CLIMATE RECORD PERIOD 1928 TO 2016


WEATHER ITEM   OBSERVED TIME   RECORD YEAR NORMAL DEPARTURE LAST
                VALUE   (LST)  VALUE       VALUE  FROM      YEAR
                                                  NORMAL
..................................................................
TEMPERATURE (F)
 TODAY
  MAXIMUM         72    359 PM  91    1983  68      4       79
  MINIMUM         30    455 AM  25    1977  39     -9       40
  AVERAGE         51                        54     -3       60

PRECIPITATION (IN)
  TODAY            0.00          1.01 1932   0.02  -0.02     0.00
  MONTH TO DATE    0.81                      1.34  -0.53     1.45
  SINCE OCT 1     10.40                     12.44  -2.04    11.51
  SINCE JAN 1      5.87                      7.75  -1.88     5.05

SNOWFALL (IN)
  TODAY           MM                        MM     MM       MM
  MONTH TO DATE   MM                        MM     MM       MM
  SINCE JUL 1     MM                        MM     MM       MM
  SNOW DEPTH      MM

DEGREE DAYS
 HEATING
  TODAY           14                        12      2        5
  MONTH TO DATE  350                       405    -55      382
  SINCE MAR 1   1575                      1883   -308     1672
  SINCE JUL 1   6065                      6724   -659     5246

 COOLING
  TODAY            0                         0      0        0
  MONTH TO DATE    0                         0      0        0
  SINCE MAR 1      0                         0      0        0
  SINCE JAN 1      0                         0      0        0
..................................................................


WIND (MPH)
  HIGHEST WIND SPEED    10   HIGHEST WIND DIRECTION     N (340)
  HIGHEST GUST SPEED    14   HIGHEST GUST DIRECTION     N (340)
  AVERAGE WIND SPEED     3.0


SKY COVER
  POSSIBLE SUNSHINE  MM
  AVERAGE SKY COVER 0.0


WEATHER CONDITIONS
 THE FOLLOWING WEATHER WAS RECORDED TODAY.
  NO SIGNIFICANT WEATHER WAS OBSERVED.


RELATIVE HUMIDITY (PERCENT)
 HIGHEST    92           400 AM
 LOWEST     19           400 PM

..........................................................


THE KLAMATH FALLS OR CLIMATE NORMALS FOR TOMORROW
                         NORMAL    RECORD    YEAR
 MAXIMUM TEMPERATURE (F)   69        93      1986
 MINIMUM TEMPERATURE (F)   39        27      2014


SUNRISE AND SUNSET
MAY 28 2016...........SUNRISE   535 AM PDT   SUNSET   834 PM PDT
MAY 29 2016...........SUNRISE   535 AM PDT   SUNSET   835 PM PDT


-  INDICATES NEGATIVE NUMBERS.
R  INDICATES RECORD WAS SET OR TIED.
MM INDICATES DATA IS MISSING.
T  INDICATES TRACE AMOUNT.




$$
