000
CDUS46 KMFR 010038
CLILMT


CLIMATE REPORT
NATIONAL WEATHER SERVICE MEDFORD, OR
438 PM PST SAT FEB 28 2015


...................................

...THE KLAMATH FALLS OR CLIMATE SUMMARY FOR FEBRUARY 28 2015...
VALID TODAY AS OF 0400 PM LOCAL TIME.

CLIMATE NORMAL PERIOD 1981 TO 2010
CLIMATE RECORD PERIOD 1928 TO 2015


WEATHER ITEM   OBSERVED TIME   RECORD YEAR NORMAL DEPARTURE LAST
                VALUE   (LST)  VALUE       VALUE  FROM      YEAR
                                                  NORMAL
..................................................................
TEMPERATURE (F)
 TODAY
  MAXIMUM         42    347 PM  64    1986  48     -6       50
  MINIMUM         27    528 AM   0    1993  26      1       32
  AVERAGE         35                        37     -2       41

PRECIPITATION (IN)
  TODAY            T             0.48 1940   0.06  -0.06      T
  MONTH TO DATE    1.77                      1.92  -0.15     2.34
  SINCE OCT 1      8.63                      8.46   0.17     3.28
  SINCE JAN 1      2.17                      3.77  -1.60     2.65

SNOWFALL (IN)
  TODAY           MM                        MM     MM       MM
  MONTH TO DATE   MM                        MM     MM       MM
  SINCE JUL 1     MM                        MM     MM        0.0
  SNOW DEPTH      MM

DEGREE DAYS
 HEATING
  TODAY           30                        28      2       24
  MONTH TO DATE  671                       860   -189      765
  SINCE DEC 1   2183                      3039   -856     3047
  SINCE JUL 1   3573                      4841  -1268     4783

 COOLING
  TODAY            0                         0      0        0
  MONTH TO DATE    0                         0      0        0
  SINCE DEC 1      0                         0      0        0
  SINCE JAN 1      0                         0      0        0
..................................................................


WIND (MPH)
  HIGHEST WIND SPEED    24   HIGHEST WIND DIRECTION     N (20)
  HIGHEST GUST SPEED    32   HIGHEST GUST DIRECTION     N (20)
  AVERAGE WIND SPEED     9.7


SKY COVER
  POSSIBLE SUNSHINE  MM
  AVERAGE SKY COVER 0.7


WEATHER CONDITIONS
 THE FOLLOWING WEATHER WAS RECORDED TODAY.
  LIGHT SNOW
  FOG
  FOG W/VISIBILITY <= 1/4 MILE


RELATIVE HUMIDITY (PERCENT)
 HIGHEST    92
 LOWEST     46           300 PM

..........................................................


THE KLAMATH FALLS OR CLIMATE NORMALS FOR TOMORROW
                         NORMAL    RECORD    YEAR
 MAXIMUM TEMPERATURE (F)   48        67      1994
 MINIMUM TEMPERATURE (F)   26         5      1971


SUNRISE AND SUNSET
FEBRUARY 28 2015......SUNRISE   644 AM PST   SUNSET   556 PM PST
MARCH  1 2015.........SUNRISE   642 AM PST   SUNSET   557 PM PST


-  INDICATES NEGATIVE NUMBERS.
R  INDICATES RECORD WAS SET OR TIED.
MM INDICATES DATA IS MISSING.
T  INDICATES TRACE AMOUNT.




$$
