000
CDUS46 KMFR 290837
CLILMT


CLIMATE REPORT
NATIONAL WEATHER SERVICE MEDFORD, OR
136 AM PDT SUN MAR 29 2015


...................................

...THE KLAMATH FALLS OR CLIMATE SUMMARY FOR MARCH 28 2015...

CLIMATE NORMAL PERIOD 1981 TO 2010
CLIMATE RECORD PERIOD 1928 TO 2015


WEATHER ITEM   OBSERVED TIME   RECORD YEAR NORMAL DEPARTURE LAST
                VALUE   (LST)  VALUE       VALUE  FROM      YEAR
                                                  NORMAL
..................................................................
TEMPERATURE (F)
 YESTERDAY
  MAXIMUM         58    411 PM  72    1966  52      6       55
  MINIMUM         26    548 AM  16    1988  27     -1       37
  AVERAGE         42                        40      2       46

PRECIPITATION (IN)
  YESTERDAY        0.00          0.54 1960   0.05  -0.05     0.21
  MONTH TO DATE    1.34                      1.13   0.21     1.84
  SINCE OCT 1      9.97                      9.59   0.38     5.12
  SINCE JAN 1      3.51                      4.90  -1.39     4.49

SNOWFALL (IN)
  YESTERDAY       MM                        MM     MM       MM
  MONTH TO DATE   MM                        MM     MM       MM
  SINCE JUL 1     MM                        MM     MM        0.0
  SNOW DEPTH      MM

DEGREE DAYS
 HEATING
  YESTERDAY       23                        25     -2       19
  MONTH TO DATE  588                       747   -159      634
  SINCE MAR 1    588                       747   -159      634
  SINCE JUL 1   4162                      5588  -1426     5417

 COOLING
  YESTERDAY        0                         0      0        0
  MONTH TO DATE    0                         0      0        0
  SINCE MAR 1      0                         0      0        0
  SINCE JAN 1      0                         0      0        0
..................................................................


WIND (MPH)
  HIGHEST WIND SPEED    28   HIGHEST WIND DIRECTION     W (280)
  HIGHEST GUST SPEED    33   HIGHEST GUST DIRECTION     W (290)
  AVERAGE WIND SPEED     4.0


SKY COVER
  POSSIBLE SUNSHINE  MM
  AVERAGE SKY COVER 0.1


WEATHER CONDITIONS
 THE FOLLOWING WEATHER WAS RECORDED YESTERDAY.
  NO SIGNIFICANT WEATHER WAS OBSERVED.


RELATIVE HUMIDITY (PERCENT)
 HIGHEST    85           500 AM
 LOWEST     23           400 PM

..........................................................


THE KLAMATH FALLS OR CLIMATE NORMALS FOR TODAY
                         NORMAL    RECORD    YEAR
 MAXIMUM TEMPERATURE (F)   53        74      1966
 MINIMUM TEMPERATURE (F)   27        14      2008


SUNRISE AND SUNSET
MARCH 29 2015.........SUNRISE   655 AM PDT   SUNSET   729 PM PDT
MARCH 30 2015.........SUNRISE   653 AM PDT   SUNSET   730 PM PDT


-  INDICATES NEGATIVE NUMBERS.
R  INDICATES RECORD WAS SET OR TIED.
MM INDICATES DATA IS MISSING.
T  INDICATES TRACE AMOUNT.




$$
