372
CDUS46 KMFR 241821
CLILMT


CLIMATE REPORT
NATIONAL WEATHER SERVICE MEDFORD, OR
1021 AM PST FRI FEB 24 2017


...................................

...THE KLAMATH FALLS OR CLIMATE SUMMARY FOR FEBRUARY 23 2017...

CLIMATE NORMAL PERIOD 1981 TO 2010
CLIMATE RECORD PERIOD 1928 TO 2017


WEATHER ITEM   OBSERVED TIME   RECORD YEAR NORMAL DEPARTURE LAST
                VALUE   (LST)  VALUE       VALUE  FROM      YEAR
                                                  NORMAL
..................................................................
TEMPERATURE (F)
 YESTERDAY
  MAXIMUM         33    212 PM  70    1995  47    -14       52
  MINIMUM         20   1137 PM   8    1974  25     -5       21
  AVERAGE         27                        36     -9       37

PRECIPITATION (IN)
  YESTERDAY        T             0.40 1968   0.06  -0.06     0.00
  MONTH TO DATE    1.84                      1.58   0.26     0.14
  SINCE OCT 1      7.94                      8.12  -0.18     6.93
  SINCE JAN 1      3.19                      3.43  -0.24     2.40

SNOWFALL (IN)
  YESTERDAY       MM                        MM     MM       MM
  MONTH TO DATE   MM                        MM     MM       MM
  SINCE JUL 1     MM                        MM     MM       MM
  SNOW DEPTH      MM

DEGREE DAYS
 HEATING
  YESTERDAY       38                        29      9       28
  MONTH TO DATE  615                       717   -102      598
  SINCE DEC 1   2995                      2895    100     2761
  SINCE JUL 1   4655                      4697    -42     4349

 COOLING
  YESTERDAY        0                         0      0        0
  MONTH TO DATE    0                         0      0        0
  SINCE DEC 1      0                         0      0        0
  SINCE JAN 1      0                         0      0        0
..................................................................


WIND (MPH)
  HIGHEST WIND SPEED    17   HIGHEST WIND DIRECTION     W (250)
  HIGHEST GUST SPEED    20   HIGHEST GUST DIRECTION     W (260)
  AVERAGE WIND SPEED     6.5


SKY COVER
  POSSIBLE SUNSHINE  MM
  AVERAGE SKY COVER 0.6


WEATHER CONDITIONS
 THE FOLLOWING WEATHER WAS RECORDED YESTERDAY.
  FOG


RELATIVE HUMIDITY (PERCENT)
 HIGHEST    88           800 PM
 LOWEST     58           200 PM

..........................................................


THE KLAMATH FALLS OR CLIMATE NORMALS FOR TODAY
                         NORMAL    RECORD    YEAR
 MAXIMUM TEMPERATURE (F)   47        67      1995
 MINIMUM TEMPERATURE (F)   25         4      1993


SUNRISE AND SUNSET
FEBRUARY 24 2017......SUNRISE   649 AM PST   SUNSET   551 PM PST
FEBRUARY 25 2017......SUNRISE   648 AM PST   SUNSET   553 PM PST


-  INDICATES NEGATIVE NUMBERS.
R  INDICATES RECORD WAS SET OR TIED.
MM INDICATES DATA IS MISSING.
T  INDICATES TRACE AMOUNT.




$$
