000
CDUS45 KRIW 070045
CLILND


CLIMATE REPORT
NATIONAL WEATHER SERVICE RIVERTON WY
645 PM MDT FRI MAY 6 2016


...................................

...THE LANDER WY CLIMATE SUMMARY FOR MAY 6 2016...
VALID TODAY AS OF 0500 PM LOCAL TIME.

CLIMATE NORMAL PERIOD 1981 TO 2010
CLIMATE RECORD PERIOD 1891 TO 2016


WEATHER ITEM   OBSERVED TIME   RECORD YEAR NORMAL DEPARTURE LAST
                VALUE   (LST)  VALUE       VALUE  FROM      YEAR
                                                  NORMAL
..................................................................
TEMPERATURE (F)
 TODAY
  MAXIMUM         62        MM  85    1992  63     -1       54
  MINIMUM         49    400 AM  19    1917  37     12       41
                                      1909
  AVERAGE         56                        50      6       48

PRECIPITATION (IN)
  TODAY            0.05          0.88 1978   0.07  -0.02     0.57
  MONTH TO DATE    0.05                      0.45  -0.40     0.57
  SINCE MAR 1      9.25                      3.48   5.77     3.43
  SINCE JAN 1     10.17                      4.47   5.70     4.99

SNOWFALL (IN)
  TODAY           MM                         0.3   MM        0.0
  MONTH TO DATE    0.0                       2.0   -2.0      0.0
  SINCE MAR 1     37.6                      34.9    2.7     19.2
  SINCE JUL 1     74.6                      88.5  -13.9     73.1
  SNOW DEPTH       0

DEGREE DAYS
 HEATING
  TODAY            9                        15     -6       17
  MONTH TO DATE   68                        94    -26       57
  SINCE MAR 1   1494                      1644   -150     1415
  SINCE JUL 1   6645                      7348   -703     6539

 COOLING
  TODAY            0                         0      0        0
  MONTH TO DATE    0                         0      0        0
  SINCE MAR 1      0                         0      0        0
  SINCE JAN 1      0                         0      0        0
..................................................................


WIND (MPH)
  HIGHEST WIND SPEED    14   HIGHEST WIND DIRECTION     W (270)
  HIGHEST GUST SPEED    20   HIGHEST GUST DIRECTION     N (10)
  AVERAGE WIND SPEED     7.9


SKY COVER
  POSSIBLE SUNSHINE  MM
  AVERAGE SKY COVER 0.6


WEATHER CONDITIONS
 THE FOLLOWING WEATHER WAS RECORDED TODAY.
  LIGHT RAIN
  HAZE


RELATIVE HUMIDITY (PERCENT)
 HIGHEST    77           200 PM
 LOWEST     35          1200 AM
 AVERAGE    56

..........................................................


THE LANDER WY CLIMATE NORMALS FOR TOMORROW
                         NORMAL    RECORD    YEAR
 MAXIMUM TEMPERATURE (F)   64        85      1934
 MINIMUM TEMPERATURE (F)   38        19      2010


SUNRISE AND SUNSET
MAY  6 2016...........SUNRISE   602 AM MDT   SUNSET   822 PM MDT
MAY  7 2016...........SUNRISE   601 AM MDT   SUNSET   823 PM MDT


-  INDICATES NEGATIVE NUMBERS.
R  INDICATES RECORD WAS SET OR TIED.
MM INDICATES DATA IS MISSING.
T  INDICATES TRACE AMOUNT.




$$
