000
CDUS45 KRIW 310911
CLILND


CLIMATE REPORT
NATIONAL WEATHER SERVICE RIVERTON WY
310 AM MDT FRI JUL 31 2015


...................................

...THE LANDER WY CLIMATE SUMMARY FOR JULY 30 2015...

CLIMATE NORMAL PERIOD 1981 TO 2010
CLIMATE RECORD PERIOD 1891 TO 2015


WEATHER ITEM   OBSERVED TIME   RECORD YEAR NORMAL DEPARTURE LAST
                VALUE   (LST)  VALUE       VALUE  FROM      YEAR
                                                  NORMAL
..................................................................
TEMPERATURE (F)
 YESTERDAY
  MAXIMUM         88    504 PM  99    1988  88      0       73
  MINIMUM         51    614 AM  40    1904  57     -6       57
  AVERAGE         70                        72     -2       65

PRECIPITATION (IN)
  YESTERDAY        0.00          0.66 1919   0.03  -0.03     0.01
  MONTH TO DATE    0.50                      0.75  -0.25     0.62
  SINCE JUN 1      1.30                      2.02  -0.72     1.22
  SINCE JAN 1     11.82                      8.24   3.58     5.41

SNOWFALL (IN)
  YESTERDAY        0.0                       0.0    0.0      0.0
  MONTH TO DATE    0.0                       0.0    0.0      0.0
  SINCE JUN 1      0.0                       0.1   -0.1      0.0
  SINCE JUL 1      0.0                       0.0    0.0      0.0
  SNOW DEPTH       0

DEGREE DAYS
 HEATING
  YESTERDAY        0                         0      0        0
  MONTH TO DATE   18                        11      7        3
  SINCE JUN 1     49                       137    -88      139
  SINCE JUL 1     18                        11      7        3

 COOLING
  YESTERDAY        5                         8     -3        0
  MONTH TO DATE  127                       204    -77      239
  SINCE JUN 1    237                       268    -31      262
  SINCE JAN 1    237                       273    -36      280
..................................................................


WIND (MPH)
  HIGHEST WIND SPEED    17   HIGHEST WIND DIRECTION    SW (240)
  HIGHEST GUST SPEED    20   HIGHEST GUST DIRECTION    SW (240)
  AVERAGE WIND SPEED     6.3


SKY COVER
  POSSIBLE SUNSHINE  MM
  AVERAGE SKY COVER 0.0


WEATHER CONDITIONS
 THE FOLLOWING WEATHER WAS RECORDED YESTERDAY.
  NO SIGNIFICANT WEATHER WAS OBSERVED.


RELATIVE HUMIDITY (PERCENT)
 HIGHEST    39           600 AM
 LOWEST     11           400 PM
 AVERAGE    25

..........................................................


THE LANDER WY CLIMATE NORMALS FOR TODAY
                         NORMAL    RECORD    YEAR
 MAXIMUM TEMPERATURE (F)   88        99      1901
 MINIMUM TEMPERATURE (F)   57        40      1913


SUNRISE AND SUNSET
JULY 31 2015..........SUNRISE   605 AM MDT   SUNSET   837 PM MDT
AUGUST  1 2015........SUNRISE   606 AM MDT   SUNSET   836 PM MDT


-  INDICATES NEGATIVE NUMBERS.
R  INDICATES RECORD WAS SET OR TIED.
MM INDICATES DATA IS MISSING.
T  INDICATES TRACE AMOUNT.




$$
