000
CDUS45 KRIW 290733
CLILND


CLIMATE REPORT
NATIONAL WEATHER SERVICE RIVERTON WY
133 AM MDT FRI AUG 29 2014


...................................

...THE LANDER WY CLIMATE SUMMARY FOR AUGUST 28 2014...

CLIMATE NORMAL PERIOD 1981 TO 2010
CLIMATE RECORD PERIOD 1891 TO 2014


WEATHER ITEM   OBSERVED TIME   RECORD YEAR NORMAL DEPARTURE LAST
                VALUE   (LST)  VALUE       VALUE  FROM      YEAR
                                                  NORMAL
..................................................................
TEMPERATURE (F)
 YESTERDAY
  MAXIMUM         81    136 PM  94    2012  82     -1       92
  MINIMUM         48    556 AM  36    1911  52     -4       57
  AVERAGE         65                        67     -2       75

PRECIPITATION (IN)
  YESTERDAY        0.00          0.51 1892   0.02  -0.02     0.00
  MONTH TO DATE    1.44                      0.56   0.88     0.01
  SINCE JUN 1      2.66                      2.61   0.05     0.34
  SINCE JAN 1      6.85                      8.83  -1.98     7.86

SNOWFALL (IN)
  YESTERDAY        0.0                       0.0    0.0      0.0
  MONTH TO DATE    0.0                       0.0    0.0      0.0
  SINCE JUN 1      0.0                       0.1   -0.1      0.0
  SINCE JUL 1      0.0                       0.0    0.0      0.0
  SNOW DEPTH       0

DEGREE DAYS
 HEATING
  YESTERDAY        0                         2     -2        0
  MONTH TO DATE   36                        17     19        0
  SINCE JUN 1    175                       159     16       54
  SINCE JUL 1     39                        33      6        0

 COOLING
  YESTERDAY        0                         3     -3       10
  MONTH TO DATE  115                       157    -42      236
  SINCE JUN 1    380                       429    -49      644
  SINCE JAN 1    398                       434    -36      653
..................................................................


WIND (MPH)
  HIGHEST WIND SPEED    17   HIGHEST WIND DIRECTION    SE (140)
  HIGHEST GUST SPEED    22   HIGHEST GUST DIRECTION    SE (150)
  AVERAGE WIND SPEED     6.2


SKY COVER
  POSSIBLE SUNSHINE  MM
  AVERAGE SKY COVER 0.1


WEATHER CONDITIONS
 THE FOLLOWING WEATHER WAS RECORDED YESTERDAY.
  NO SIGNIFICANT WEATHER WAS OBSERVED.


RELATIVE HUMIDITY (PERCENT)
 HIGHEST    93           600 AM
 LOWEST     23           200 PM
 AVERAGE    58

..........................................................


THE LANDER WY CLIMATE NORMALS FOR TODAY
                         NORMAL    RECORD    YEAR
 MAXIMUM TEMPERATURE (F)   81        96      2012
 MINIMUM TEMPERATURE (F)   51        33      1892


SUNRISE AND SUNSET
AUGUST 29 2014........SUNRISE   636 AM MDT   SUNSET   754 PM MDT
AUGUST 30 2014........SUNRISE   637 AM MDT   SUNSET   753 PM MDT


-  INDICATES NEGATIVE NUMBERS.
R  INDICATES RECORD WAS SET OR TIED.
MM INDICATES DATA IS MISSING.
T  INDICATES TRACE AMOUNT.




$$
