000
CDUS45 KRIW 280740
CLILND


CLIMATE REPORT
NATIONAL WEATHER SERVICE RIVERTON WY
130 AM MDT THU JUL 28 2016


...................................

...THE LANDER WY CLIMATE SUMMARY FOR JULY 27 2016...

CLIMATE NORMAL PERIOD 1981 TO 2010
CLIMATE RECORD PERIOD 1891 TO 2016


WEATHER ITEM   OBSERVED TIME   RECORD YEAR NORMAL DEPARTURE LAST
                VALUE   (LST)  VALUE       VALUE  FROM      YEAR
                                                  NORMAL
..................................................................
TEMPERATURE (F)
 YESTERDAY
  MAXIMUM         91    411 PM 102    1935  88      3       89
  MINIMUM         59    554 AM  42    1894  57      2       52
  AVERAGE         75                        72      3       71

PRECIPITATION (IN)
  YESTERDAY        0.00          0.90 1982   0.03  -0.03     0.00
  MONTH TO DATE    T                         0.65  -0.65     0.50
  SINCE JUN 1      0.57                      1.92  -1.35     1.30
  SINCE JAN 1     15.72                      8.14   7.58    11.82

SNOWFALL (IN)
  YESTERDAY        0.0                       0.0    0.0      0.0
  MONTH TO DATE    0.0                       0.0    0.0      0.0
  SINCE JUN 1      0.0                       0.1   -0.1      0.0
  SINCE JUL 1      0.0                       0.0    0.0      0.0
  SNOW DEPTH       0

DEGREE DAYS
 HEATING
  YESTERDAY        0                         0      0        0
  MONTH TO DATE    4                        11     -7       10
  SINCE JUN 1     26                       137   -111       41
  SINCE JUL 1      4                        11     -7       10

 COOLING
  YESTERDAY       10                         8      2        6
  MONTH TO DATE  204                       180     24      122
  SINCE JUN 1    332                       244     88      232
  SINCE JAN 1    332                       249     83      232
..................................................................


WIND (MPH)
  HIGHEST WIND SPEED    13   HIGHEST WIND DIRECTION     W (250)
  HIGHEST GUST SPEED    15   HIGHEST GUST DIRECTION     N (10)
  AVERAGE WIND SPEED     6.9


SKY COVER
  POSSIBLE SUNSHINE  MM
  AVERAGE SKY COVER 0.0


WEATHER CONDITIONS
 THE FOLLOWING WEATHER WAS RECORDED YESTERDAY.
  NO SIGNIFICANT WEATHER WAS OBSERVED.


RELATIVE HUMIDITY (PERCENT)
 HIGHEST    57           600 AM
 LOWEST     16           400 PM
 AVERAGE    37

..........................................................


THE LANDER WY CLIMATE NORMALS FOR TODAY
                         NORMAL    RECORD    YEAR
 MAXIMUM TEMPERATURE (F)   88        99      2006
 MINIMUM TEMPERATURE (F)   57        39      2015


SUNRISE AND SUNSET
JULY 28 2016..........SUNRISE   603 AM MDT   SUNSET   839 PM MDT
JULY 29 2016..........SUNRISE   604 AM MDT   SUNSET   838 PM MDT


-  INDICATES NEGATIVE NUMBERS.
R  INDICATES RECORD WAS SET OR TIED.
MM INDICATES DATA IS MISSING.
T  INDICATES TRACE AMOUNT.




$$
