000
CDUS45 KRIW 290755
CLILND


CLIMATE REPORT
NATIONAL WEATHER SERVICE RIVERTON WY
136 AM MDT WED MAR 29 2017


...................................

...THE LANDER WY CLIMATE SUMMARY FOR MARCH 28 2017...

CLIMATE NORMAL PERIOD 1981 TO 2010
CLIMATE RECORD PERIOD 1891 TO 2017


WEATHER ITEM   OBSERVED TIME   RECORD YEAR NORMAL DEPARTURE LAST
                VALUE   (LST)  VALUE       VALUE  FROM      YEAR
                                                  NORMAL
..................................................................
TEMPERATURE (F)
 YESTERDAY
  MAXIMUM         46    218 PM  73    2015  51     -5       56
  MINIMUM         33   1159 PM  -3    1944  27      6       31
  AVERAGE         40                        39      1       44

PRECIPITATION (IN)
  YESTERDAY        0.30          1.02 2007   0.04   0.26     0.33
  MONTH TO DATE    1.50                      1.01   0.49     1.95
  SINCE MAR 1      1.50                      1.01   0.49     1.95
  SINCE JAN 1      3.88                      2.00   1.88     2.87

SNOWFALL (IN)
  YESTERDAY        0.0                       0.6   -0.6       T
  MONTH TO DATE    T                        14.3  -14.3     10.1
  SINCE MAR 1      T                        14.3  -14.3     10.1
  SINCE JUL 1     61.0                      67.9   -6.9     47.1
  SNOW DEPTH       0

DEGREE DAYS
 HEATING
  YESTERDAY       25                        26     -1       21
  MONTH TO DATE  642                       839   -197      726
  SINCE MAR 1    642                       839   -197      726
  SINCE JUL 1   6345                      6543   -198     5877

 COOLING
  YESTERDAY        0                         0      0        0
  MONTH TO DATE    0                         0      0        0
  SINCE MAR 1      0                         0      0        0
  SINCE JAN 1      0                         0      0        0
..................................................................


WIND (MPH)
  HIGHEST WIND SPEED    16   HIGHEST WIND DIRECTION    NW (310)
  HIGHEST GUST SPEED    20   HIGHEST GUST DIRECTION    NW (320)
  AVERAGE WIND SPEED     7.9


SKY COVER
  POSSIBLE SUNSHINE  MM
  AVERAGE SKY COVER 0.7


WEATHER CONDITIONS
 THE FOLLOWING WEATHER WAS RECORDED YESTERDAY.
  LIGHT RAIN


RELATIVE HUMIDITY (PERCENT)
 HIGHEST   100           200 AM
 LOWEST     62           600 PM
 AVERAGE    81

..........................................................


THE LANDER WY CLIMATE NORMALS FOR TODAY
                         NORMAL    RECORD    YEAR
 MAXIMUM TEMPERATURE (F)   52        72      1943
 MINIMUM TEMPERATURE (F)   27        -4      1987


SUNRISE AND SUNSET
MARCH 29 2017.........SUNRISE   702 AM MDT   SUNSET   738 PM MDT
MARCH 30 2017.........SUNRISE   700 AM MDT   SUNSET   739 PM MDT


-  INDICATES NEGATIVE NUMBERS.
R  INDICATES RECORD WAS SET OR TIED.
MM INDICATES DATA IS MISSING.
T  INDICATES TRACE AMOUNT.




$$
