000
CDUS45 KRIW 270735
CLILND


CLIMATE REPORT
NATIONAL WEATHER SERVICE RIVERTON WY
134 AM MDT THU JUL 27 2017


...................................

...THE LANDER WY CLIMATE SUMMARY FOR JULY 26 2017...

CLIMATE NORMAL PERIOD 1981 TO 2010
CLIMATE RECORD PERIOD 1891 TO 2017


WEATHER ITEM   OBSERVED TIME   RECORD YEAR NORMAL DEPARTURE LAST
                VALUE   (LST)  VALUE       VALUE  FROM      YEAR
                                                  NORMAL
..................................................................
TEMPERATURE (F)
 YESTERDAY
  MAXIMUM         82    216 PM  97    2010  88     -6       93
                                      1931
  MINIMUM         55    605 AM  41    1999  57     -2       62
  AVERAGE         69                        72     -3       78

PRECIPITATION (IN)
  YESTERDAY        0.00          0.71 1958   0.03  -0.03     0.00
  MONTH TO DATE    0.28                      0.62  -0.34      T
  SINCE JUN 1      0.54                      1.89  -1.35     0.57
  SINCE JAN 1     13.03                      8.11   4.92    15.72

SNOWFALL (IN)
  YESTERDAY        0.0                       0.0    0.0      0.0
  MONTH TO DATE    0.0                       0.0    0.0      0.0
  SINCE JUN 1      0.0                       0.1   -0.1      0.0
  SINCE JUL 1      0.0                       0.0    0.0      0.0
  SNOW DEPTH       0

DEGREE DAYS
 HEATING
  YESTERDAY        0                         0      0        0
  MONTH TO DATE    0                        11    -11        4
  SINCE JUN 1     75                       137    -62       26
  SINCE JUL 1      0                        11    -11        4

 COOLING
  YESTERDAY        4                         8     -4       13
  MONTH TO DATE  217                       172     45      194
  SINCE JUN 1    260                       236     24      322
  SINCE JAN 1    260                       241     19      322
..................................................................


WIND (MPH)
  HIGHEST WIND SPEED    20   HIGHEST WIND DIRECTION    NW (320)
  HIGHEST GUST SPEED    23   HIGHEST GUST DIRECTION    NW (310)
  AVERAGE WIND SPEED     5.1


SKY COVER
  POSSIBLE SUNSHINE  MM
  AVERAGE SKY COVER 0.2


WEATHER CONDITIONS
 THE FOLLOWING WEATHER WAS RECORDED YESTERDAY.
  THUNDERSTORM
  HAZE


RELATIVE HUMIDITY (PERCENT)
 HIGHEST    77           600 AM
 LOWEST     33           100 PM
 AVERAGE    55

..........................................................


THE LANDER WY CLIMATE NORMALS FOR TODAY
                         NORMAL    RECORD    YEAR
 MAXIMUM TEMPERATURE (F)   88       102      1935
 MINIMUM TEMPERATURE (F)   57        42      1894


SUNRISE AND SUNSET
JULY 27 2017..........SUNRISE   602 AM MDT   SUNSET   841 PM MDT
JULY 28 2017..........SUNRISE   603 AM MDT   SUNSET   840 PM MDT


-  INDICATES NEGATIVE NUMBERS.
R  INDICATES RECORD WAS SET OR TIED.
MM INDICATES DATA IS MISSING.
T  INDICATES TRACE AMOUNT.




$$
