000
CDUS45 KRIW 260738
CLILND


CLIMATE REPORT
NATIONAL WEATHER SERVICE RIVERTON WY
138 AM MDT THU MAY 26 2016


...................................

...THE LANDER WY CLIMATE SUMMARY FOR MAY 25 2016...

CLIMATE NORMAL PERIOD 1981 TO 2010
CLIMATE RECORD PERIOD 1891 TO 2016


WEATHER ITEM   OBSERVED TIME   RECORD YEAR NORMAL DEPARTURE LAST
                VALUE   (LST)  VALUE       VALUE  FROM      YEAR
                                                  NORMAL
..................................................................
TEMPERATURE (F)
 YESTERDAY
  MAXIMUM         65    506 PM  86    2006  69     -4       62
                                      1969
  MINIMUM         39    522 AM  27    1893  43     -4       44
  AVERAGE         52                        56     -4       53

PRECIPITATION (IN)
  YESTERDAY        0.00          0.75 1996   0.07  -0.07     0.20
  MONTH TO DATE    5.02                      1.82   3.20     5.84
  SINCE MAR 1     14.22                      4.85   9.37     8.70
  SINCE JAN 1     15.14                      5.84   9.30    10.26

SNOWFALL (IN)
  YESTERDAY        0.0                       0.1   -0.1      0.0
  MONTH TO DATE    T                         4.7   -4.7      0.8
  SINCE MAR 1     38.2                      37.6    0.6     20.0
  SINCE JUL 1     75.2                      91.2  -16.0     73.9
  SNOW DEPTH       0

DEGREE DAYS
 HEATING
  YESTERDAY       13                         9      4       12
  MONTH TO DATE  363                       318     45      411
  SINCE MAR 1   1789                      1868    -79     1769
  SINCE JUL 1   6940                      7572   -632     6893

 COOLING
  YESTERDAY        0                         0      0        0
  MONTH TO DATE    0                         0      0        0
  SINCE MAR 1      0                         0      0        0
  SINCE JAN 1      0                         0      0        0
..................................................................


WIND (MPH)
  HIGHEST WIND SPEED    24   HIGHEST WIND DIRECTION     W (260)
  HIGHEST GUST SPEED    30   HIGHEST GUST DIRECTION     W (280)
  AVERAGE WIND SPEED     6.4


SKY COVER
  POSSIBLE SUNSHINE  MM
  AVERAGE SKY COVER 0.3


WEATHER CONDITIONS
 THE FOLLOWING WEATHER WAS RECORDED YESTERDAY.
  THUNDERSTORM


RELATIVE HUMIDITY (PERCENT)
 HIGHEST    86           300 AM
 LOWEST     26           300 PM
 AVERAGE    56

..........................................................


THE LANDER WY CLIMATE NORMALS FOR TODAY
                         NORMAL    RECORD    YEAR
 MAXIMUM TEMPERATURE (F)   70        86      2006
                                             2003
 MINIMUM TEMPERATURE (F)   43        26      1975
                                             1893


SUNRISE AND SUNSET
MAY 26 2016...........SUNRISE   542 AM MDT   SUNSET   842 PM MDT
MAY 27 2016...........SUNRISE   542 AM MDT   SUNSET   843 PM MDT


-  INDICATES NEGATIVE NUMBERS.
R  INDICATES RECORD WAS SET OR TIED.
MM INDICATES DATA IS MISSING.
T  INDICATES TRACE AMOUNT.




$$
