000
CDUS43 KOAX 300629
CLILNK


CLIMATE REPORT
NATIONAL WEATHER SERVICE OMAHA NEBRASKA
127 AM CDT THU MAR 30 2017


...................................

...THE LINCOLN, NEBRASKA CLIMATE SUMMARY FOR MARCH 29 2017...

CLIMATE NORMAL PERIOD 1981 TO 2010
CLIMATE RECORD PERIOD 1887 TO 2017


WEATHER ITEM   OBSERVED TIME   RECORD YEAR NORMAL DEPARTURE LAST
                VALUE   (LST)  VALUE       VALUE  FROM      YEAR
                                                  NORMAL
..................................................................
TEMPERATURE (F)
 YESTERDAY
  MAXIMUM         46   1019 AM  89    1986  58    -12       67
  MINIMUM         42   1159 PM  12    1969  32     10       47
  AVERAGE         44                        45     -1       57

PRECIPITATION (IN)
  YESTERDAY        1.01          1.34 1976   0.08   0.93     0.00
  MONTH TO DATE    1.57                      1.76  -0.19     0.91
  SINCE MAR 1      1.57                      1.76  -0.19     0.91
  SINCE JAN 1      3.22                      3.17   0.05     2.50

SNOWFALL (IN)
  YESTERDAY        0.0                       0.1   -0.1      0.0
  MONTH TO DATE    0.6                       4.5   -3.9       T
  SINCE JUL 1      7.5                      24.2  -16.7     20.5
  SNOW DEPTH       0

DEGREE DAYS
 HEATING
  YESTERDAY       21                        20      1        8
  MONTH TO DATE  615                       733   -118      522
  SINCE MAR 1    615                       733   -118      522
  SINCE JUL 1   4498                      5436   -938     4439

 COOLING
  YESTERDAY        0                         0      0        0
  MONTH TO DATE    1                         0      1        1
  SINCE MAR 1      1                         0      1        1
  SINCE JAN 1      1                         0      1        1
..................................................................


WIND (MPH)
  HIGHEST WIND SPEED    29   HIGHEST WIND DIRECTION    NE (050)
  HIGHEST GUST SPEED    35   HIGHEST GUST DIRECTION    NE (040)
  AVERAGE WIND SPEED    18.1


SKY COVER
  POSSIBLE SUNSHINE  MM
  AVERAGE SKY COVER 1.0


WEATHER CONDITIONS
 THE FOLLOWING WEATHER WAS RECORDED YESTERDAY.
  RAIN
  LIGHT RAIN
  FOG


RELATIVE HUMIDITY (PERCENT)
 HIGHEST   100           500 PM
 LOWEST     89           300 PM
 AVERAGE    95

..........................................................


THE LINCOLN, NEBRASKA CLIMATE NORMALS FOR TODAY
                         NORMAL    RECORD    YEAR
 MAXIMUM TEMPERATURE (F)   58        88      1917
 MINIMUM TEMPERATURE (F)   33        10      1987


SUNRISE AND SUNSET
MARCH 30 2017.........SUNRISE   713 AM CDT   SUNSET   750 PM CDT
MARCH 31 2017.........SUNRISE   712 AM CDT   SUNSET   751 PM CDT


-  INDICATES NEGATIVE NUMBERS.
R  INDICATES RECORD WAS SET OR TIED.
MM INDICATES DATA IS MISSING.
T  INDICATES TRACE AMOUNT.




$$
