000
CDUS43 KOAX 220651
CLILNK


CLIMATE REPORT
NATIONAL WEATHER SERVICE OMAHA NEBRASKA
150 AM CDT MON MAY 22 2017


...................................

...THE LINCOLN, NEBRASKA CLIMATE SUMMARY FOR MAY 21 2017...

CLIMATE NORMAL PERIOD 1981 TO 2010
CLIMATE RECORD PERIOD 1887 TO 2017


WEATHER ITEM   OBSERVED TIME   RECORD YEAR NORMAL DEPARTURE LAST
                VALUE   (LST)  VALUE       VALUE  FROM      YEAR
                                                  NORMAL
..................................................................
TEMPERATURE (F)
 YESTERDAY
  MAXIMUM         70    610 PM  95    1925  76     -6       76
  MINIMUM         42    524 AM  36    2003  52    -10       51
                                      1892
  AVERAGE         56                        64     -8       64

PRECIPITATION (IN)
  YESTERDAY        0.00          1.56 1949   0.14  -0.14     0.00
  MONTH TO DATE    5.70                      2.92   2.78     2.35
  SINCE MAR 1     10.87                      7.56   3.31     7.65
  SINCE JAN 1     12.52                      8.97   3.55     9.24

SNOWFALL (IN)
  YESTERDAY        0.0                       0.0    0.0      0.0
  MONTH TO DATE    T                         0.1   -0.1      0.0
  SINCE JUL 1      7.5                      26.0  -18.5     20.5
  SNOW DEPTH       0

DEGREE DAYS
 HEATING
  YESTERDAY        9                         3      6        1
  MONTH TO DATE  106                       124    -18      127
  SINCE MAR 1   1110                      1314   -204      963
  SINCE JUL 1   4993                      6017  -1024     4880

 COOLING
  YESTERDAY        0                         2     -2        0
  MONTH TO DATE   58                        31     27        9
  SINCE MAR 1     71                        45     26       18
  SINCE JAN 1     71                        45     26       18
..................................................................


WIND (MPH)
  HIGHEST WIND SPEED    22   HIGHEST WIND DIRECTION     W (290)
  HIGHEST GUST SPEED    27   HIGHEST GUST DIRECTION     W (280)
  AVERAGE WIND SPEED    10.6


SKY COVER
  POSSIBLE SUNSHINE  MM
  AVERAGE SKY COVER 0.2


WEATHER CONDITIONS
 THE FOLLOWING WEATHER WAS RECORDED YESTERDAY.
  NO SIGNIFICANT WEATHER WAS OBSERVED.


RELATIVE HUMIDITY (PERCENT)
 HIGHEST    83          1200 AM
 LOWEST     31           400 PM
 AVERAGE    57

..........................................................


THE LINCOLN, NEBRASKA CLIMATE NORMALS FOR TODAY
                         NORMAL    RECORD    YEAR
 MAXIMUM TEMPERATURE (F)   76        96      1925
 MINIMUM TEMPERATURE (F)   53        36      1963


SUNRISE AND SUNSET
MAY 22 2017...........SUNRISE   603 AM CDT   SUNSET   844 PM CDT
MAY 23 2017...........SUNRISE   603 AM CDT   SUNSET   845 PM CDT


-  INDICATES NEGATIVE NUMBERS.
R  INDICATES RECORD WAS SET OR TIED.
MM INDICATES DATA IS MISSING.
T  INDICATES TRACE AMOUNT.




$$
