000
CDUS43 KOAX 280622
CLILNK


CLIMATE REPORT
NATIONAL WEATHER SERVICE OMAHA NEBRASKA
120 AM CDT TUE JUL 28 2015


...................................

...THE LINCOLN, NEBRASKA CLIMATE SUMMARY FOR JULY 27 2015...

CLIMATE NORMAL PERIOD 1981 TO 2010
CLIMATE RECORD PERIOD 1887 TO 2015


WEATHER ITEM   OBSERVED TIME   RECORD YEAR NORMAL DEPARTURE LAST
                VALUE   (LST)  VALUE       VALUE  FROM      YEAR
                                                  NORMAL
..................................................................
TEMPERATURE (F)
 YESTERDAY
  MAXIMUM         91    513 PM 108    1930  89      2       87
  MINIMUM         76    719 AM  50    2005  66     10       66
  AVERAGE         84                        78      6       77

PRECIPITATION (IN)
  YESTERDAY        0.00          1.32 1896   0.10  -0.10     0.00
  MONTH TO DATE    2.37                      2.98  -0.61     0.51
  SINCE JUN 1     10.03                      7.33   2.70     6.41
  SINCE JAN 1     25.53                     17.67   7.86    16.16

SNOWFALL (IN)
  YESTERDAY        0.0                       0.0    0.0      0.0
  MONTH TO DATE    0.0                       0.0    0.0      0.0
  SINCE JUL 1      0.0                       0.0    0.0      0.0
  SNOW DEPTH       0

DEGREE DAYS
 HEATING
  YESTERDAY        0                         0      0        0
  MONTH TO DATE    1                         0      1        2
  SINCE JUN 1      1                        16    -15        4
  SINCE JUL 1      1                         0      1        2

 COOLING
  YESTERDAY       19                        13      6       12
  MONTH TO DATE  333                       344    -11      302
  SINCE JUN 1    596                       586     10      580
  SINCE JAN 1    648                       665    -17      740
..................................................................


WIND (MPH)
  HIGHEST WIND SPEED    24   HIGHEST WIND DIRECTION    SE (130)
  HIGHEST GUST SPEED    29   HIGHEST GUST DIRECTION    SE (130)
  AVERAGE WIND SPEED    10.2


SKY COVER
  POSSIBLE SUNSHINE  MM
  AVERAGE SKY COVER 0.1


WEATHER CONDITIONS
 THE FOLLOWING WEATHER WAS RECORDED YESTERDAY.
  NO SIGNIFICANT WEATHER WAS OBSERVED.


RELATIVE HUMIDITY (PERCENT)
 HIGHEST    94          1200 AM
 LOWEST     49           200 PM
 AVERAGE    72

..........................................................


THE LINCOLN, NEBRASKA CLIMATE NORMALS FOR TODAY
                         NORMAL    RECORD    YEAR
 MAXIMUM TEMPERATURE (F)   89       106      1940
 MINIMUM TEMPERATURE (F)   66        47      2013
                                             1994


SUNRISE AND SUNSET
JULY 28 2015..........SUNRISE   619 AM CDT   SUNSET   847 PM CDT
JULY 29 2015..........SUNRISE   620 AM CDT   SUNSET   846 PM CDT


-  INDICATES NEGATIVE NUMBERS.
R  INDICATES RECORD WAS SET OR TIED.
MM INDICATES DATA IS MISSING.
T  INDICATES TRACE AMOUNT.


$$

BCM
