000
CDUS43 KOAX 180625
CLILNK


CLIMATE REPORT
NATIONAL WEATHER SERVICE OMAHA NEBRASKA
121 AM CDT THU SEP 18 2014


...................................

...THE LINCOLN, NEBRASKA CLIMATE SUMMARY FOR SEPTEMBER 17 2014...

CLIMATE NORMAL PERIOD 1981 TO 2010
CLIMATE RECORD PERIOD 1887 TO 2014


WEATHER ITEM   OBSERVED TIME   RECORD YEAR NORMAL DEPARTURE LAST
                VALUE   (LST)  VALUE       VALUE  FROM      YEAR
                                                  NORMAL
..................................................................
TEMPERATURE (F)
 YESTERDAY
  MAXIMUM         80    433 PM 101    1953  78      2       78
                                      1895
  MINIMUM         53    634 AM  35    1981  53      0       58
  AVERAGE         67                        66      1       68

PRECIPITATION (IN)
  YESTERDAY        0.00          1.94 1915   0.10  -0.10     0.09
  MONTH TO DATE    3.26                      1.83   1.43     1.48
  SINCE SEP 1      3.26                      1.83   1.43     1.48
  SINCE JAN 1     26.96                     23.41   3.55    21.93

SNOWFALL (IN)
  YESTERDAY        0.0                       0.0    0.0      0.0
  MONTH TO DATE    0.0                       0.0    0.0      0.0
  SINCE JUL 1      0.0                       0.0    0.0      0.0
  SNOW DEPTH       0

DEGREE DAYS
 HEATING
  YESTERDAY        0                         3     -3        0
  MONTH TO DATE   83                        28     55        8
  SINCE SEP 1     83                        28     55        8
  SINCE JUL 1     85                        34     51       11

 COOLING
  YESTERDAY        2                         4     -2        3
  MONTH TO DATE   56                        93    -37      154
  SINCE SEP 1     56                        93    -37      154
  SINCE JAN 1   1167                      1128     39     1169
..................................................................


WIND (MPH)
  HIGHEST WIND SPEED    12   HIGHEST WIND DIRECTION     E (110)
  HIGHEST GUST SPEED    15   HIGHEST GUST DIRECTION     E (110)
  AVERAGE WIND SPEED     4.3


SKY COVER
  POSSIBLE SUNSHINE  MM
  AVERAGE SKY COVER 0.2


WEATHER CONDITIONS
 THE FOLLOWING WEATHER WAS RECORDED YESTERDAY.
  FOG
  HAZE


RELATIVE HUMIDITY (PERCENT)
 HIGHEST    93           600 AM
 LOWEST     51           400 PM
 AVERAGE    72

..........................................................


THE LINCOLN, NEBRASKA CLIMATE NORMALS FOR TODAY
                         NORMAL    RECORD    YEAR
 MAXIMUM TEMPERATURE (F)   78       100      1895
 MINIMUM TEMPERATURE (F)   52        31      1901


SUNRISE AND SUNSET
SEPTEMBER 18 2014.....SUNRISE   711 AM CDT   SUNSET   731 PM CDT
SEPTEMBER 19 2014.....SUNRISE   712 AM CDT   SUNSET   729 PM CDT


-  INDICATES NEGATIVE NUMBERS.
R  INDICATES RECORD WAS SET OR TIED.
MM INDICATES DATA IS MISSING.
T  INDICATES TRACE AMOUNT.


$$

BCM
