108
CDUS43 KOAX 090644
CLILNK


CLIMATE REPORT
NATIONAL WEATHER SERVICE OMAHA NEBRASKA
1244 AM CST TUE FEB 9 2016


...................................

...THE LINCOLN, NEBRASKA CLIMATE SUMMARY FOR FEBRUARY 8 2016...

CLIMATE NORMAL PERIOD 1981 TO 2010
CLIMATE RECORD PERIOD 1887 TO 2016


WEATHER ITEM   OBSERVED TIME   RECORD YEAR NORMAL DEPARTURE LAST
                VALUE   (LST)  VALUE       VALUE  FROM      YEAR
                                                  NORMAL
..................................................................
TEMPERATURE (F)
 YESTERDAY
  MAXIMUM         35    441 PM  71    1999  38     -3       57
  MINIMUM         29   1004 AM -19    1899  16     13       35
  AVERAGE         32                        27      5       46

PRECIPITATION (IN)
  YESTERDAY        T             0.91 1966   0.03  -0.03     0.00
  MONTH TO DATE    0.75                      0.21   0.54     0.82
  SINCE DEC 1      6.00                      1.80   4.20     2.95
  SINCE JAN 1      1.58                      0.85   0.73     1.73

SNOWFALL (IN)
  YESTERDAY        T                         0.2   -0.2      0.0
  MONTH TO DATE    7.3                       1.7    5.6     11.5
  SINCE JUL 1     20.5                      15.8    4.7     20.5
  SNOW DEPTH       0

DEGREE DAYS
 HEATING
  YESTERDAY       33                        38     -5       19
  MONTH TO DATE  301                       310     -9      344
  SINCE DEC 1   2451                      2746   -295     2514
  SINCE JUL 1   3351                      4007   -656     3823

 COOLING
  YESTERDAY        0                         0      0        0
  MONTH TO DATE    0                         0      0        0
  SINCE DEC 1      0                         0      0        0
  SINCE JAN 1      0                         0      0        0
..................................................................


WIND (MPH)
  HIGHEST WIND SPEED    40   HIGHEST WIND DIRECTION     N (340)
  HIGHEST GUST SPEED    48   HIGHEST GUST DIRECTION     N (350)
  AVERAGE WIND SPEED    21.1


SKY COVER
  POSSIBLE SUNSHINE  MM
  AVERAGE SKY COVER 0.6


WEATHER CONDITIONS
 THE FOLLOWING WEATHER WAS RECORDED YESTERDAY.
  LIGHT SNOW


RELATIVE HUMIDITY (PERCENT)
 HIGHEST    78           400 AM
 LOWEST     51           300 PM
 AVERAGE    65

..........................................................


THE LINCOLN, NEBRASKA CLIMATE NORMALS FOR TODAY
                         NORMAL    RECORD    YEAR
 MAXIMUM TEMPERATURE (F)   38        68      1954
 MINIMUM TEMPERATURE (F)   16       -24      1975


SUNRISE AND SUNSET
FEBRUARY  9 2016......SUNRISE   729 AM CST   SUNSET   554 PM CST
FEBRUARY 10 2016......SUNRISE   728 AM CST   SUNSET   555 PM CST


-  INDICATES NEGATIVE NUMBERS.
R  INDICATES RECORD WAS SET OR TIED.
MM INDICATES DATA IS MISSING.
T  INDICATES TRACE AMOUNT.




$$
