000
CDUS43 KOAX 260647
CLILNK


CLIMATE REPORT
NATIONAL WEATHER SERVICE OMAHA NEBRASKA
146 AM CDT SAT JUL 26 2014


...................................

...THE LINCOLN, NEBRASKA CLIMATE SUMMARY FOR JULY 25 2014...

CLIMATE NORMAL PERIOD 1981 TO 2010
CLIMATE RECORD PERIOD 1887 TO 2014


WEATHER ITEM   OBSERVED TIME   RECORD YEAR NORMAL DEPARTURE LAST
                VALUE   (LST)  VALUE       VALUE  FROM      YEAR
                                                  NORMAL
..................................................................
TEMPERATURE (F)
 YESTERDAY
  MAXIMUM         99    316 PM 115    1936  89     10       82
  MINIMUM         72    511 AM  51    2004  66      6       66
  AVERAGE         86                        78      8       74

PRECIPITATION (IN)
  YESTERDAY        0.04          5.42 1990   0.10  -0.06      T
  MONTH TO DATE    0.49                      2.78  -2.29     0.28
  SINCE JUN 1      6.39                      7.13  -0.74     2.77
  SINCE JAN 1     16.14                     17.47  -1.33    18.62

SNOWFALL (IN)
  YESTERDAY        0.0                       0.0    0.0      0.0
  MONTH TO DATE    0.0                       0.0    0.0      0.0
  SINCE JUL 1      0.0                       0.0    0.0      0.0
  SNOW DEPTH       0

DEGREE DAYS
 HEATING
  YESTERDAY        0                         0      0        0
  MONTH TO DATE    2                         0      2        0
  SINCE JUN 1      4                        16    -12       20
  SINCE JUL 1      2                         0      2        0

 COOLING
  YESTERDAY       21                        13      8        9
  MONTH TO DATE  270                       318    -48      327
  SINCE JUN 1    548                       560    -12      558
  SINCE JAN 1    708                       639     69      645
..................................................................


WIND (MPH)
  HIGHEST WIND SPEED    23   HIGHEST WIND DIRECTION     N (340)
  HIGHEST GUST SPEED    26   HIGHEST GUST DIRECTION     N (350)
  AVERAGE WIND SPEED     9.4


SKY COVER
  POSSIBLE SUNSHINE  MM
  AVERAGE SKY COVER 0.0


WEATHER CONDITIONS
 THE FOLLOWING WEATHER WAS RECORDED YESTERDAY.
  THUNDERSTORM
  LIGHT RAIN


RELATIVE HUMIDITY (PERCENT)
 HIGHEST    85          1000 PM
 LOWEST     39           200 PM
 AVERAGE    62

..........................................................


THE LINCOLN, NEBRASKA CLIMATE NORMALS FOR TODAY
                         NORMAL    RECORD    YEAR
 MAXIMUM TEMPERATURE (F)   89       109      1936
 MINIMUM TEMPERATURE (F)   66        49      2004


SUNRISE AND SUNSET
JULY 26 2014..........SUNRISE   618 AM CDT   SUNSET   849 PM CDT
JULY 27 2014..........SUNRISE   619 AM CDT   SUNSET   848 PM CDT


-  INDICATES NEGATIVE NUMBERS.
R  INDICATES RECORD WAS SET OR TIED.
MM INDICATES DATA IS MISSING.
T  INDICATES TRACE AMOUNT.




$$
