000
CDUS43 KOAX 252128
CLILNK


CLIMATE REPORT
NATIONAL WEATHER SERVICE OMAHA NEBRASKA
426 PM CDT SAT OCT 25 2014


...................................

...THE LINCOLN, NEBRASKA CLIMATE SUMMARY FOR OCTOBER 25 2014...
VALID TODAY AS OF 0400 PM LOCAL TIME.

CLIMATE NORMAL PERIOD 1981 TO 2010
CLIMATE RECORD PERIOD 1887 TO 2014


WEATHER ITEM   OBSERVED TIME   RECORD YEAR NORMAL DEPARTURE LAST
                VALUE   (LST)  VALUE       VALUE  FROM      YEAR
                                                  NORMAL
..................................................................
TEMPERATURE (F)
 TODAY
  MAXIMUM         74    259 PM  89    1940  62     12       60
  MINIMUM         43    601 AM  15    1887  37      6       24
  AVERAGE         59                        50      9       42

PRECIPITATION (IN)
  TODAY            0.00          2.19 1899   0.05  -0.05     0.00
  MONTH TO DATE    2.46                      1.65   0.81     2.59
  SINCE SEP 1      9.35                      4.67   4.68     4.58
  SINCE JAN 1     33.05                     26.25   6.80    25.03

SNOWFALL (IN)
  TODAY            0.0                       0.0    0.0      0.0
  MONTH TO DATE    0.0                       0.4   -0.4      0.0
  SINCE JUL 1      0.0                       0.4   -0.4      0.0
  SNOW DEPTH       0

DEGREE DAYS
 HEATING
  TODAY            6                        15     -9       23
  MONTH TO DATE  222                       278    -56      305
  SINCE SEP 1    315                       370    -55      333
  SINCE JUL 1    317                       376    -59      336

 COOLING
  TODAY            0                         0      0        0
  MONTH TO DATE    6                        12     -6       18
  SINCE SEP 1    122                       135    -13      221
  SINCE JAN 1   1233                      1170     63     1236
..................................................................


WIND (MPH)
  HIGHEST WIND SPEED    12   HIGHEST WIND DIRECTION    NE (060)
  HIGHEST GUST SPEED    16   HIGHEST GUST DIRECTION    NE (050)
  AVERAGE WIND SPEED     5.3


SKY COVER
  POSSIBLE SUNSHINE  MM
  AVERAGE SKY COVER 0.0


WEATHER CONDITIONS
 THE FOLLOWING WEATHER WAS RECORDED TODAY.
  NO SIGNIFICANT WEATHER WAS OBSERVED.


RELATIVE HUMIDITY (PERCENT)
 HIGHEST    93          1200 AM
 LOWEST     35           200 PM
 AVERAGE    64

..........................................................


THE LINCOLN, NEBRASKA CLIMATE NORMALS FOR TOMORROW
                         NORMAL    RECORD    YEAR
 MAXIMUM TEMPERATURE (F)   62        86      1927
 MINIMUM TEMPERATURE (F)   37        19      1942


SUNRISE AND SUNSET
OCTOBER 25 2014.......SUNRISE   749 AM CDT   SUNSET   632 PM CDT
OCTOBER 26 2014.......SUNRISE   751 AM CDT   SUNSET   631 PM CDT


-  INDICATES NEGATIVE NUMBERS.
R  INDICATES RECORD WAS SET OR TIED.
MM INDICATES DATA IS MISSING.
T  INDICATES TRACE AMOUNT.




$$
