000
CDUS43 KOAX 220654
CLILNK


CLIMATE REPORT
NATIONAL WEATHER SERVICE OMAHA NEBRASKA
1251 AM CST SUN JAN 22 2017


...................................

...THE LINCOLN, NEBRASKA CLIMATE SUMMARY FOR JANUARY 21 2017...

CLIMATE NORMAL PERIOD 1981 TO 2010
CLIMATE RECORD PERIOD 1887 TO 2017


WEATHER ITEM   OBSERVED TIME   RECORD YEAR NORMAL DEPARTURE LAST
                VALUE   (LST)  VALUE       VALUE  FROM      YEAR
                                                  NORMAL
..................................................................
TEMPERATURE (F)
 YESTERDAY
  MAXIMUM         53    411 PM  64    1964  36     17       30
  MINIMUM         28   1059 PM -17    1888  14     14       22
  AVERAGE         41                        24     17       26

PRECIPITATION (IN)
  YESTERDAY        0.00          0.55 1915   0.02  -0.02      T
  MONTH TO DATE    1.00                      0.41   0.59     0.63
  SINCE DEC 1      2.62                      1.36   1.26     5.05
  SINCE JAN 1      1.00                      0.41   0.59     0.63

SNOWFALL (IN)
  YESTERDAY        0.0                       0.2   -0.2       T
  MONTH TO DATE    2.0                       3.4   -1.4      2.7
  SINCE JUL 1      3.7                      12.1   -8.4     10.1
  SNOW DEPTH       0

DEGREE DAYS
 HEATING
  YESTERDAY       24                        40    -16       39
  MONTH TO DATE  837                       856    -19      856
  SINCE DEC 1   2020                      2040    -20     1820
  SINCE JUL 1   2828                      3301   -473     2720

 COOLING
  YESTERDAY        0                         0      0        0
  MONTH TO DATE    0                         0      0        0
  SINCE DEC 1      0                         0      0        0
  SINCE JAN 1      0                         0      0        0
..................................................................


WIND (MPH)
  HIGHEST WIND SPEED    14   HIGHEST WIND DIRECTION    SW (230)
  HIGHEST GUST SPEED    16   HIGHEST GUST DIRECTION    SW (210)
  AVERAGE WIND SPEED     4.3


SKY COVER
  POSSIBLE SUNSHINE  MM
  AVERAGE SKY COVER 0.3


WEATHER CONDITIONS
 THE FOLLOWING WEATHER WAS RECORDED YESTERDAY.
  FOG
  FOG W/VISIBILITY <= 1/4 MILE


RELATIVE HUMIDITY (PERCENT)
 HIGHEST   100           100 AM
 LOWEST     54           400 PM
 AVERAGE    77

..........................................................


THE LINCOLN, NEBRASKA CLIMATE NORMALS FOR TODAY
                         NORMAL    RECORD    YEAR
 MAXIMUM TEMPERATURE (F)   36        60      2009
 MINIMUM TEMPERATURE (F)   14       -14      1930


SUNRISE AND SUNSET
JANUARY 22 2017.......SUNRISE   745 AM CST   SUNSET   533 PM CST
JANUARY 23 2017.......SUNRISE   745 AM CST   SUNSET   534 PM CST


-  INDICATES NEGATIVE NUMBERS.
R  INDICATES RECORD WAS SET OR TIED.
MM INDICATES DATA IS MISSING.
T  INDICATES TRACE AMOUNT.




$$
