000
CDUS43 KOAX 242204
CLILNK


CLIMATE REPORT
NATIONAL WEATHER SERVICE OMAHA NEBRASKA
501 PM CDT THU APR 24 2014


...................................

...THE LINCOLN, NEBRASKA CLIMATE SUMMARY FOR APRIL 24 2014...
VALID TODAY AS OF 400 PM LOCAL TIME.

CLIMATE NORMAL PERIOD 1981 TO 2010
CLIMATE RECORD PERIOD 1887 TO 2014


WEATHER ITEM   OBSERVED TIME   RECORD YEAR NORMAL DEPARTURE LAST
                VALUE   (LST)  VALUE       VALUE  FROM      YEAR
                                                  NORMAL
..................................................................
TEMPERATURE (F)
 TODAY
  MAXIMUM         67    259 PM  94    1989  67      0       62
  MINIMUM         51    556 AM  22    2013  42      9       22
  AVERAGE         59                        55      4       42

PRECIPITATION (IN)
  TODAY            0.39          2.60 2007   0.11   0.28     0.00
  MONTH TO DATE    2.65                      2.03   0.62     3.99
  SINCE MAR 1      2.78                      3.96  -1.18     6.11
  SINCE JAN 1      3.64                      5.37  -1.73     7.38

SNOWFALL (IN)
  TODAY            0.0                       0.0    0.0      0.0
  MONTH TO DATE    0.5                       1.3   -0.8      0.6
  SINCE JUL 1     18.2                      25.8   -7.6     24.8
  SNOW DEPTH       0

DEGREE DAYS
 HEATING
  TODAY            6                        11     -5       23
  MONTH TO DATE  323                       357    -34      528
  SINCE MAR 1   1180                      1130     50     1457
  SINCE JUL 1   6297                      5833    464     6085

 COOLING
  TODAY            0                         1     -1        0
  MONTH TO DATE   13                         7      6        0
  SINCE MAR 1     13                         8      5        0
  SINCE JAN 1     13                         8      5        0
..................................................................


WIND (MPH)
  HIGHEST WIND SPEED    29   HIGHEST WIND DIRECTION     N (360)
  HIGHEST GUST SPEED    34   HIGHEST GUST DIRECTION     N (350)
  AVERAGE WIND SPEED    14.3


SKY COVER
  POSSIBLE SUNSHINE  MM
  AVERAGE SKY COVER 0.7


WEATHER CONDITIONS
 THE FOLLOWING WEATHER WAS RECORDED TODAY.
  RAIN
  LIGHT RAIN
  FOG


RELATIVE HUMIDITY (PERCENT)
 HIGHEST    89           400 AM
 LOWEST     34           300 PM
 AVERAGE    62

..........................................................


THE LINCOLN, NEBRASKA CLIMATE NORMALS FOR TOMORROW
                         NORMAL    RECORD    YEAR
 MAXIMUM TEMPERATURE (F)   68        92      2012
 MINIMUM TEMPERATURE (F)   43        28      2013


SUNRISE AND SUNSET
APRIL 24 2014.........SUNRISE   635 AM CDT   SUNSET   816 PM CDT
APRIL 25 2014.........SUNRISE   633 AM CDT   SUNSET   817 PM CDT


-  INDICATES NEGATIVE NUMBERS.
R  INDICATES RECORD WAS SET OR TIED.
MM INDICATES DATA IS MISSING.
T  INDICATES TRACE AMOUNT.




$$

KLISH
