000
CDUS43 KLOT 290636
CLILOT


CLIMATE REPORT
NATIONAL WEATHER SERVICE CHICAGO IL
135 AM CDT SUN MAR 29 2015


...................................

...THE ROMEOVILLE  WFO CLIMATE SUMMARY FOR MARCH 28 2015...

CLIMATE NORMAL PERIOD 1981 TO 2010
CLIMATE RECORD PERIOD 1992 TO 2015


WEATHER ITEM   OBSERVED RECORD YEAR NORMAL DEPARTURE LAST
                VALUE   VALUE       VALUE  FROM      YEAR
                                           NORMAL
...........................................................
TEMPERATURE (F)
 YESTERDAY
  MAXIMUM         40     74    2004  53    -13       54
  MINIMUM         18R    22    2011  33    -15       34
  AVERAGE         29                 43    -14       44

PRECIPITATION (IN)
  YESTERDAY        0.00   0.93 2004   0.09  -0.09     0.05
  MONTH TO DATE    0.72               2.48  -1.76     2.09
  SINCE MAR 1      0.72               2.48  -1.76     2.09
  SINCE JAN 1      3.56               6.19  -2.63     6.95

SNOWFALL (IN)
  YESTERDAY        0.0    0.2  1992   0.0    0.0      0.0
  MONTH TO DATE    5.2                4.2    1.0     10.2
  SINCE MAR 1      5.2                4.2    1.0     10.2
  SINCE JUL 1     36.4               31.6    4.8     75.7
  SNOW DEPTH       0

DEGREE DAYS
 HEATING
  YESTERDAY       36                 22     14
  MONTH TO DATE  839                754     85
  SINCE MAR 1    839                754     85
  SINCE JUL 1   6084               5482    602

 COOLING
  YESTERDAY        0                  0      0
  MONTH TO DATE    0                  0      0
  SINCE MAR 1      0                  0      0
  SINCE JAN 1      0                  0      0
...........................................................







THE ROMEOVILLE  WFO CLIMATE NORMALS FOR TODAY
                         NORMAL    RECORD    YEAR
 MAXIMUM TEMPERATURE (F)   54        80      1998
 MINIMUM TEMPERATURE (F)   33        23      2008


SUNRISE AND SUNSET
MARCH 29 2015.........SUNRISE   641 AM CDT   SUNSET   714 PM CDT
MARCH 30 2015.........SUNRISE   639 AM CDT   SUNSET   715 PM CDT


-  INDICATES NEGATIVE NUMBERS.
R  INDICATES RECORD WAS SET OR TIED.
MM INDICATES DATA IS MISSING.
T  INDICATES TRACE AMOUNT.




$$
