000
CDUS43 KLOT 180632
CLILOT


CLIMATE REPORT
NATIONAL WEATHER SERVICE CHICAGO IL
131 AM CDT FRI APR 18 2014


...................................

...THE ROMEOVILLE  WFO CLIMATE SUMMARY FOR APRIL 17 2014...

CLIMATE NORMAL PERIOD 1981 TO 2010
CLIMATE RECORD PERIOD 1992 TO 2014


WEATHER ITEM   OBSERVED RECORD YEAR NORMAL DEPARTURE LAST
                VALUE   VALUE       VALUE  FROM      YEAR
                                           NORMAL
...........................................................
TEMPERATURE (F)
 YESTERDAY
  MAXIMUM         60     84    2002  62     -2       53
  MINIMUM         39     28    2001  40     -1       42
  AVERAGE         50                 51     -1       48

PRECIPITATION (IN)
  YESTERDAY        0.00   2.27 2013   0.14  -0.14     2.27
  MONTH TO DATE    2.06               2.06   0.00     5.24
  SINCE MAR 1      4.17               4.83  -0.66     7.50
  SINCE JAN 1      9.03               8.54   0.49    13.32

SNOWFALL (IN)
  YESTERDAY        0.0    0.1  2001   0.0    0.0      0.0
  MONTH TO DATE    1.0                0.4    0.6       T
  SINCE MAR 1     11.2                4.8    6.4     10.2
  SINCE JUL 1     76.7               32.2   44.5     23.2
  SNOW DEPTH       0

DEGREE DAYS
 HEATING
  YESTERDAY       15                 14      1
  MONTH TO DATE  312                294     18
  SINCE MAR 1   1362               1111    251
  SINCE JUL 1   6966               5839   1127

 COOLING
  YESTERDAY        0                  0      0
  MONTH TO DATE    0                  0      0
  SINCE MAR 1      0                  0      0
  SINCE JAN 1      0                  0      0
...........................................................







THE ROMEOVILLE  WFO CLIMATE NORMALS FOR TODAY
                         NORMAL    RECORD    YEAR
 MAXIMUM TEMPERATURE (F)   62        89      2002
 MINIMUM TEMPERATURE (F)   40        27      2001


SUNRISE AND SUNSET
APRIL 18 2014.........SUNRISE   608 AM CDT   SUNSET   736 PM CDT
APRIL 19 2014.........SUNRISE   606 AM CDT   SUNSET   737 PM CDT


-  INDICATES NEGATIVE NUMBERS.
R  INDICATES RECORD WAS SET OR TIED.
MM INDICATES DATA IS MISSING.
T  INDICATES TRACE AMOUNT.




$$
