000
CDUS43 KLOT 050634
CLILOT


CLIMATE REPORT
NATIONAL WEATHER SERVICE CHICAGO IL
134 AM CDT WED AUG 5 2015


...................................

...THE ROMEOVILLE  WFO CLIMATE SUMMARY FOR AUGUST 4 2015...

CLIMATE NORMAL PERIOD 1981 TO 2010
CLIMATE RECORD PERIOD 1992 TO 2015


WEATHER ITEM   OBSERVED RECORD YEAR NORMAL DEPARTURE LAST
                VALUE   VALUE       VALUE  FROM      YEAR
                                           NORMAL
...........................................................
TEMPERATURE (F)
 YESTERDAY
  MAXIMUM         82     95    2012  83     -1       84
  MINIMUM         58     51    1993  64     -6       64
  AVERAGE         70                 73     -3       74

PRECIPITATION (IN)
  YESTERDAY        0.00   1.71 1998   0.13  -0.13     1.13
  MONTH TO DATE    0.50               0.52  -0.02     3.12
  SINCE JUN 1     13.15               9.57   3.58    16.68
  SINCE JAN 1     25.06              24.27   0.79    32.05

DEGREE DAYS
 HEATING
  YESTERDAY        0                  0      0
  MONTH TO DATE    0                  0      0
  SINCE JUN 1     38                 35      3
  SINCE JUL 1     11                  2      9

 COOLING
  YESTERDAY        5                  8     -3
  MONTH TO DATE   34                 32      2
  SINCE JUN 1    408                494    -86
  SINCE JAN 1    484                552    -68
...........................................................







THE ROMEOVILLE  WFO CLIMATE NORMALS FOR TODAY
                         NORMAL    RECORD    YEAR
 MAXIMUM TEMPERATURE (F)   83        89      1996
 MINIMUM TEMPERATURE (F)   64        50      1994


SUNRISE AND SUNSET
AUGUST  5 2015........SUNRISE   551 AM CDT   SUNSET   805 PM CDT
AUGUST  6 2015........SUNRISE   552 AM CDT   SUNSET   804 PM CDT


-  INDICATES NEGATIVE NUMBERS.
R  INDICATES RECORD WAS SET OR TIED.
MM INDICATES DATA IS MISSING.
T  INDICATES TRACE AMOUNT.




$$
