898
CDUS43 KLOT 290641
CLILOT


CLIMATE REPORT
NATIONAL WEATHER SERVICE CHICAGO IL
141 AM CDT FRI JUL 29 2016


...................................

...THE ROMEOVILLE  WFO CLIMATE SUMMARY FOR JULY 28 2016...

CLIMATE NORMAL PERIOD 1981 TO 2010
CLIMATE RECORD PERIOD 1992 TO 2016


WEATHER ITEM   OBSERVED RECORD YEAR NORMAL DEPARTURE LAST
                VALUE   VALUE       VALUE  FROM      YEAR
                                           NORMAL
...........................................................
TEMPERATURE (F)
 YESTERDAY
  MAXIMUM         85     91    2010  83      2       89
                               2006
                               1999
  MINIMUM         70     50    2013  64      6       70
  AVERAGE         78                 74      4       80

PRECIPITATION (IN)
  YESTERDAY        0.24   0.67 2003   0.16   0.08     0.00
  MONTH TO DATE    7.12               4.21   2.91     3.73
  SINCE JUN 1      9.31               8.55   0.76    12.23
  SINCE JAN 1     21.54              23.25  -1.71    24.14

DEGREE DAYS
 HEATING
  YESTERDAY        0                  0      0
  MONTH TO DATE    2                  0      2
  SINCE JUN 1      9                 33    -24
  SINCE JUL 1      2                  0      2

 COOLING
  YESTERDAY       13                  9      4
  MONTH TO DATE  283                252     31
  SINCE JUN 1    501                432     69
  SINCE JAN 1    594                490    104
...........................................................







THE ROMEOVILLE  WFO CLIMATE NORMALS FOR TODAY
                         NORMAL    RECORD    YEAR
 MAXIMUM TEMPERATURE (F)   83        95      1999
 MINIMUM TEMPERATURE (F)   64        52      2013
                                             1994


SUNRISE AND SUNSET
JULY 29 2016..........SUNRISE   544 AM CDT   SUNSET   813 PM CDT
JULY 30 2016..........SUNRISE   545 AM CDT   SUNSET   812 PM CDT


-  INDICATES NEGATIVE NUMBERS.
R  INDICATES RECORD WAS SET OR TIED.
MM INDICATES DATA IS MISSING.
T  INDICATES TRACE AMOUNT.




$$
