000
CDUS43 KLOT 200637
CLILOT


CLIMATE REPORT
NATIONAL WEATHER SERVICE CHICAGO IL
136 AM CDT WED AUG 20 2014


...................................

...THE ROMEOVILLE  WFO CLIMATE SUMMARY FOR AUGUST 19 2014...

CLIMATE NORMAL PERIOD 1981 TO 2010
CLIMATE RECORD PERIOD 1992 TO 2014


WEATHER ITEM   OBSERVED RECORD YEAR NORMAL DEPARTURE LAST
                VALUE   VALUE       VALUE  FROM      YEAR
                                           NORMAL
...........................................................
TEMPERATURE (F)
 YESTERDAY
  MAXIMUM         81     91    1995  82     -1       85
  MINIMUM         67     51    1992  63      4       59
  AVERAGE         74                 72      2       72

PRECIPITATION (IN)
  YESTERDAY        0.34   0.84 2007   0.12   0.22     0.00
  MONTH TO DATE    5.68               2.57   3.11     1.63
  SINCE JUN 1     19.24              11.62   7.62     6.76
  SINCE JAN 1     34.61              26.32   8.29    27.75

DEGREE DAYS
 HEATING
  YESTERDAY        0                  0      0
  MONTH TO DATE    3                  0      3
  SINCE JUN 1     24                 35    -11
  SINCE JUL 1     12                  2     10

 COOLING
  YESTERDAY        9                  7      2
  MONTH TO DATE  109                151    -42
  SINCE JUN 1    451                613   -162
  SINCE JAN 1    539                671   -132
...........................................................







THE ROMEOVILLE  WFO CLIMATE NORMALS FOR TODAY
                         NORMAL    RECORD    YEAR
 MAXIMUM TEMPERATURE (F)   82        91      2010
 MINIMUM TEMPERATURE (F)   63        49      1992


SUNRISE AND SUNSET
AUGUST 20 2014........SUNRISE   606 AM CDT   SUNSET   745 PM CDT
AUGUST 21 2014........SUNRISE   607 AM CDT   SUNSET   743 PM CDT


-  INDICATES NEGATIVE NUMBERS.
R  INDICATES RECORD WAS SET OR TIED.
MM INDICATES DATA IS MISSING.
T  INDICATES TRACE AMOUNT.




$$
