000
CDUS43 KLOT 230633
CLILOT


CLIMATE REPORT
NATIONAL WEATHER SERVICE CHICAGO IL
133 AM CDT TUE SEP 23 2014


...................................

...THE ROMEOVILLE  WFO CLIMATE SUMMARY FOR SEPTEMBER 22 2014...

CLIMATE NORMAL PERIOD 1981 TO 2010
CLIMATE RECORD PERIOD 1992 TO 2014


WEATHER ITEM   OBSERVED RECORD YEAR NORMAL DEPARTURE LAST
                VALUE   VALUE       VALUE  FROM      YEAR
                                           NORMAL
...........................................................
TEMPERATURE (F)
 YESTERDAY
  MAXIMUM         67     90    2005  73     -6       69
  MINIMUM         44     33    1995  52     -8       47
  AVERAGE         56                 63     -7       58

PRECIPITATION (IN)
  YESTERDAY        0.00   0.39 2000   0.10  -0.10     0.00
  MONTH TO DATE    3.00               2.38   0.62     1.17
  SINCE SEP 1      3.00               2.38   0.62     1.17
  SINCE JAN 1     41.66              30.20  11.46    30.49

DEGREE DAYS
 HEATING
  YESTERDAY        9                  4      5
  MONTH TO DATE  105                 44     61
  SINCE SEP 1    105                 44     61
  SINCE JUL 1    117                 52     65

 COOLING
  YESTERDAY        0                  2     -2
  MONTH TO DATE   59                 81    -22
  SINCE SEP 1     59                 81    -22
  SINCE JAN 1    730                834   -104
...........................................................







THE ROMEOVILLE  WFO CLIMATE NORMALS FOR TODAY
                         NORMAL    RECORD    YEAR
 MAXIMUM TEMPERATURE (F)   73        90      2010
 MINIMUM TEMPERATURE (F)   51        29      1995


SUNRISE AND SUNSET
SEPTEMBER 23 2014.....SUNRISE   641 AM CDT   SUNSET   648 PM CDT
SEPTEMBER 24 2014.....SUNRISE   642 AM CDT   SUNSET   646 PM CDT


-  INDICATES NEGATIVE NUMBERS.
R  INDICATES RECORD WAS SET OR TIED.
MM INDICATES DATA IS MISSING.
T  INDICATES TRACE AMOUNT.




$$
