000
CDUS43 KLOT 300632
CLILOT


CLIMATE REPORT
NATIONAL WEATHER SERVICE CHICAGO IL
132 AM CDT MON MAY 30 2016


...................................

...THE ROMEOVILLE  WFO CLIMATE SUMMARY FOR MAY 29 2016...

CLIMATE NORMAL PERIOD 1981 TO 2010
CLIMATE RECORD PERIOD 1992 TO 2016


WEATHER ITEM   OBSERVED RECORD YEAR NORMAL DEPARTURE LAST
                VALUE   VALUE       VALUE  FROM      YEAR
                                           NORMAL
...........................................................
TEMPERATURE (F)
 YESTERDAY
  MAXIMUM         81     92    2006  75      6       82
  MINIMUM         63     39    1992  54      9       66
  AVERAGE         72                 65      7       74

PRECIPITATION (IN)
  YESTERDAY        T      0.67 2006   0.15  -0.15     0.15
  MONTH TO DATE    3.01               3.98  -0.97     4.11
  SINCE MAR 1      9.64              10.71  -1.07     8.36
  SINCE JAN 1     11.71              14.42  -2.71    11.20

DEGREE DAYS
 HEATING
  YESTERDAY        0                  3     -3
  MONTH TO DATE  213                186     27
  SINCE MAR 1   1312               1452   -140
  SINCE JUL 1   5345               6180   -835

 COOLING
  YESTERDAY        7                  3      4
  MONTH TO DATE   61                 47     14
  SINCE MAR 1     72                 52     20
  SINCE JAN 1     72                 52     20
...........................................................







THE ROMEOVILLE  WFO CLIMATE NORMALS FOR TODAY
                         NORMAL    RECORD    YEAR
 MAXIMUM TEMPERATURE (F)   75        90      2010
 MINIMUM TEMPERATURE (F)   54        40      1996


SUNRISE AND SUNSET
MAY 30 2016...........SUNRISE   521 AM CDT   SUNSET   819 PM CDT
MAY 31 2016...........SUNRISE   521 AM CDT   SUNSET   820 PM CDT


-  INDICATES NEGATIVE NUMBERS.
R  INDICATES RECORD WAS SET OR TIED.
MM INDICATES DATA IS MISSING.
T  INDICATES TRACE AMOUNT.




$$
