710
CDUS43 KLMK 200626
CLILOU


CLIMATE REPORT
NATIONAL WEATHER SERVICE LOUISVILLE KY
226 AM EDT WED SEP 20 2017


...................................

...THE LOUISVILLE BOWMAN KY CLIMATE SUMMARY FOR SEPTEMBER 19 2017...

CLIMATE NORMAL PERIOD 1981 TO 2010
CLIMATE RECORD PERIOD 9999 TO 9999


WEATHER ITEM   OBSERVED TIME   RECORD YEAR NORMAL DEPARTURE LAST
                VALUE   (LST)  VALUE       VALUE  FROM      YEAR
                                                  NORMAL
..................................................................
TEMPERATURE (F)
 YESTERDAY
  MAXIMUM         76    551 PM  MM      MM  79     -3       87
  MINIMUM         67   1048 PM  MM      MM  58      9       64
  AVERAGE         72                        68      4       76

PRECIPITATION (IN)
  YESTERDAY        0.68         MM      MM   0.10   0.58     0.00
  MONTH TO DATE    5.10                      1.88   3.22     0.83
  SINCE SEP 1      5.10                      1.88   3.22     0.83
  SINCE JAN 1     34.83                     33.42   1.41    36.40

SNOWFALL (IN)
  YESTERDAY       MM            MM      MM  MM     MM       MM
  MONTH TO DATE   MM                        MM     MM       MM
  SINCE SEP 1     MM                        MM     MM       MM
  SINCE JUL 1     MM                        MM     MM       MM
  SNOW DEPTH      MM

DEGREE DAYS
 HEATING
  YESTERDAY        0                         1     -1        0
  MONTH TO DATE   21                         6     15        0
  SINCE SEP 1     21                         6     15        0
  SINCE JUL 1     21                         6     15        0

 COOLING
  YESTERDAY        7                         4      3       11
  MONTH TO DATE   66                       139    -73      223
  SINCE SEP 1     66                       139    -73      223
  SINCE JAN 1   1400                      1378     22     1697
..................................................................


WIND (MPH)
  HIGHEST WIND SPEED     9   HIGHEST WIND DIRECTION    NW (300)
  HIGHEST GUST SPEED    13   HIGHEST GUST DIRECTION     W (290)
  AVERAGE WIND SPEED     2.8


SKY COVER
  POSSIBLE SUNSHINE  MM
  AVERAGE SKY COVER 0.6


WEATHER CONDITIONS
 THE FOLLOWING WEATHER WAS RECORDED YESTERDAY.
  THUNDERSTORM
  HEAVY RAIN
  RAIN
  LIGHT RAIN
  FOG


RELATIVE HUMIDITY (PERCENT)
 HIGHEST   100          1200 AM
 LOWEST     82           200 PM
 AVERAGE    91

..........................................................


THE LOUISVILLE BOWMAN KY CLIMATE NORMALS FOR TODAY
                         NORMAL
 MAXIMUM TEMPERATURE (F)   78
 MINIMUM TEMPERATURE (F)   57


SUNRISE AND SUNSET
SEPTEMBER 20 2017.....SUNRISE   729 AM EDT   SUNSET   742 PM EDT
SEPTEMBER 21 2017.....SUNRISE   730 AM EDT   SUNSET   741 PM EDT


-  INDICATES NEGATIVE NUMBERS.
R  INDICATES RECORD WAS SET OR TIED.
MM INDICATES DATA IS MISSING.
T  INDICATES TRACE AMOUNT.




$$
