000
CDUS43 KJKL 210524
CLILOZ

CLIMATE REPORT
NATIONAL WEATHER SERVICE JACKSON KY
1224 AM EST SUN JAN 21 2018

...................................

...THE LONDON KY CLIMATE SUMMARY FOR JANUARY 20 2018...

CLIMATE NORMAL PERIOD 1981 TO 2010
CLIMATE RECORD PERIOD 1954 TO 2018

WEATHER ITEM   OBSERVED TIME   RECORD YEAR NORMAL DEPARTURE LAST
                VALUE   (LST)  VALUE       VALUE  FROM      YEAR
                                                  NORMAL
..................................................................
TEMPERATURE (F)
 YESTERDAY
  MAXIMUM         57    416 PM  66    2017  45     12       66
                                      1988
  MINIMUM         32   1218 AM -18    1985  26      6       48
  AVERAGE         45                        35     10       57

PRECIPITATION (IN)
  YESTERDAY        0.00          1.95 1979   0.11  -0.11     0.14
  MONTH TO DATE    0.73                      2.28  -1.55     3.31
  SINCE DEC 1      3.64                      6.52  -2.88     9.61
  SINCE JAN 1      0.73                      2.28  -1.55     3.31

SNOWFALL (IN)
  YESTERDAY       MM
  MONTH TO DATE   MM
  SINCE DEC 1     MM
  SINCE JUL 1     MM
  SNOW DEPTH      MM

DEGREE DAYS
 HEATING
  YESTERDAY       20                        30               8

 COOLING
  YESTERDAY        0                         0      0        0
  MONTH TO DATE    0                         0      0        0
  SINCE DEC 1      0                         1     -1        0
  SINCE JAN 1      0                         0      0        0
..................................................................

WIND (MPH)
  HIGHEST WIND SPEED    17   HIGHEST WIND DIRECTION    SW (230)
  HIGHEST GUST SPEED    22   HIGHEST GUST DIRECTION    SW (230)
  AVERAGE WIND SPEED     6.8

SKY COVER
  POSSIBLE SUNSHINE  MM
  AVERAGE SKY COVER 0.9

WEATHER CONDITIONS
 THE FOLLOWING WEATHER WAS RECORDED YESTERDAY.
  NO SIGNIFICANT WEATHER WAS OBSERVED.

RELATIVE HUMIDITY (PERCENT)
 HIGHEST    73          1100 PM
 LOWEST     47          1200 AM
 AVERAGE    60

..........................................................

THE LONDON KY CLIMATE NORMALS FOR TODAY
                         NORMAL    RECORD    YEAR
 MAXIMUM TEMPERATURE (F)   45        67      1999
 MINIMUM TEMPERATURE (F)   26       -18      1985

SUNRISE AND SUNSET
JANUARY 21 2018.......SUNRISE   746 AM EST   SUNSET   549 PM EST
JANUARY 22 2018.......SUNRISE   746 AM EST   SUNSET   550 PM EST

-  INDICATES NEGATIVE NUMBERS.
R  INDICATES RECORD WAS SET OR TIED.
MM INDICATES DATA IS MISSING.
T  INDICATES TRACE AMOUNT.

$$
