000
CDUS43 KJKL 050544
CLILOZ

CLIMATE REPORT
NATIONAL WEATHER SERVICE JACKSON KY
144 AM EDT WED AUG 5 2015

...................................

...THE LONDON KY CLIMATE SUMMARY FOR AUGUST 4 2015...

CLIMATE NORMAL PERIOD 1981 TO 2010
CLIMATE RECORD PERIOD 1954 TO 2015

WEATHER ITEM   OBSERVED TIME   RECORD YEAR NORMAL DEPARTURE LAST
                VALUE   (LST)  VALUE       VALUE  FROM      YEAR
                                                  NORMAL
..................................................................
TEMPERATURE (F)
 YESTERDAY
  MAXIMUM         92    243 PM  95    2010  86      6       85
  MINIMUM         68    605 AM  50    1965  66      2       59
  AVERAGE         80                        76      4       72

PRECIPITATION (IN)
  YESTERDAY        0.18          1.86 2003   0.12   0.06     0.00
  MONTH TO DATE    0.18                      0.49  -0.31      T
  SINCE JUN 1     16.38                      8.93   7.45     9.71
  SINCE JAN 1     36.30                     29.46   6.84    28.70

SNOWFALL (IN)
  YESTERDAY       MM
  MONTH TO DATE   MM
  SINCE JUN 1     MM
  SINCE JUL 1     MM
  SNOW DEPTH      MM

DEGREE DAYS
 HEATING
  YESTERDAY        0                         0      0        0
  MONTH TO DATE    0                         0      0        0
  SINCE JUN 1      2                         9     -7        0
  SINCE JUL 1      0                         0      0        0

 COOLING
  YESTERDAY       15                        11      4        7
  MONTH TO DATE   45                        44      1       32
  SINCE JUN 1    742                       637    105      589
  SINCE JAN 1    936                       751    185      755
..................................................................

WIND (MPH)
  HIGHEST WIND SPEED    17   HIGHEST WIND DIRECTION    SW (210)
  HIGHEST GUST SPEED    29   HIGHEST GUST DIRECTION     W (260)
  AVERAGE WIND SPEED     5.2

SKY COVER
  POSSIBLE SUNSHINE  MM
  AVERAGE SKY COVER 0.2

WEATHER CONDITIONS
 THE FOLLOWING WEATHER WAS RECORDED YESTERDAY.
  THUNDERSTORM
  HEAVY RAIN
  LIGHT RAIN
  FOG
  HAZE

RELATIVE HUMIDITY (PERCENT)
 HIGHEST    84           500 AM
 LOWEST     44           300 PM
 AVERAGE    64
..........................................................

THE LONDON KY CLIMATE NORMALS FOR TODAY
                         NORMAL    RECORD    YEAR
 MAXIMUM TEMPERATURE (F)   86        94      1955
 MINIMUM TEMPERATURE (F)   66        53      1974

SUNRISE AND SUNSET
AUGUST  5 2015........SUNRISE   644 AM EDT   SUNSET   840 PM EDT
AUGUST  6 2015........SUNRISE   645 AM EDT   SUNSET   839 PM EDT

-  INDICATES NEGATIVE NUMBERS.
R  INDICATES RECORD WAS SET OR TIED.
MM INDICATES DATA IS MISSING.
T  INDICATES TRACE AMOUNT.

$$

GEOGERIAN
