000
CDUS43 KJKL 262123
CLILOZ

LIMATE REPORT
NATIONAL WEATHER SERVICE JACKSON KY
423 PM EST WED NOV 26 2014

...................................

...THE LONDON KY CLIMATE SUMMARY FOR NOVEMBER 26 2014...
VALID TODAY AS OF 0400 PM LOCAL TIME.

CLIMATE NORMAL PERIOD 1981 TO 2010
CLIMATE RECORD PERIOD 1954 TO 2014

WEATHER ITEM   OBSERVED TIME   RECORD YEAR NORMAL DEPARTURE LAST
                VALUE   (LST)  VALUE       VALUE  FROM      YEAR
                                                  NORMAL
..................................................................
TEMPERATURE (F)
 TODAY
  MAXIMUM         49    347 PM  71    2006  54     -5       39
                                      1990
  MINIMUM         35    855 AM  15    1991  34      1       33
  AVERAGE         42                        44     -2       36

PRECIPITATION (IN)
  TODAY            0.00          1.30 2007   0.14  -0.14     1.04
  MONTH TO DATE    2.82                      3.25  -0.43     2.73
  SINCE SEP 1     12.56                      9.64   2.92     8.89
  SINCE JAN 1       MM                      42.32    MM     49.93

SNOWFALL (IN)
  TODAY           MM
  MONTH TO DATE   MM
  SINCE SEP 1     MM
  SINCE JUL 1     MM
  SNOW DEPTH      MM

DEGREE DAYS
 HEATING
  TODAY           23                        21      2       29
  MONTH TO DATE  608                       438    170      492
  SINCE SEP 1    853                       743    110      736
  SINCE JUL 1    853                       744    109      736

 COOLING
  TODAY            0                         0      0        0
  MONTH TO DATE    0                         0      0        0
  SINCE SEP 1    193                       164     29      191
  SINCE JAN 1     MM                      1188     MM     1083
..................................................................

WIND (MPH)
  HIGHEST WIND SPEED    15   HIGHEST WIND DIRECTION     W (260)
  HIGHEST GUST SPEED    18   HIGHEST GUST DIRECTION     W (260)
  AVERAGE WIND SPEED     5.4

SKY COVER
  POSSIBLE SUNSHINE  MM
  AVERAGE SKY COVER 0.3

WEATHER CONDITIONS
 THE FOLLOWING WEATHER WAS RECORDED TODAY.
  NO SIGNIFICANT WEATHER WAS OBSERVED.

RELATIVE HUMIDITY (PERCENT)
 HIGHEST    75           900 AM
 LOWEST     31           400 PM
 AVERAGE    53

..........................................................

THE LONDON KY CLIMATE NORMALS FOR TOMORROW
                         NORMAL    RECORD    YEAR
 MAXIMUM TEMPERATURE (F)   54        76      1990
 MINIMUM TEMPERATURE (F)   34        17      1977

SUNRISE AND SUNSET
NOVEMBER 26 2014......SUNRISE   726 AM EST   SUNSET   521 PM EST
NOVEMBER 27 2014......SUNRISE   727 AM EST   SUNSET   520 PM EST

-  INDICATES NEGATIVE NUMBERS.
R  INDICATES RECORD WAS SET OR TIED.
MM INDICATES DATA IS MISSING.
T  INDICATES TRACE AMOUNT.

$$

CARICO
