166
CDUS43 KJKL 232020
CLILOZ

CLIMATE REPORT
NATIONAL WEATHER SERVICE JACKSON KY
420 PM EDT MON OCT 23 2017

...................................

...THE LONDON KY CLIMATE SUMMARY FOR OCTOBER 23 2017...
VALID TODAY AS OF 0400 PM LOCAL TIME.

CLIMATE NORMAL PERIOD 1981 TO 2010
CLIMATE RECORD PERIOD 1954 TO 2017

WEATHER ITEM   OBSERVED TIME   RECORD YEAR NORMAL DEPARTURE LAST
                VALUE   (LST)  VALUE       VALUE  FROM      YEAR
                                                  NORMAL
..................................................................
TEMPERATURE (F)
 TODAY
  MAXIMUM         68    229 AM  82    1963  67      1       71
  MINIMUM         59    101 PM  26    1976  43     16       35
  AVERAGE         64                        55      9       53

PRECIPITATION (IN)
  TODAY            1.00          2.31 2007   0.10   0.90     0.00
  MONTH TO DATE    4.45                      2.18   2.27     0.90
  SINCE SEP 1      6.24                      5.55   0.69     2.08

SNOWFALL (IN)
  TODAY           MM
  MONTH TO DATE   MM
  SINCE SEP 1     MM
  SINCE JUL 1     MM
  SNOW DEPTH      MM

DEGREE DAYS
 HEATING
  TODAY            1                        10     -9       12
  MONTH TO DATE   71                       168    -97       84
  SINCE SEP 1    112                       214   -102      105
  SINCE JUL 1    112                       215   -103      105

 COOLING
  TODAY            0                         0      0        0
  MONTH TO DATE   42                        17     25       43
  SINCE SEP 1    166                       160      6      275
  SINCE JAN 1   1135                      1184    -49     1498
..................................................................

WIND (MPH)
  HIGHEST WIND SPEED    20   HIGHEST WIND DIRECTION     E (90)
  HIGHEST GUST SPEED    33   HIGHEST GUST DIRECTION     E (100)
  AVERAGE WIND SPEED     6.2

SKY COVER
  POSSIBLE SUNSHINE  MM
  AVERAGE SKY COVER 0.6

WEATHER CONDITIONS
 THE FOLLOWING WEATHER WAS RECORDED TODAY.
  HEAVY RAIN
  RAIN
  LIGHT RAIN
  FOG

RELATIVE HUMIDITY (PERCENT)
 HIGHEST    97          1000 AM
 LOWEST     63          1200 AM
 AVERAGE    80

..........................................................

THE LONDON KY CLIMATE NORMALS FOR TOMORROW
                         NORMAL    RECORD    YEAR
 MAXIMUM TEMPERATURE (F)   67        82      2001
 MINIMUM TEMPERATURE (F)   43        24      1962

SUNRISE AND SUNSET
OCTOBER 23 2017.......SUNRISE   752 AM EDT   SUNSET   649 PM EDT
OCTOBER 24 2017.......SUNRISE   753 AM EDT   SUNSET   648 PM EDT

-  INDICATES NEGATIVE NUMBERS.
R  INDICATES RECORD WAS SET OR TIED.
MM INDICATES DATA IS MISSING.
T  INDICATES TRACE AMOUNT.

$$

CARICO
