000
CDUS44 KCRP 260737
CLILRD

CLIMATE REPORT
NATIONAL WEATHER SERVICE CORPUS CHRISTI TX
236 AM CDT TUE JUL 26 2016


...................................

...THE LAREDO CLIMATE SUMMARY FOR JULY 25 2016...

CLIMATE NORMAL PERIOD 1981 TO 2010
CLIMATE RECORD PERIOD 1900 TO 2016


WEATHER ITEM   OBSERVED TIME   RECORD YEAR NORMAL DEPARTURE LAST
                VALUE   (LST)  VALUE       VALUE  FROM      YEAR
                                                  NORMAL
..................................................................
TEMPERATURE (F)
 YESTERDAY
  MAXIMUM        104        MM 110    1994 100      4      105
  MINIMUM         79        MM  66    1915  77      2       79
  AVERAGE         92                        88      4       92

PRECIPITATION (IN)
  YESTERDAY        0.00          1.60 1919   0.04  -0.04     0.00
  MONTH TO DATE    0.04                      1.74  -1.70      T
  SINCE JUN 1      1.96                      3.97  -2.01     1.20
  SINCE JAN 1     12.47                     10.84   1.63    19.90

SNOWFALL (IN)
  YESTERDAY        0.0
  MONTH TO DATE    0.0
  SINCE JUN 1      0.0
  SINCE JUL 1      0.0

DEGREE DAYS
 HEATING
  YESTERDAY        0                         0      0        0
  MONTH TO DATE    0                         0      0        0
  SINCE JUN 1      0                         0      0        0
  SINCE JUL 1      0                         0      0        0

 COOLING
  YESTERDAY       27                        23      4       27
  MONTH TO DATE  661                       575     86      600
  SINCE JUN 1   1304                      1235     69     1200
  SINCE JAN 1   2568                      2378    190     2142
..................................................................


WIND (MPH)
  HIGHEST WIND SPEED    17   HIGHEST WIND DIRECTION     E (110)
  HIGHEST GUST SPEED    24   HIGHEST GUST DIRECTION     E (110)
  AVERAGE WIND SPEED    10.4


SKY COVER
  POSSIBLE SUNSHINE  MM
  AVERAGE SKY COVER 0.2


WEATHER CONDITIONS
 THE FOLLOWING WEATHER WAS RECORDED YESTERDAY.
  NO SIGNIFICANT WEATHER WAS OBSERVED.


RELATIVE HUMIDITY (PERCENT)
 HIGHEST    85           500 AM
 LOWEST     33           600 PM

..........................................................


THE LAREDO CLIMATE NORMALS FOR TODAY
                         NORMAL    RECORD    YEAR
 MAXIMUM TEMPERATURE (F)  100       107      2015
                                             1995
 MINIMUM TEMPERATURE (F)   77        66      1908


SUNRISE AND SUNSET
JULY 26 2016..........SUNRISE   658 AM CDT   SUNSET   830 PM CDT
JULY 27 2016..........SUNRISE   659 AM CDT   SUNSET   830 PM CDT


-  INDICATES NEGATIVE NUMBERS.
R  INDICATES RECORD WAS SET OR TIED.
MM INDICATES DATA IS MISSING.
T  INDICATES TRACE AMOUNT.




$$
