000
CDUS44 KCRP 230802 RRA
CLILRD

CLIMATE REPORT
NATIONAL WEATHER SERVICE CORPUS CHRISTI TX
300 AM CDT MON OCT 23 2017

...................................

...THE LAREDO CLIMATE SUMMARY FOR OCTOBER 22 2017...

CLIMATE NORMAL PERIOD 1981 TO 2010
CLIMATE RECORD PERIOD 1900 TO 2017

WEATHER ITEM   OBSERVED TIME   RECORD YEAR NORMAL DEPARTURE LAST
                VALUE   (LST)  VALUE       VALUE  FROM      YEAR
                                                  NORMAL
..................................................................
TEMPERATURE (F)
 YESTERDAY
  MAXIMUM         88        MM  98    1994  85      3       84
  MINIMUM         66        MM  40    1910  64      2       53
  AVERAGE         77                        74      3       69

PRECIPITATION (IN)
  YESTERDAY        0.00          3.77 1997   0.06  -0.06     0.00
  MONTH TO DATE    0.29                      1.73  -1.44     0.08
  SINCE SEP 1      9.06                      4.66   4.40     5.13
  SINCE JAN 1     21.65                     17.65   4.00    22.21

SNOWFALL (IN)
  YESTERDAY        0.0
  MONTH TO DATE    0.0
  SINCE SEP 1      0.0
  SINCE JUL 1      0.0

DEGREE DAYS
 HEATING
  YESTERDAY        0                         0      0        0
  MONTH TO DATE    0                         0      0        0
  SINCE SEP 1      0                         1     -1        0
  SINCE JUL 1      0                         1     -1        0

 COOLING
  YESTERDAY       12                        10      2        4
  MONTH TO DATE  297                       267     30      347
  SINCE SEP 1    890                       809     81      968
  SINCE JAN 1   4615                      4052    563     4387
..................................................................

WIND (MPH)
  HIGHEST WIND SPEED    15   HIGHEST WIND DIRECTION     N (20)
  HIGHEST GUST SPEED    23   HIGHEST GUST DIRECTION     N (20)
  AVERAGE WIND SPEED     8.9

SKY COVER
  POSSIBLE SUNSHINE  MM
  AVERAGE SKY COVER 0.3

WEATHER CONDITIONS
 THE FOLLOWING WEATHER WAS RECORDED YESTERDAY.
  NO SIGNIFICANT WEATHER WAS OBSERVED.

RELATIVE HUMIDITY (PERCENT)
 HIGHEST   100           500 AM
 LOWEST     42           500 PM

..........................................................

THE LAREDO CLIMATE NORMALS FOR TODAY
                         NORMAL    RECORD    YEAR
 MAXIMUM TEMPERATURE (F)   85        97      1994
 MINIMUM TEMPERATURE (F)   64        40      1996

SUNRISE AND SUNSET
OCTOBER 23 2017.......SUNRISE   743 AM CDT   SUNSET   701 PM CDT
OCTOBER 24 2017.......SUNRISE   743 AM CDT   SUNSET   700 PM CDT

-  INDICATES NEGATIVE NUMBERS.
R  INDICATES RECORD WAS SET OR TIED.
MM INDICATES DATA IS MISSING.
T  INDICATES TRACE AMOUNT.

$$
