000
CDUS44 KCRP 280826
CLILRD

CLIMATE REPORT
NATIONAL WEATHER SERVICE CORPUS CHRISTI TX
326 AM CDT SAT MAR 28 2015


...................................

...THE LAREDO CLIMATE SUMMARY FOR MARCH 27 2015...

CLIMATE NORMAL PERIOD 1981 TO 2010
CLIMATE RECORD PERIOD 1900 TO 2015


WEATHER ITEM   OBSERVED TIME   RECORD YEAR NORMAL DEPARTURE LAST
                VALUE   (LST)  VALUE       VALUE  FROM      YEAR
                                                  NORMAL
..................................................................
TEMPERATURE (F)
 YESTERDAY
  MAXIMUM         80    500 PM 105    1984  83     -3       89
  MINIMUM         47    653 AM  34    1913  59    -12       67
  AVERAGE         64                        71     -7       78

PRECIPITATION (IN)
  YESTERDAY        0.00          2.00 1923   0.03  -0.03      T
  MONTH TO DATE    2.57                      1.02   1.55     1.08
  SINCE MAR 1      2.57                      1.02   1.55     1.08
  SINCE JAN 1      3.45                      2.86   0.59     1.29

SNOWFALL (IN)
  YESTERDAY        0.0
  MONTH TO DATE    0.0
  SINCE MAR 1      0.0
  SINCE JUL 1      0.0

DEGREE DAYS
 HEATING
  YESTERDAY        1                         1      0        0
  MONTH TO DATE  128                        65     63       99
  SINCE MAR 1    128                        65     63       99
  SINCE JUL 1   1063                       909    154     1090

 COOLING
  YESTERDAY        0                         7     -7       13
  MONTH TO DATE   56                       141    -85       88
  SINCE MAR 1     56                       141    -85       88
  SINCE JAN 1    104                       226   -122      200
..................................................................


WIND (MPH)
  HIGHEST WIND SPEED    10   HIGHEST WIND DIRECTION     S (160)
  HIGHEST GUST SPEED    17   HIGHEST GUST DIRECTION    SW (220)
  AVERAGE WIND SPEED     4.9


SKY COVER
  POSSIBLE SUNSHINE  MM
  AVERAGE SKY COVER 0.0


WEATHER CONDITIONS
 THE FOLLOWING WEATHER WAS RECORDED YESTERDAY.
  NO SIGNIFICANT WEATHER WAS OBSERVED.


RELATIVE HUMIDITY (PERCENT)
 HIGHEST    93           600 AM
 LOWEST     19           300 PM

..........................................................


THE LAREDO CLIMATE NORMALS FOR TODAY
                         NORMAL    RECORD    YEAR
 MAXIMUM TEMPERATURE (F)   83       104      1924
 MINIMUM TEMPERATURE (F)   60        33      1930


SUNRISE AND SUNSET
MARCH 28 2015.........SUNRISE   733 AM CDT   SUNSET   753 PM CDT
MARCH 29 2015.........SUNRISE   732 AM CDT   SUNSET   754 PM CDT


-  INDICATES NEGATIVE NUMBERS.
R  INDICATES RECORD WAS SET OR TIED.
MM INDICATES DATA IS MISSING.
T  INDICATES TRACE AMOUNT.




$$
