000
CDUS44 KCRP 020818 RRB
CLILRD

CLIMATE REPORT
NATIONAL WEATHER SERVICE CORPUS CHRISTI TX
317 AM CDT THU JUL 2 2015

...................................

...THE LAREDO CLIMATE SUMMARY FOR JULY 1 2015...

CLIMATE NORMAL PERIOD 1981 TO 2010
CLIMATE RECORD PERIOD 1900 TO 2015


WEATHER ITEM   OBSERVED TIME   RECORD YEAR NORMAL DEPARTURE LAST
                VALUE   (LST)  VALUE       VALUE  FROM      YEAR
                                                  NORMAL
..................................................................
TEMPERATURE (F)
 YESTERDAY
  MAXIMUM         87    621 PM 110    1992  99    -12      103
  MINIMUM         74    458 AM  65    1908  77     -3       75
  AVERAGE         81                        88     -7       89

PRECIPITATION (IN)
  YESTERDAY        T             2.58 2010   0.09  -0.09     0.00
  MONTH TO DATE    T                         0.09  -0.09     0.00
  SINCE JUN 1      1.20                      2.32  -1.12     0.55
  SINCE JAN 1     19.90                      9.19  10.71     5.58

SNOWFALL (IN)
  YESTERDAY        0.0
  MONTH TO DATE    0.0
  SINCE JUN 1      0.0
  SINCE JUL 1      0.0

DEGREE DAYS
 HEATING
  YESTERDAY        0                         0      0        0
  MONTH TO DATE    0                         0      0        0
  SINCE JUN 1      0                         0      0        0
  SINCE JUL 1      0                         0      0        0

 COOLING
  YESTERDAY       16                        23     -7       24
  MONTH TO DATE   16                        23     -7       24
  SINCE JUN 1    616                       683    -67      760
  SINCE JAN 1   1558                      1826   -268     1885
..................................................................


WIND (MPH)
  HIGHEST WIND SPEED    25   HIGHEST WIND DIRECTION    SE (150)
  HIGHEST GUST SPEED    30   HIGHEST GUST DIRECTION    SE (150)
  AVERAGE WIND SPEED    13.1


SKY COVER
  POSSIBLE SUNSHINE  MM
  AVERAGE SKY COVER 0.4


WEATHER CONDITIONS
 THE FOLLOWING WEATHER WAS RECORDED YESTERDAY.
  LIGHT RAIN


RELATIVE HUMIDITY (PERCENT)
 HIGHEST    93           500 AM
 LOWEST     42           600 PM

..........................................................


THE LAREDO CLIMATE NORMALS FOR TODAY
                         NORMAL    RECORD    YEAR
 MAXIMUM TEMPERATURE (F)   99       109      1980
 MINIMUM TEMPERATURE (F)   77        65      1917


SUNRISE AND SUNSET
JULY  2 2015..........SUNRISE   646 AM CDT   SUNSET   837 PM CDT
JULY  3 2015..........SUNRISE   647 AM CDT   SUNSET   837 PM CDT


-  INDICATES NEGATIVE NUMBERS.
R  INDICATES RECORD WAS SET OR TIED.
MM INDICATES DATA IS MISSING.
T  INDICATES TRACE AMOUNT.

$$
