000
CDUS44 KCRP 280828
CLILRD

CLIMATE REPORT
NATIONAL WEATHER SERVICE CORPUS CHRISTI TX
326 AM CDT THU AUG 28 2014


...................................

...THE LAREDO CLIMATE SUMMARY FOR AUGUST 27 2014...

CLIMATE NORMAL PERIOD 1981 TO 2010
CLIMATE RECORD PERIOD 1900 TO 2014


WEATHER ITEM   OBSERVED TIME   RECORD YEAR NORMAL DEPARTURE LAST
                VALUE   (LST)  VALUE       VALUE  FROM      YEAR
                                                  NORMAL
..................................................................
TEMPERATURE (F)
 YESTERDAY
  MAXIMUM        102    511 PM 106    1940  99      3       94
  MINIMUM         79    657 AM  61    1973  77      2       76
  AVERAGE         91                        88      3       85

PRECIPITATION (IN)
  YESTERDAY        0.00          3.15 1974   0.09  -0.09     0.20
  MONTH TO DATE    0.49                      1.49  -1.00     1.34
  SINCE JUN 1      2.38                      5.73  -3.35     5.79
  SINCE JAN 1      7.41                     12.60  -5.19    12.87

SNOWFALL (IN)
  YESTERDAY        0.0
  MONTH TO DATE    0.0
  SINCE JUN 1      0.0
  SINCE JUL 1      0.0

DEGREE DAYS
 HEATING
  YESTERDAY        0                         0      0        0
  MONTH TO DATE    0                         0      0        0
  SINCE JUN 1      0                         0      0        0
  SINCE JUL 1      0                         0      0        0

 COOLING
  YESTERDAY       26                        23      3       20
  MONTH TO DATE  708                       641     67      674
  SINCE JUN 1   2207                      2014    193     2107
  SINCE JAN 1   3332                      3157    175     3308
..................................................................


WIND (MPH)
  HIGHEST WIND SPEED    18   HIGHEST WIND DIRECTION     E (110)
  HIGHEST GUST SPEED    23   HIGHEST GUST DIRECTION    SE (130)
  AVERAGE WIND SPEED     8.2


SKY COVER
  POSSIBLE SUNSHINE  MM
  AVERAGE SKY COVER 0.1


WEATHER CONDITIONS
 THE FOLLOWING WEATHER WAS RECORDED YESTERDAY.
  NO SIGNIFICANT WEATHER WAS OBSERVED.


RELATIVE HUMIDITY (PERCENT)
 HIGHEST    82           700 AM
 LOWEST     28           500 PM

..........................................................


THE LAREDO CLIMATE NORMALS FOR TODAY
                         NORMAL    RECORD    YEAR
 MAXIMUM TEMPERATURE (F)   98       109      2011
 MINIMUM TEMPERATURE (F)   77        61      1973


SUNRISE AND SUNSET
AUGUST 28 2014........SUNRISE   715 AM CDT   SUNSET   803 PM CDT
AUGUST 29 2014........SUNRISE   715 AM CDT   SUNSET   802 PM CDT


-  INDICATES NEGATIVE NUMBERS.
R  INDICATES RECORD WAS SET OR TIED.
MM INDICATES DATA IS MISSING.
T  INDICATES TRACE AMOUNT.

$$

CB
