000
CDUS44 KCRP 060943
CLILRD

CLIMATE REPORT
NATIONAL WEATHER SERVICE CORPUS CHRISTI TX
339 AM CST FRI MAR 6 2015


...................................

...THE LAREDO CLIMATE SUMMARY FOR MARCH 5 2015...

CLIMATE NORMAL PERIOD 1981 TO 2010
CLIMATE RECORD PERIOD 1900 TO 2015


WEATHER ITEM   OBSERVED TIME   RECORD YEAR NORMAL DEPARTURE LAST
                VALUE   (LST)  VALUE       VALUE  FROM      YEAR
                                                  NORMAL
..................................................................
TEMPERATURE (F)
 YESTERDAY
  MAXIMUM         52    343 PM 103    1916  77    -25       68
  MINIMUM         39    736 AM  29    1917  54    -15       43
  AVERAGE         46                        66    -20       56

PRECIPITATION (IN)
  YESTERDAY        T             0.91 2005   0.04  -0.04     0.00
  MONTH TO DATE    0.04                      0.21  -0.17     0.41
  SINCE MAR 1      0.04                      0.21  -0.17     0.41
  SINCE JAN 1      0.92                      2.05  -1.13     0.62

SNOWFALL (IN)
  YESTERDAY       MM
  MONTH TO DATE    0.0
  SINCE MAR 1      0.0
  SINCE JUL 1      0.0

DEGREE DAYS
 HEATING
  YESTERDAY       19                         4     15        9
  MONTH TO DATE   66                        20     46       50
  SINCE MAR 1     66                        20     46       50
  SINCE JUL 1   1001                       864    137     1041

 COOLING
  YESTERDAY        0                         4     -4        0
  MONTH TO DATE    0                        19    -19       14
  SINCE MAR 1      0                        19    -19       14
  SINCE JAN 1     48                       104    -56      126
..................................................................


WIND (MPH)
  HIGHEST WIND SPEED    29   HIGHEST WIND DIRECTION     N (10)
  HIGHEST GUST SPEED    33   HIGHEST GUST DIRECTION    NW (330)
  AVERAGE WIND SPEED    15.3


SKY COVER
  POSSIBLE SUNSHINE  MM
  AVERAGE SKY COVER 0.7


WEATHER CONDITIONS
 THE FOLLOWING WEATHER WAS RECORDED YESTERDAY.
  LIGHT RAIN
  FOG


RELATIVE HUMIDITY (PERCENT)
 HIGHEST    89           100 AM
 LOWEST     48           300 PM

..........................................................


THE LAREDO CLIMATE NORMALS FOR TODAY
                         NORMAL    RECORD    YEAR
 MAXIMUM TEMPERATURE (F)   77       105      1991
 MINIMUM TEMPERATURE (F)   55        28      1989


SUNRISE AND SUNSET
MARCH  6 2015.........SUNRISE   657 AM CST   SUNSET   641 PM CST
MARCH  7 2015.........SUNRISE   656 AM CST   SUNSET   642 PM CST


-  INDICATES NEGATIVE NUMBERS.
R  INDICATES RECORD WAS SET OR TIED.
MM INDICATES DATA IS MISSING.
T  INDICATES TRACE AMOUNT.




$$
