000
CDUS44 KCRP 240031
CLILRD

CLIMATE REPORT
NATIONAL WEATHER SERVICE CORPUS CHRISTI TX
631 PM CST TUE JAN 23 2018


...................................

...THE LAREDO CLIMATE SUMMARY FOR JANUARY 23 2018...
VALID TODAY AS OF 0600 PM LOCAL TIME.

CLIMATE NORMAL PERIOD 1981 TO 2010
CLIMATE RECORD PERIOD 1900 TO 2018


WEATHER ITEM   OBSERVED TIME   RECORD YEAR NORMAL DEPARTURE LAST
                VALUE   (LST)  VALUE       VALUE  FROM      YEAR
                                                  NORMAL
..................................................................
TEMPERATURE (F)
 TODAY
  MAXIMUM         67        MM  94    1943  68     -1       84
  MINIMUM         37        MM  16    1930  47    -10       43
  AVERAGE         52                        57     -5       64

PRECIPITATION (IN)
  TODAY            0.00          1.47 1958   0.03  -0.03     0.00
  MONTH TO DATE    0.10                      0.67  -0.57     0.01
  SINCE DEC 1      2.79                      1.55   1.24     1.63
  SINCE JAN 1      0.10                      0.67  -0.57     0.01

SNOWFALL (IN)
  TODAY            0.0
  MONTH TO DATE    T
  SINCE DEC 1      1.3
  SINCE JUL 1      1.3

DEGREE DAYS
 HEATING
  TODAY           13                         9      4        1
  MONTH TO DATE  301                       223     78       98
  SINCE DEC 1    614                       498    116      277
  SINCE JUL 1    683                       613     70      294

 COOLING
  TODAY            0                         1     -1        0
  MONTH TO DATE    1                        23    -22       91
  SINCE DEC 1     44                        58    -14      154
  SINCE JAN 1      1                        23    -22       91
..................................................................


WIND (MPH)
  HIGHEST WIND SPEED    MM   HIGHEST WIND DIRECTION    MM
  HIGHEST GUST SPEED    MM   HIGHEST GUST DIRECTION    MM


SKY COVER
  POSSIBLE SUNSHINE  MM
  AVERAGE SKY COVER 0.3


WEATHER CONDITIONS
 THE FOLLOWING WEATHER WAS RECORDED TODAY.
  NO SIGNIFICANT WEATHER WAS OBSERVED.


RELATIVE HUMIDITY (PERCENT)
 HIGHEST    79           800 AM
 LOWEST     19          1200 PM
 AVERAGE    49

..........................................................


THE LAREDO CLIMATE NORMALS FOR TOMORROW
                         NORMAL    RECORD    YEAR
 MAXIMUM TEMPERATURE (F)   68        94      2017
 MINIMUM TEMPERATURE (F)   47        16      1930


SUNRISE AND SUNSET
JANUARY 23 2018.......SUNRISE   728 AM CST   SUNSET   612 PM CST
JANUARY 24 2018.......SUNRISE   728 AM CST   SUNSET   613 PM CST


-  INDICATES NEGATIVE NUMBERS.
R  INDICATES RECORD WAS SET OR TIED.
MM INDICATES DATA IS MISSING.
T  INDICATES TRACE AMOUNT.




$$
