000
CDUS44 KCRP 191039
CLILRD

CLIMATE REPORT
NATIONAL WEATHER SERVICE CORPUS CHRISTI TX
436 AM CST THU JAN 19 2017

...THE LAREDO CLIMATE SUMMARY FOR JANUARY 18 2017...

CLIMATE NORMAL PERIOD 1981 TO 2010
CLIMATE RECORD PERIOD 1900 TO 2017


WEATHER ITEM   OBSERVED TIME   RECORD YEAR NORMAL DEPARTURE LAST
                VALUE   (LST)  VALUE       VALUE  FROM      YEAR
                                                  NORMAL
..................................................................
TEMPERATURE (F)
 YESTERDAY
  MAXIMUM         67        MM  98    1914  67      0       71
  MINIMUM         52        MM  22    1930  46      6       40
  AVERAGE         60                        57      3       56

PRECIPITATION (IN)
  YESTERDAY        T             0.82 1932   0.03  -0.03     0.00
  MONTH TO DATE    0.01                      0.52  -0.51     1.88
  SINCE DEC 1      1.63                      1.40   0.23     2.01
  SINCE JAN 1      0.01                      0.52  -0.51     1.88

SNOWFALL (IN)
  YESTERDAY        0.0
  MONTH TO DATE    0.0
  SINCE DEC 1      0.0
  SINCE JUL 1      0.0

DEGREE DAYS
 HEATING
  YESTERDAY        5                         9     -4        9
  MONTH TO DATE   94                       178    -84      192
  SINCE DEC 1    273                       453   -180      339
  SINCE JUL 1    290                       568   -278      410

 COOLING
  YESTERDAY        0                         1     -1        0
  MONTH TO DATE   76                        18     58        0
  SINCE DEC 1    139                        53     86       63
  SINCE JAN 1     76                        18     58        0
..................................................................


WIND (MPH)
  HIGHEST WIND SPEED    15   HIGHEST WIND DIRECTION     N (340)
  HIGHEST GUST SPEED    MM   HIGHEST GUST DIRECTION    MM
  AVERAGE WIND SPEED     8.6


SKY COVER
  POSSIBLE SUNSHINE  MM
  AVERAGE SKY COVER 0.8


WEATHER CONDITIONS
 THE FOLLOWING WEATHER WAS RECORDED YESTERDAY.
  LIGHT RAIN


RELATIVE HUMIDITY (PERCENT)
 HIGHEST   100           200 AM
 LOWEST     56           200 PM

..........................................................


THE LAREDO CLIMATE NORMALS FOR TODAY
                         NORMAL    RECORD    YEAR
 MAXIMUM TEMPERATURE (F)   67        90      1953
 MINIMUM TEMPERATURE (F)   46        23      1940


SUNRISE AND SUNSET
JANUARY 19 2017.......SUNRISE   729 AM CST   SUNSET   609 PM CST
JANUARY 20 2017.......SUNRISE   729 AM CST   SUNSET   610 PM CST


-  INDICATES NEGATIVE NUMBERS.
R  INDICATES RECORD WAS SET OR TIED.
MM INDICATES DATA IS MISSING.
T  INDICATES TRACE AMOUNT.

$$

87
