000
CDUS43 KARX 220648
CLILSE


CLIMATE REPORT
NATIONAL WEATHER SERVICE LA CROSSE WI
148 AM CDT THU JUN 22 2017


...................................

...THE LA CROSSE WI CLIMATE SUMMARY FOR JUNE 21 2017...

CLIMATE NORMAL PERIOD 1981 TO 2010
CLIMATE RECORD PERIOD 1873 TO 2017


WEATHER ITEM   OBSERVED TIME   RECORD YEAR NORMAL DEPARTURE LAST
                VALUE   (LST)  VALUE       VALUE  FROM      YEAR
                                                  NORMAL
..................................................................
TEMPERATURE (F)
 YESTERDAY
  MAXIMUM         80    343 PM 102    1988  82     -2       85
  MINIMUM         55    427 AM  40    1992  60     -5       57
  AVERAGE         68                        71     -3       71

PRECIPITATION (IN)
  YESTERDAY        0.00          1.68 1968   0.15  -0.15     0.00
  MONTH TO DATE    2.74                      3.02  -0.28     5.38
  SINCE JUN 1      2.74                      3.02  -0.28     5.38
  SINCE JAN 1     20.43                     14.09   6.34    15.86

SNOWFALL (IN)
  YESTERDAY        0.0           0.0  2002   0.0    0.0      0.0
                                      2001
  MONTH TO DATE    0.0                       0.0    0.0      0.0
  SINCE JUL 1     42.2                      43.3   -1.1     40.3
  SNOW DEPTH       0

DEGREE DAYS
 HEATING
  YESTERDAY        0                         1     -1        0
  MONTH TO DATE    2                        35    -33        4
  SINCE JUL 1   5768                      7192  -1424     5953

 COOLING
  YESTERDAY        3                         7     -4        6
  MONTH TO DATE  194                        97     97      148
  SINCE JAN 1    231                       145     86      234
..................................................................


WIND (MPH)
  HIGHEST WIND SPEED    16   HIGHEST WIND DIRECTION     S (160)
  HIGHEST GUST SPEED    22   HIGHEST GUST DIRECTION     S (170)
  AVERAGE WIND SPEED     8.3


SKY COVER
  POSSIBLE SUNSHINE  MM
  AVERAGE SKY COVER 0.2


WEATHER CONDITIONS
 THE FOLLOWING WEATHER WAS RECORDED YESTERDAY.
  FOG
  FOG W/VISIBILITY <= 1/4 MILE


RELATIVE HUMIDITY (PERCENT)
 HIGHEST    93           100 AM
 LOWEST     45           200 PM
 AVERAGE    69

..........................................................


THE LA CROSSE WI CLIMATE NORMALS FOR TODAY
                         NORMAL    RECORD    YEAR
 MAXIMUM TEMPERATURE (F)   82        97      1995
                                             1911
 MINIMUM TEMPERATURE (F)   61        44      1902


SUNRISE AND SUNSET
JUNE 22 2017..........SUNRISE   523 AM CDT   SUNSET   851 PM CDT
JUNE 23 2017..........SUNRISE   523 AM CDT   SUNSET   851 PM CDT


-  INDICATES NEGATIVE NUMBERS.
R  INDICATES RECORD WAS SET OR TIED.
MM INDICATES DATA IS MISSING.
T  INDICATES TRACE AMOUNT.




$$
