000
CDUS43 KARX 220632
CLILSE


CLIMATE REPORT
NATIONAL WEATHER SERVICE LA CROSSE WI
1232 AM CST WED FEB 22 2017


...................................

...THE LA CROSSE WI CLIMATE SUMMARY FOR FEBRUARY 21 2017...

CLIMATE NORMAL PERIOD 1981 TO 2010
CLIMATE RECORD PERIOD 1873 TO 2017


WEATHER ITEM   OBSERVED TIME   RECORD YEAR NORMAL DEPARTURE LAST
                VALUE   (LST)  VALUE       VALUE  FROM      YEAR
                                                  NORMAL
..................................................................
TEMPERATURE (F)
 YESTERDAY
  MAXIMUM         62    349 PM  64    1930  33     29       44
  MINIMUM         37    744 AM -25    1873  16     21       27
  AVERAGE         50                        25     25       36

PRECIPITATION (IN)
  YESTERDAY        0.00          0.70 1945   0.03  -0.03     0.00
                                      1922
  MONTH TO DATE    0.58                      0.74  -0.16     0.78
  SINCE DEC 1      5.46                      3.22   2.24     6.58
  SINCE JAN 1      3.27                      1.86   1.41     1.65

SNOWFALL (IN)
  YESTERDAY        0.0           7.4  1945   0.3   -0.3      0.0
  MONTH TO DATE    0.5                       6.3   -5.8     10.8
  SINCE JUL 1     30.8                      32.6   -1.8     27.4
  SNOW DEPTH       0

DEGREE DAYS
 HEATING
  YESTERDAY       15                        40    -25       29
  MONTH TO DATE  683                       919   -236      910
  SINCE JUL 1   4080                      5238  -1158     4349

 COOLING
  YESTERDAY        0                         0      0        0
  MONTH TO DATE    0                         0      0        0
  SINCE JAN 1      0                         0      0        0
..................................................................


WIND (MPH)
  HIGHEST WIND SPEED    17   HIGHEST WIND DIRECTION     S (180)
  HIGHEST GUST SPEED    22   HIGHEST GUST DIRECTION     W (280)
  AVERAGE WIND SPEED     8.3


SKY COVER
  POSSIBLE SUNSHINE  MM
  AVERAGE SKY COVER 0.5


WEATHER CONDITIONS
 THE FOLLOWING WEATHER WAS RECORDED YESTERDAY.
  FOG


RELATIVE HUMIDITY (PERCENT)
 HIGHEST    92           500 AM
 LOWEST     40           500 PM
 AVERAGE    66

..........................................................


THE LA CROSSE WI CLIMATE NORMALS FOR TODAY
                         NORMAL    RECORD    YEAR
 MAXIMUM TEMPERATURE (F)   34        62      1984
 MINIMUM TEMPERATURE (F)   16       -22      1873


SUNRISE AND SUNSET
FEBRUARY 22 2017......SUNRISE   653 AM CST   SUNSET   545 PM CST
FEBRUARY 23 2017......SUNRISE   651 AM CST   SUNSET   546 PM CST


-  INDICATES NEGATIVE NUMBERS.
R  INDICATES RECORD WAS SET OR TIED.
MM INDICATES DATA IS MISSING.
T  INDICATES TRACE AMOUNT.




$$
