000
CDUS43 KARX 230638
CLILSE


CLIMATE REPORT
NATIONAL WEATHER SERVICE LA CROSSE WI
137 AM CDT MON OCT 23 2017


...................................

...THE LA CROSSE WI CLIMATE SUMMARY FOR OCTOBER 22 2017...

CLIMATE NORMAL PERIOD 1981 TO 2010
CLIMATE RECORD PERIOD 1873 TO 2017


WEATHER ITEM   OBSERVED TIME   RECORD YEAR NORMAL DEPARTURE LAST
                VALUE   (LST)  VALUE       VALUE  FROM      YEAR
                                                  NORMAL
..................................................................
TEMPERATURE (F)
 YESTERDAY
  MAXIMUM         57    248 PM  84    1947  57      0       68
  MINIMUM         48   1159 PM  19    1930  39      9       44
  AVERAGE         53                        48      5       56

PRECIPITATION (IN)
  YESTERDAY        0.10          0.89 1996   0.06   0.04      T
  MONTH TO DATE    5.93                      1.61   4.32     0.42
  SINCE SEP 1      6.88                      5.17   1.71    10.88
  SINCE JAN 1     38.64                     29.13   9.51    39.60

SNOWFALL (IN)
  YESTERDAY        0.0           2.1  1917   0.0    0.0      0.0
  MONTH TO DATE    0.0                       0.1   -0.1      0.0
  SINCE JUL 1      0.0                       0.1   -0.1      0.0
  SNOW DEPTH       0

DEGREE DAYS
 HEATING
  YESTERDAY       12                        17     -5        9
  MONTH TO DATE  137                       296   -159      153
  SINCE JUL 1    185                       456   -271      173

 COOLING
  YESTERDAY        0                         0      0        0
  MONTH TO DATE   14                         7      7       13
  SINCE JAN 1   1001                       781    220     1033
..................................................................


WIND (MPH)
  HIGHEST WIND SPEED    17   HIGHEST WIND DIRECTION    NW (320)
  HIGHEST GUST SPEED    21   HIGHEST GUST DIRECTION    NW (330)
  AVERAGE WIND SPEED     6.3


SKY COVER
  POSSIBLE SUNSHINE  MM
  AVERAGE SKY COVER 0.6


WEATHER CONDITIONS
 THE FOLLOWING WEATHER WAS RECORDED YESTERDAY.
  LIGHT RAIN
  FOG


RELATIVE HUMIDITY (PERCENT)
 HIGHEST    93           200 AM
 LOWEST     57           200 PM
 AVERAGE    75

..........................................................


THE LA CROSSE WI CLIMATE NORMALS FOR TODAY
                         NORMAL    RECORD    YEAR
 MAXIMUM TEMPERATURE (F)   57        84      1899
 MINIMUM TEMPERATURE (F)   38        17      1895


SUNRISE AND SUNSET
OCTOBER 23 2017.......SUNRISE   730 AM CDT   SUNSET   608 PM CDT
OCTOBER 24 2017.......SUNRISE   731 AM CDT   SUNSET   606 PM CDT


-  INDICATES NEGATIVE NUMBERS.
R  INDICATES RECORD WAS SET OR TIED.
MM INDICATES DATA IS MISSING.
T  INDICATES TRACE AMOUNT.




$$
