000
CDUS46 KMTR 040829
CLILVK


CLIMATE REPORT
NATIONAL WEATHER SERVICE SAN FRANCISCO BAY AREA
1229 AM PST SUN DEC 4 2016


...................................

...THE LIVERMORE AIRPORT CLIMATE SUMMARY FOR DECEMBER 3 2016...

CLIMATE NORMAL PERIOD 1981 TO 2010
CLIMATE RECORD PERIOD 1930 TO 2016


WEATHER ITEM   OBSERVED TIME   RECORD YEAR NORMAL DEPARTURE LAST
                VALUE   (LST)  VALUE       VALUE  FROM      YEAR
                                                  NORMAL
..................................................................
TEMPERATURE (F)
 YESTERDAY
  MAXIMUM         64    134 PM  76    1958  58      6       67
  MINIMUM         37    726 AM  27    1936  39     -2       37
  AVERAGE         51                        48      3       52

PRECIPITATION (IN)
  YESTERDAY        0.00          1.28 2014   0.06  -0.06     0.20
  MONTH TO DATE    0.00                      0.16  -0.16     0.20
  SINCE OCT 1      4.00                      3.06   0.94     2.64
  SINCE JAN 1     14.38                     13.19   1.19     6.82

DEGREE DAYS
 HEATING
  YESTERDAY       14                        17     -3       13
  MONTH TO DATE   45                        49     -4       49
  SINCE DEC 1     45                        49     -4       49
  SINCE JUL 1    417                       521   -104      464

 COOLING
  YESTERDAY        0                         0      0        0
  MONTH TO DATE    0                         0      0        0
  SINCE DEC 1      0                         0      0        0
  SINCE JAN 1    955                       830    125     1463
..................................................................


WIND (MPH)
  RESULTANT WIND SPEED   1   RESULTANT WIND DIRECTION   E (70)
  HIGHEST WIND SPEED    12   HIGHEST WIND DIRECTION    NE (60)
  HIGHEST GUST SPEED    15   HIGHEST GUST DIRECTION    NE (50)
  AVERAGE WIND SPEED     2.2


SKY COVER
  POSSIBLE SUNSHINE  MM
  AVERAGE SKY COVER 0.0


WEATHER CONDITIONS
 THE FOLLOWING WEATHER WAS RECORDED YESTERDAY.
  NO SIGNIFICANT WEATHER WAS OBSERVED.


RELATIVE HUMIDITY (PERCENT)
 HIGHEST    82           900 PM
 LOWEST     36           100 PM
 AVERAGE    59

..........................................................


THE LIVERMORE AIRPORT CLIMATE NORMALS FOR TODAY
                         NORMAL    RECORD    YEAR
 MAXIMUM TEMPERATURE (F)   58        74      1958
 MINIMUM TEMPERATURE (F)   39        25      1968


SUNRISE AND SUNSET
DECEMBER  4 2016......SUNRISE   707 AM PST   SUNSET   448 PM PST
DECEMBER  5 2016......SUNRISE   708 AM PST   SUNSET   448 PM PST


-  INDICATES NEGATIVE NUMBERS.
R  INDICATES RECORD WAS SET OR TIED.
MM INDICATES DATA IS MISSING.
T  INDICATES TRACE AMOUNT.




$$
