000
CDUS46 KMTR 250035
CLILVK


CLIMATE REPORT
NATIONAL WEATHER SERVICE SAN FRANCISCO BAY AREA
535 PM PDT THU APR 24 2014


...................................

...THE LIVERMORE AIRPORT CLIMATE SUMMARY FOR APRIL 24 2014...
VALID TODAY AS OF 0500 PM LOCAL TIME.

CLIMATE NORMAL PERIOD 1981 TO 2010
CLIMATE RECORD PERIOD 1930 TO 2014


WEATHER ITEM   OBSERVED TIME   RECORD YEAR NORMAL DEPARTURE LAST
                VALUE   (LST)  VALUE       VALUE  FROM      YEAR
                                                  NORMAL
..................................................................
TEMPERATURE (F)
 TODAY
  MAXIMUM         71    137 PM  93    1946  71      0       76
  MINIMUM         49    454 AM  29    1964  46      3       46
  AVERAGE         60                        58      2       61

PRECIPITATION (IN)
  TODAY            0.00          0.29 1983   0.03  -0.03     0.00
  MONTH TO DATE    0.51                      0.87  -0.36     0.40
  SINCE JUL 1      6.87                     14.92  -8.05    10.25
  SINCE JAN 1      4.49                      9.11  -4.62     1.96

DEGREE DAYS
 HEATING
  TODAY            5                         7     -2        4
  MONTH TO DATE  101                       221   -120      109
  SINCE MAR 1    311                       578   -267      382
  SINCE JUL 1   1825                      2585   -760     2322

 COOLING
  TODAY            0                         0      0        0
  MONTH TO DATE   10                         0     10       14
  SINCE MAR 1     10                         1      9       14
  SINCE JAN 1     10                         1      9       14
..................................................................


WIND (MPH)
  RESULTANT WIND SPEED   7   RESULTANT WIND DIRECTION   W (270)
  HIGHEST WIND SPEED    23   HIGHEST WIND DIRECTION     W (260)
  HIGHEST GUST SPEED    26   HIGHEST GUST DIRECTION     W (260)
  AVERAGE WIND SPEED     7.6


SKY COVER
  POSSIBLE SUNSHINE  MM
  AVERAGE SKY COVER 0.2


WEATHER CONDITIONS
 THE FOLLOWING WEATHER WAS RECORDED TODAY.
  NO SIGNIFICANT WEATHER WAS OBSERVED.


RELATIVE HUMIDITY (PERCENT)
 HIGHEST    93           500 AM
 LOWEST     40           100 PM
 AVERAGE    67

..........................................................


THE LIVERMORE AIRPORT CLIMATE NORMALS FOR TOMORROW
                         NORMAL    RECORD    YEAR
 MAXIMUM TEMPERATURE (F)   71        92      2004
 MINIMUM TEMPERATURE (F)   46        32      1964


SUNRISE AND SUNSET
APRIL 24 2014.........SUNRISE   620 AM PDT   SUNSET   751 PM PDT
APRIL 25 2014.........SUNRISE   619 AM PDT   SUNSET   752 PM PDT


-  INDICATES NEGATIVE NUMBERS.
R  INDICATES RECORD WAS SET OR TIED.
MM INDICATES DATA IS MISSING.
T  INDICATES TRACE AMOUNT.




$$
