000
CDUS46 KMTR 280827
CLILVK


CLIMATE REPORT
NATIONAL WEATHER SERVICE SAN FRANCISCO BAY AREA
126 AM PDT SAT MAR 28 2015


...................................

...THE LIVERMORE AIRPORT CLIMATE SUMMARY FOR MARCH 27 2015...

CLIMATE NORMAL PERIOD 1981 TO 2010
CLIMATE RECORD PERIOD 1930 TO 2015


WEATHER ITEM   OBSERVED TIME   RECORD YEAR NORMAL DEPARTURE LAST
                VALUE   (LST)  VALUE       VALUE  FROM      YEAR
                                                  NORMAL
..................................................................
TEMPERATURE (F)
 YESTERDAY
  MAXIMUM         79    158 PM  82    1969  65     14       65
  MINIMUM         51    408 AM  28    1972  43      8       49
  AVERAGE         65                        54     11       57

PRECIPITATION (IN)
  YESTERDAY        0.00          0.75 2012   0.06  -0.06     0.01
  MONTH TO DATE    0.19                      1.93  -1.74     0.63
  SINCE OCT 1     12.11                     13.55  -1.44     5.17
  SINCE JAN 1      2.49                      7.97  -5.48     3.26

DEGREE DAYS
 HEATING
  YESTERDAY        0                        11    -11        8
  MONTH TO DATE  145                       311   -166      167
  SINCE MAR 1    145                       311   -166      167
  SINCE JUL 1   1331                      2318   -987     1681

 COOLING
  YESTERDAY        0                         0      0        0
  MONTH TO DATE    6                         0      6        0
  SINCE MAR 1      6                         0      6        0
  SINCE JAN 1      6                         0      6        0
..................................................................


WIND (MPH)
  RESULTANT WIND SPEED   4   RESULTANT WIND DIRECTION   W (280)
  HIGHEST WIND SPEED    22   HIGHEST WIND DIRECTION     W (280)
  HIGHEST GUST SPEED    26   HIGHEST GUST DIRECTION     W (280)
  AVERAGE WIND SPEED     5.8


SKY COVER
  POSSIBLE SUNSHINE  MM
  AVERAGE SKY COVER 0.1


WEATHER CONDITIONS
 THE FOLLOWING WEATHER WAS RECORDED YESTERDAY.
  NO SIGNIFICANT WEATHER WAS OBSERVED.


RELATIVE HUMIDITY (PERCENT)
 HIGHEST    86          1000 PM
 LOWEST     35          1200 PM
 AVERAGE    61

..........................................................


THE LIVERMORE AIRPORT CLIMATE NORMALS FOR TODAY
                         NORMAL    RECORD    YEAR
 MAXIMUM TEMPERATURE (F)   65        82      1969
 MINIMUM TEMPERATURE (F)   43        30      1972


SUNRISE AND SUNSET
MARCH 28 2015.........SUNRISE   659 AM PDT   SUNSET   726 PM PDT
MARCH 29 2015.........SUNRISE   657 AM PDT   SUNSET   727 PM PDT


-  INDICATES NEGATIVE NUMBERS.
R  INDICATES RECORD WAS SET OR TIED.
MM INDICATES DATA IS MISSING.
T  INDICATES TRACE AMOUNT.




$$
