000
CDUS46 KMTR 240836
CLILVK


CLIMATE REPORT
NATIONAL WEATHER SERVICE SAN FRANCISCO BAY AREA
136 AM PDT TUE MAY 24 2016


...................................

...THE LIVERMORE AIRPORT CLIMATE SUMMARY FOR MAY 23 2016...

CLIMATE NORMAL PERIOD 1981 TO 2010
CLIMATE RECORD PERIOD 1930 TO 2016


WEATHER ITEM   OBSERVED TIME   RECORD YEAR NORMAL DEPARTURE LAST
                VALUE   (LST)  VALUE       VALUE  FROM      YEAR
                                                  NORMAL
..................................................................
TEMPERATURE (F)
 YESTERDAY
  MAXIMUM         70    256 PM 101    1943  76     -6       71
  MINIMUM         50    103 AM  38    2010  50      0       54
  AVERAGE         60                        63     -3       63

PRECIPITATION (IN)
  YESTERDAY        0.00          0.56 1958   0.01  -0.01     0.00
  MONTH TO DATE    0.20                      0.54  -0.34     0.47
  SINCE OCT 1     15.38                     15.36   0.02    13.51
  SINCE JAN 1     10.38                      9.78   0.60     3.89

DEGREE DAYS
 HEATING
  YESTERDAY        5                         4      1        2
  MONTH TO DATE   56                       104    -48       74
  SINCE MAR 1    476                       719   -243      368
  SINCE JUL 1   2181                      2726   -545     1554

 COOLING
  YESTERDAY        0                         2     -2        0
  MONTH TO DATE   25                        32     -7       11
  SINCE MAR 1     33                        41     -8       31
  SINCE JAN 1     33                        41     -8       31
..................................................................


WIND (MPH)
  RESULTANT WIND SPEED   8   RESULTANT WIND DIRECTION   W (260)
  HIGHEST WIND SPEED    21   HIGHEST WIND DIRECTION     W (280)
  HIGHEST GUST SPEED    25   HIGHEST GUST DIRECTION     W (280)
  AVERAGE WIND SPEED     9.9


SKY COVER
  POSSIBLE SUNSHINE  MM
  AVERAGE SKY COVER 0.4


WEATHER CONDITIONS
 THE FOLLOWING WEATHER WAS RECORDED YESTERDAY.
  NO SIGNIFICANT WEATHER WAS OBSERVED.


RELATIVE HUMIDITY (PERCENT)
 HIGHEST    83          1200 AM
 LOWEST     40          1200 PM
 AVERAGE    62

..........................................................


THE LIVERMORE AIRPORT CLIMATE NORMALS FOR TODAY
                         NORMAL    RECORD    YEAR
 MAXIMUM TEMPERATURE (F)   76        98      1982
 MINIMUM TEMPERATURE (F)   51        40      1980


SUNRISE AND SUNSET
MAY 24 2016...........SUNRISE   551 AM PDT   SUNSET   818 PM PDT
MAY 25 2016...........SUNRISE   550 AM PDT   SUNSET   819 PM PDT


-  INDICATES NEGATIVE NUMBERS.
R  INDICATES RECORD WAS SET OR TIED.
MM INDICATES DATA IS MISSING.
T  INDICATES TRACE AMOUNT.




$$
