712
CDUS46 KMTR 170044
CLILVK


CLIMATE REPORT
NATIONAL WEATHER SERVICE SAN FRANCISCO BAY AREA
443 PM PST TUE JAN 16 2018


...................................

...THE LIVERMORE AIRPORT CLIMATE SUMMARY FOR JANUARY 16 2018...
VALID TODAY AS OF 0400 PM LOCAL TIME.

CLIMATE NORMAL PERIOD 1981 TO 2010
CLIMATE RECORD PERIOD 1930 TO 2018


WEATHER ITEM   OBSERVED TIME   RECORD YEAR NORMAL DEPARTURE LAST
                VALUE   (LST)  VALUE       VALUE  FROM      YEAR
                                                  NORMAL
..................................................................
TEMPERATURE (F)
 TODAY
  MAXIMUM         61   1205 PM  71    2014  56      5       50
  MINIMUM         50    231 AM  23    2012  37     13       32
                                      2007
  AVERAGE         56                        46     10       41

PRECIPITATION (IN)
  TODAY            T             1.10 1996   0.08  -0.08     0.00
  MONTH TO DATE    2.49                      1.91   0.58     5.23
  SINCE OCT 1      4.48                      7.49  -3.01    11.69
  SINCE JAN 1      2.49                      1.91   0.58     5.23

DEGREE DAYS
 HEATING
  TODAY            9                        18     -9       24
  MONTH TO DATE  207                       303    -96      283
  SINCE DEC 1    732                       862   -130      839
  SINCE JUL 1   1094                      1334   -240     1211

 COOLING
  TODAY            0                         0      0        0
  MONTH TO DATE    0                         0      0        0
  SINCE DEC 1      0                         0      0        0
  SINCE JAN 1      0                         0      0        0
..................................................................


WIND (MPH)
  RESULTANT WIND SPEED   2   RESULTANT WIND DIRECTION   E (80)
  HIGHEST WIND SPEED    15   HIGHEST WIND DIRECTION     E (90)
  HIGHEST GUST SPEED    18   HIGHEST GUST DIRECTION     E (80)
  AVERAGE WIND SPEED     4.0


SKY COVER
  POSSIBLE SUNSHINE  MM
  AVERAGE SKY COVER 0.7


WEATHER CONDITIONS
 THE FOLLOWING WEATHER WAS RECORDED TODAY.
  FOG
  HAZE


RELATIVE HUMIDITY (PERCENT)
 HIGHEST    96           600 AM
 LOWEST     72          1200 PM
 AVERAGE    84

..........................................................


THE LIVERMORE AIRPORT CLIMATE NORMALS FOR TOMORROW
                         NORMAL    RECORD    YEAR
 MAXIMUM TEMPERATURE (F)   56        70      1986
 MINIMUM TEMPERATURE (F)   37        23      1963


SUNRISE AND SUNSET
JANUARY 16 2018.......SUNRISE   721 AM PST   SUNSET   514 PM PST
JANUARY 17 2018.......SUNRISE   720 AM PST   SUNSET   515 PM PST


-  INDICATES NEGATIVE NUMBERS.
R  INDICATES RECORD WAS SET OR TIED.
MM INDICATES DATA IS MISSING.
T  INDICATES TRACE AMOUNT.




$$
