000
CDUS45 KBYZ 241001
CLILVM


CLIMATE REPORT
NATIONAL WEATHER SERVICE BILLINGS MT
357 AM MDT TUE MAY 24 2016


...................................

...THE LIVINGSTON MT CLIMATE SUMMARY FOR MAY 23 2016...

CLIMATE NORMAL PERIOD 1981 TO 2010
CLIMATE RECORD PERIOD 1948 TO 2016


WEATHER ITEM   OBSERVED TIME   RECORD YEAR NORMAL DEPARTURE LAST
                VALUE   (LST)  VALUE       VALUE  FROM      YEAR
                                                  NORMAL
..................................................................
TEMPERATURE (F)
 YESTERDAY
  MAXIMUM         57    140 PM  89    1956  67    -10       55
  MINIMUM         42   1143 PM  25    1995  39      3       48
  AVERAGE         50                        53     -3       52

PRECIPITATION (IN)
  YESTERDAY        0.00          0.97 1996   0.09  -0.09     0.41
  MONTH TO DATE    1.80                      1.88  -0.08     3.24
  SINCE OCT 1      8.16                      7.85   0.31     7.72
  SINCE JAN 1      4.46                      5.48  -1.02     5.93

DEGREE DAYS
 HEATING
  YESTERDAY       15                        12      3       13
  MONTH TO DATE  318                       356    -38      384
  SINCE MAR 1   1617                      1956   -339     1612
  SINCE JUL 1   6220                      7304  -1084     6226

 COOLING
  YESTERDAY        0                         0      0        0
  MONTH TO DATE    0                         0      0        0
  SINCE MAR 1      0                         0      0        0
  SINCE JAN 1      0                         0      0        0
..................................................................


WIND (MPH)
  HIGHEST WIND SPEED    35   HIGHEST WIND DIRECTION     W (270)
  HIGHEST GUST SPEED    43   HIGHEST GUST DIRECTION     W (270)
  AVERAGE WIND SPEED    18.5


SKY COVER
  POSSIBLE SUNSHINE  MM
  AVERAGE SKY COVER 0.6


WEATHER CONDITIONS
 THE FOLLOWING WEATHER WAS RECORDED YESTERDAY.
  NO SIGNIFICANT WEATHER WAS OBSERVED.


RELATIVE HUMIDITY (PERCENT)
 HIGHEST    76          1100 PM
 LOWEST     35          1000 AM
 AVERAGE    56

..........................................................


THE LIVINGSTON MT CLIMATE NORMALS FOR TODAY
                         NORMAL    RECORD    YEAR
 MAXIMUM TEMPERATURE (F)   67        86      1988
 MINIMUM TEMPERATURE (F)   39        27      2007


SUNRISE AND SUNSET
MAY 24 2016...........SUNRISE   541 AM MDT   SUNSET   857 PM MDT
MAY 25 2016...........SUNRISE   540 AM MDT   SUNSET   858 PM MDT


-  INDICATES NEGATIVE NUMBERS.
R  INDICATES RECORD WAS SET OR TIED.
MM INDICATES DATA IS MISSING.
T  INDICATES TRACE AMOUNT.





&&

THIS IS AN AUTOMATED...UNATTENDED WEATHER STATION AND MAY
UNDERESTIMATE WINTER PRECIPITATION.

$$
