000
CDUS45 KBYZ 232225
CLILVM


CLIMATE REPORT
NATIONAL WEATHER SERVICE BILLINGS MT
425 PM MDT SUN APR 23 2017


...................................

...THE LIVINGSTON MT CLIMATE SUMMARY FOR APRIL 23 2017...
VALID TODAY AS OF 0400 PM LOCAL TIME.

CLIMATE NORMAL PERIOD 1981 TO 2010
CLIMATE RECORD PERIOD 1948 TO 2017


WEATHER ITEM   OBSERVED TIME   RECORD YEAR NORMAL DEPARTURE LAST
                VALUE   (LST)  VALUE       VALUE  FROM      YEAR
                                                  NORMAL
..................................................................
TEMPERATURE (F)
 TODAY
  MAXIMUM         61    243 PM  86    2012  57      4       63
  MINIMUM         38    522 AM  12    2013  30      8       42
  AVERAGE         50                        44      6       53

PRECIPITATION (IN)
  TODAY            0.00          0.65 1993   0.07  -0.07     0.36
  MONTH TO DATE    0.88                      1.27  -0.39     0.79
  SINCE OCT 1      6.97                      5.47   1.50     5.91
  SINCE JAN 1      3.04                      3.10  -0.06     2.21

DEGREE DAYS
 HEATING
  TODAY           15                        21     -6       12
  MONTH TO DATE  471                       549    -78      359
  SINCE MAR 1   1190                      1460   -270     1136
  SINCE JUL 1   6416                      6808   -392     5739

 COOLING
  TODAY            0                         0      0        0
  MONTH TO DATE    0                         0      0        0
  SINCE MAR 1      0                         0      0        0
  SINCE JAN 1      0                         0      0        0
..................................................................


WIND (MPH)
  HIGHEST WIND SPEED    39   HIGHEST WIND DIRECTION     W (260)
  HIGHEST GUST SPEED    49   HIGHEST GUST DIRECTION     W (270)
  AVERAGE WIND SPEED    13.8


SKY COVER
  POSSIBLE SUNSHINE  MM
  AVERAGE SKY COVER 0.3


WEATHER CONDITIONS
 THE FOLLOWING WEATHER WAS RECORDED TODAY.
  NO SIGNIFICANT WEATHER WAS OBSERVED.


RELATIVE HUMIDITY (PERCENT)
 HIGHEST    85           200 AM
 LOWEST     36           200 PM
 AVERAGE    61

..........................................................


THE LIVINGSTON MT CLIMATE NORMALS FOR TOMORROW
                         NORMAL    RECORD    YEAR
 MAXIMUM TEMPERATURE (F)   58        81      2012
                                             1962
 MINIMUM TEMPERATURE (F)   31        20      2009
                                             1960


SUNRISE AND SUNSET
APRIL 23 2017.........SUNRISE   622 AM MDT   SUNSET   819 PM MDT
APRIL 24 2017.........SUNRISE   620 AM MDT   SUNSET   820 PM MDT


-  INDICATES NEGATIVE NUMBERS.
R  INDICATES RECORD WAS SET OR TIED.
MM INDICATES DATA IS MISSING.
T  INDICATES TRACE AMOUNT.





&&

THIS IS AN AUTOMATED...UNATTENDED WEATHER STATION AND MAY
UNDERESTIMATE WINTER PRECIPITATION.

$$
