000
CDUS45 KBYZ 281033
CLILVM


CLIMATE REPORT
NATIONAL WEATHER SERVICE BILLINGS MT
332 AM MST SUN DEC 28 2014


...................................

...THE LIVINGSTON MT CLIMATE SUMMARY FOR DECEMBER 27 2014...

CLIMATE NORMAL PERIOD 1981 TO 2010
CLIMATE RECORD PERIOD 1948 TO 2014


WEATHER ITEM   OBSERVED TIME   RECORD YEAR NORMAL DEPARTURE LAST
                VALUE   (LST)  VALUE       VALUE  FROM      YEAR
                                                  NORMAL
..................................................................
TEMPERATURE (F)
 YESTERDAY
  MAXIMUM         28    520 PM  61    1980  36     -8       49
  MINIMUM          4   1240 AM  -4    1988  16    -12       39
  AVERAGE         16                        26    -10       44

PRECIPITATION (IN)
  YESTERDAY        T             0.13        0.01  -0.01     0.00
  MONTH TO DATE    0.28                      0.46  -0.18     0.60
  SINCE OCT 1      1.66                      2.31  -0.65     2.11
  SINCE JAN 1     15.33                     14.75   0.58    11.90

DEGREE DAYS
 HEATING
  YESTERDAY       49                        39     10       21
  MONTH TO DATE  817                      1049   -232     1129
  SINCE DEC 1    817                      1049   -232     1129
  SINCE JUL 1   2555                      3008   -453     2836

 COOLING
  YESTERDAY        0                         0      0        0
  MONTH TO DATE    0                         0      0        0
  SINCE DEC 1      0                         0      0        0
  SINCE JAN 1    321                       230     91      495
..................................................................


WIND (MPH)
  HIGHEST WIND SPEED    47   HIGHEST WIND DIRECTION    SW (220)
  HIGHEST GUST SPEED    57   HIGHEST GUST DIRECTION    SW (220)
  AVERAGE WIND SPEED    29.9


SKY COVER
  POSSIBLE SUNSHINE  MM
  AVERAGE SKY COVER 0.6


WEATHER CONDITIONS
 THE FOLLOWING WEATHER WAS RECORDED YESTERDAY.
  LIGHT SNOW
  HAZE


RELATIVE HUMIDITY (PERCENT)
 HIGHEST    83          1200 AM
 LOWEST     46           300 PM
 AVERAGE    65

..........................................................


THE LIVINGSTON MT CLIMATE NORMALS FOR TODAY
                         NORMAL    RECORD    YEAR
 MAXIMUM TEMPERATURE (F)   36        57      1980
 MINIMUM TEMPERATURE (F)   16       -18      1990


SUNRISE AND SUNSET
DECEMBER 28 2014......SUNRISE   802 AM MST   SUNSET   445 PM MST
DECEMBER 29 2014......SUNRISE   802 AM MST   SUNSET   446 PM MST


-  INDICATES NEGATIVE NUMBERS.
R  INDICATES RECORD WAS SET OR TIED.
MM INDICATES DATA IS MISSING.
T  INDICATES TRACE AMOUNT.





&&

THIS IS AN AUTOMATED...UNATTENDED WEATHER STATION AND MAY
UNDERESTIMATE WINTER PRECIPITATION.

$$
