000
CDUS45 KBYZ 271034
CLILVM


CLIMATE REPORT
NATIONAL WEATHER SERVICE BILLINGS MT
333 AM MST THU NOV 27 2014


...................................

...THE LIVINGSTON MT CLIMATE SUMMARY FOR NOVEMBER 26 2014...

CLIMATE NORMAL PERIOD 1981 TO 2010
CLIMATE RECORD PERIOD 1948 TO 2014


WEATHER ITEM   OBSERVED TIME   RECORD YEAR NORMAL DEPARTURE LAST
                VALUE   (LST)  VALUE       VALUE  FROM      YEAR
                                                  NORMAL
..................................................................
TEMPERATURE (F)
 YESTERDAY
  MAXIMUM         47    712 PM  64    1998  39      8       52
  MINIMUM         26    910 AM -21    1985  21      5       23
  AVERAGE         37                        30      7       38

PRECIPITATION (IN)
  YESTERDAY        0.22          0.36        0.02   0.20     0.00
  MONTH TO DATE    1.02                      0.51   0.51     0.36
  SINCE OCT 1      1.31                      1.77  -0.46     1.51
  SINCE JAN 1     14.98                     14.21   0.77    11.30

DEGREE DAYS
 HEATING
  YESTERDAY       28                        35     -7       27
  MONTH TO DATE  892                       787    105      754
  SINCE SEP 1   1541                      1697   -156     1606
  SINCE JUL 1   1610                      1815   -205     1606

 COOLING
  YESTERDAY        0                         0      0        0
  MONTH TO DATE    0                         0      0        0
  SINCE SEP 1     18                        15      3       56
  SINCE JAN 1    321                       230     91      495
..................................................................


WIND (MPH)
  HIGHEST WIND SPEED    26   HIGHEST WIND DIRECTION    SW (230)
  HIGHEST GUST SPEED    35   HIGHEST GUST DIRECTION    SW (230)
  AVERAGE WIND SPEED     7.4


SKY COVER
  POSSIBLE SUNSHINE  MM
  AVERAGE SKY COVER 0.9


WEATHER CONDITIONS
 THE FOLLOWING WEATHER WAS RECORDED YESTERDAY.
  LIGHT SNOW
  FOG


RELATIVE HUMIDITY (PERCENT)
 HIGHEST    92          1200 AM
 LOWEST     53           700 PM
 AVERAGE    73

..........................................................


THE LIVINGSTON MT CLIMATE NORMALS FOR TODAY
                         NORMAL    RECORD    YEAR
 MAXIMUM TEMPERATURE (F)   38        64      1950
 MINIMUM TEMPERATURE (F)   20       -11      1985


SUNRISE AND SUNSET
NOVEMBER 27 2014......SUNRISE   737 AM MST   SUNSET   441 PM MST
NOVEMBER 28 2014......SUNRISE   739 AM MST   SUNSET   441 PM MST


-  INDICATES NEGATIVE NUMBERS.
R  INDICATES RECORD WAS SET OR TIED.
MM INDICATES DATA IS MISSING.
T  INDICATES TRACE AMOUNT.





&&

THIS IS AN AUTOMATED...UNATTENDED WEATHER STATION AND MAY
UNDERESTIMATE WINTER PRECIPITATION.

$$
