000
CDUS45 KBYZ 270934
CLILVM


CLIMATE REPORT
NATIONAL WEATHER SERVICE BILLINGS MT
332 AM MDT SAT AUG 27 2016


...................................

...THE LIVINGSTON MT CLIMATE SUMMARY FOR AUGUST 26 2016...

CLIMATE NORMAL PERIOD 1981 TO 2010
CLIMATE RECORD PERIOD 1948 TO 2016


WEATHER ITEM   OBSERVED TIME   RECORD YEAR NORMAL DEPARTURE LAST
                VALUE   (LST)  VALUE       VALUE  FROM      YEAR
                                                  NORMAL
..................................................................
TEMPERATURE (F)
 YESTERDAY
  MAXIMUM         76    332 PM  99    2010  81     -5       90
  MINIMUM         38    539 AM  34    1992  45     -7       46
  AVERAGE         57                        63     -6       68

PRECIPITATION (IN)
  YESTERDAY        0.00          0.54 1977   0.04  -0.04     0.00
  MONTH TO DATE    1.16                      0.93   0.23     1.20
  SINCE OCT 1     12.05                     13.42  -1.37    11.85
  SINCE JAN 1      8.35                     11.05  -2.70    10.06

DEGREE DAYS
 HEATING
  YESTERDAY        8                         3      5        0
  MONTH TO DATE   55                        46      9       57
  SINCE JUN 1    166                       303   -137      121
  SINCE JUL 1     88                        96     -8       67

 COOLING
  YESTERDAY        0                         2     -2        3
  MONTH TO DATE   69                        81    -12      102
  SINCE JUN 1    291                       209     82      316
  SINCE JAN 1    291                       210     81      317
..................................................................


WIND (MPH)
  HIGHEST WIND SPEED    16   HIGHEST WIND DIRECTION     E (100)
  HIGHEST GUST SPEED    23   HIGHEST GUST DIRECTION     E (90)
  AVERAGE WIND SPEED     4.5


SKY COVER
  POSSIBLE SUNSHINE  MM
  AVERAGE SKY COVER 0.0


WEATHER CONDITIONS
 THE FOLLOWING WEATHER WAS RECORDED YESTERDAY.
  NO SIGNIFICANT WEATHER WAS OBSERVED.


RELATIVE HUMIDITY (PERCENT)
 HIGHEST    79           500 AM
 LOWEST     20           600 PM
 AVERAGE    50

..........................................................


THE LIVINGSTON MT CLIMATE NORMALS FOR TODAY
                         NORMAL    RECORD    YEAR
 MAXIMUM TEMPERATURE (F)   81        98      2011
 MINIMUM TEMPERATURE (F)   45        35      1993


SUNRISE AND SUNSET
AUGUST 27 2016........SUNRISE   637 AM MDT   SUNSET   808 PM MDT
AUGUST 28 2016........SUNRISE   639 AM MDT   SUNSET   806 PM MDT


-  INDICATES NEGATIVE NUMBERS.
R  INDICATES RECORD WAS SET OR TIED.
MM INDICATES DATA IS MISSING.
T  INDICATES TRACE AMOUNT.





&&

THIS IS AN AUTOMATED...UNATTENDED WEATHER STATION AND MAY
UNDERESTIMATE WINTER PRECIPITATION.

$$
