000
CDUS45 KBYZ 022329
CLILVM


CLIMATE REPORT
NATIONAL WEATHER SERVICE BILLINGS MT
427 PM MST MON MAR 2 2015


...................................

...THE LIVINGSTON MT CLIMATE SUMMARY FOR MARCH 2 2015...
VALID TODAY AS OF 0400 PM LOCAL TIME.

CLIMATE NORMAL PERIOD 1981 TO 2010
CLIMATE RECORD PERIOD 1948 TO 2015


WEATHER ITEM   OBSERVED TIME   RECORD YEAR NORMAL DEPARTURE LAST
                VALUE   (LST)  VALUE       VALUE  FROM      YEAR
                                                  NORMAL
..................................................................
TEMPERATURE (F)
 TODAY
  MAXIMUM         44    325 PM  66    2009  44      0        1
  MINIMUM         12   1229 AM -20    1978  21     -9      -15
  AVERAGE         28                        32     -4       -7

PRECIPITATION (IN)
  TODAY            0.00          0.51        0.02  -0.02      T
  MONTH TO DATE    0.00                      0.04  -0.04      T
  SINCE OCT 1      2.98                      3.40  -0.42     3.39
  SINCE JAN 1      1.19                      1.03   0.16     1.10

DEGREE DAYS
 HEATING
  TODAY           37                        33      4       72
  MONTH TO DATE   83                        66     17      146
  SINCE MAR 1     83                        66     17      146
  SINCE JUL 1   4697                      5414   -717     5389

 COOLING
  TODAY            0                         0      0        0
  MONTH TO DATE    0                         0      0        0
  SINCE MAR 1      0                         0      0        0
  SINCE JAN 1      0                         0      0        0
..................................................................


WIND (MPH)
  HIGHEST WIND SPEED    24   HIGHEST WIND DIRECTION     W (270)
  HIGHEST GUST SPEED    36   HIGHEST GUST DIRECTION     W (270)
  AVERAGE WIND SPEED    13.0


SKY COVER
  POSSIBLE SUNSHINE  MM
  AVERAGE SKY COVER 0.0


WEATHER CONDITIONS
 THE FOLLOWING WEATHER WAS RECORDED TODAY.
  NO SIGNIFICANT WEATHER WAS OBSERVED.


RELATIVE HUMIDITY (PERCENT)
 HIGHEST    73          1200 AM
 LOWEST     22           200 PM
 AVERAGE    48

..........................................................


THE LIVINGSTON MT CLIMATE NORMALS FOR TOMORROW
                         NORMAL    RECORD    YEAR
 MAXIMUM TEMPERATURE (F)   44        64      1994
 MINIMUM TEMPERATURE (F)   21       -17      1976


SUNRISE AND SUNSET
MARCH  2 2015.........SUNRISE   659 AM MST   SUNSET   610 PM MST
MARCH  3 2015.........SUNRISE   657 AM MST   SUNSET   611 PM MST


-  INDICATES NEGATIVE NUMBERS.
R  INDICATES RECORD WAS SET OR TIED.
MM INDICATES DATA IS MISSING.
T  INDICATES TRACE AMOUNT.





&&

THIS IS AN AUTOMATED...UNATTENDED WEATHER STATION AND MAY
UNDERESTIMATE WINTER PRECIPITATION.

$$
