000
CDUS45 KBYZ 302226
CLILVM


CLIMATE REPORT
NATIONAL WEATHER SERVICE BILLINGS MT
424 PM MDT SAT JUL 30 2016


...................................

...THE LIVINGSTON MT CLIMATE SUMMARY FOR JULY 30 2016...
VALID TODAY AS OF 0400 PM LOCAL TIME.

CLIMATE NORMAL PERIOD 1981 TO 2010
CLIMATE RECORD PERIOD 1948 TO 2016


WEATHER ITEM   OBSERVED TIME   RECORD YEAR NORMAL DEPARTURE LAST
                VALUE   (LST)  VALUE       VALUE  FROM      YEAR
                                                  NORMAL
..................................................................
TEMPERATURE (F)
 TODAY
  MAXIMUM         97    300 PM 104    2000  87     10       90
  MINIMUM         53    459 AM  39    1971  50      3       43
  AVERAGE         75                        68      7       67

PRECIPITATION (IN)
  TODAY            0.00          0.78 1975   0.04  -0.04     0.00
  MONTH TO DATE    1.39                      1.43  -0.04     1.17
  SINCE OCT 1     10.89                     12.45  -1.56    10.65
  SINCE JAN 1      7.19                     10.08  -2.89     8.86

DEGREE DAYS
 HEATING
  TODAY            0                         1     -1        0
  MONTH TO DATE   33                        49    -16       10
  SINCE JUN 1    111                       256   -145       64
  SINCE JUL 1     33                        49    -16       10

 COOLING
  TODAY           10                         4      6        2
  MONTH TO DATE  141                       102     39      110
  SINCE JUN 1    211                       121     90      209
  SINCE JAN 1    211                       122     89      210
..................................................................


WIND (MPH)
  HIGHEST WIND SPEED    23   HIGHEST WIND DIRECTION     W (280)
  HIGHEST GUST SPEED    29   HIGHEST GUST DIRECTION     W (280)
  AVERAGE WIND SPEED     7.8


SKY COVER
  POSSIBLE SUNSHINE  MM
  AVERAGE SKY COVER 0.0


WEATHER CONDITIONS
 THE FOLLOWING WEATHER WAS RECORDED TODAY.
  NO SIGNIFICANT WEATHER WAS OBSERVED.


RELATIVE HUMIDITY (PERCENT)
 HIGHEST    77           500 AM
 LOWEST     12           300 PM
 AVERAGE    45

..........................................................


THE LIVINGSTON MT CLIMATE NORMALS FOR TOMORROW
                         NORMAL    RECORD    YEAR
 MAXIMUM TEMPERATURE (F)   87       100      2000
 MINIMUM TEMPERATURE (F)   50        37      1995


SUNRISE AND SUNSET
JULY 30 2016..........SUNRISE   603 AM MDT   SUNSET   852 PM MDT
JULY 31 2016..........SUNRISE   605 AM MDT   SUNSET   851 PM MDT


-  INDICATES NEGATIVE NUMBERS.
R  INDICATES RECORD WAS SET OR TIED.
MM INDICATES DATA IS MISSING.
T  INDICATES TRACE AMOUNT.





&&

THIS IS AN AUTOMATED...UNATTENDED WEATHER STATION AND MAY
UNDERESTIMATE WINTER PRECIPITATION.

$$
