000
CDUS45 KBYZ 192323
CLILVM


CLIMATE REPORT
NATIONAL WEATHER SERVICE BILLINGS MT
423 PM MST FRI JAN 19 2018


...................................

...THE LIVINGSTON MT CLIMATE SUMMARY FOR JANUARY 19 2018...
VALID TODAY AS OF 0400 PM LOCAL TIME.

CLIMATE NORMAL PERIOD 1981 TO 2010
CLIMATE RECORD PERIOD 1948 TO 2018


WEATHER ITEM   OBSERVED TIME   RECORD YEAR NORMAL DEPARTURE LAST
                VALUE   (LST)  VALUE       VALUE  FROM      YEAR
                                                  NORMAL
..................................................................
TEMPERATURE (F)
 TODAY
  MAXIMUM         37   1211 AM  59    1986  37      0       46
  MINIMUM         32    359 PM -27    1962  18     14       37
  AVERAGE         35                        27      8       42

PRECIPITATION (IN)
  TODAY            0.46R         0.24 2011   0.01   0.45     0.00
  MONTH TO DATE    0.88                      0.30   0.58     0.18
  SINCE OCT 1      3.92                      2.67   1.25     4.11
  SINCE JAN 1      0.88                      0.30   0.58     0.18

DEGREE DAYS
 HEATING
  TODAY           30                        38     -8       23
  MONTH TO DATE  651                       726    -75      913
  SINCE DEC 1   1864                      1932    -68     2342
  SINCE JUL 1   3687                      3891   -204     3840

 COOLING
  TODAY            0                         0      0        0
  MONTH TO DATE    0                         0      0        0
  SINCE DEC 1      0                         0      0        0
  SINCE JAN 1      0                         0      0        0
..................................................................


WIND (MPH)
  HIGHEST WIND SPEED    15   HIGHEST WIND DIRECTION    NW (310)
  HIGHEST GUST SPEED    19   HIGHEST GUST DIRECTION    NW (330)
  AVERAGE WIND SPEED     6.1


SKY COVER
  POSSIBLE SUNSHINE  MM
  AVERAGE SKY COVER 0.9


WEATHER CONDITIONS
 THE FOLLOWING WEATHER WAS RECORDED TODAY.
  RAIN
  LIGHT RAIN
  HEAVY SNOW
  SNOW
  LIGHT SNOW
  FOG
  FOG W/VISIBILITY <= 1/4 MILE


RELATIVE HUMIDITY (PERCENT)
 HIGHEST   100           200 AM
 LOWEST     92          1000 AM
 AVERAGE    96

..........................................................


THE LIVINGSTON MT CLIMATE NORMALS FOR TOMORROW
                         NORMAL    RECORD    YEAR
 MAXIMUM TEMPERATURE (F)   37        58      2005
 MINIMUM TEMPERATURE (F)   18       -30      1954


SUNRISE AND SUNSET
JANUARY 19 2018.......SUNRISE   756 AM MST   SUNSET   510 PM MST
JANUARY 20 2018.......SUNRISE   755 AM MST   SUNSET   511 PM MST


-  INDICATES NEGATIVE NUMBERS.
R  INDICATES RECORD WAS SET OR TIED.
MM INDICATES DATA IS MISSING.
T  INDICATES TRACE AMOUNT.




$$
