000
CDUS45 KBYZ 240931
CLILVM


CLIMATE REPORT
NATIONAL WEATHER SERVICE BILLINGS MT
331 AM MDT THU JUL 24 2014


...................................

...THE LIVINGSTON MT CLIMATE SUMMARY FOR JULY 23 2014...

CLIMATE NORMAL PERIOD 1981 TO 2010
CLIMATE RECORD PERIOD 1948 TO 2014


WEATHER ITEM   OBSERVED TIME   RECORD YEAR NORMAL DEPARTURE LAST
                VALUE   (LST)  VALUE       VALUE  FROM      YEAR
                                                  NORMAL
..................................................................
TEMPERATURE (F)
 YESTERDAY
  MAXIMUM         97    420 PM 101    2003  87     10       93
  MINIMUM         52    426 AM  42    2001  50      2       46
  AVERAGE         75                        68      7       70

PRECIPITATION (IN)
  YESTERDAY        0.00          1.26 1992   0.04  -0.04     0.00
  MONTH TO DATE    0.45                      1.16  -0.71     1.28
  SINCE OCT 1     11.54                     12.18  -0.64     9.37
  SINCE JAN 1      9.25                      9.81  -0.56     7.07

DEGREE DAYS
 HEATING
  YESTERDAY        0                         1     -1        0
  MONTH TO DATE    9                        42    -33        0
  SINCE JUN 1    204                       249    -45      137
  SINCE JUL 1      9                        42    -33        0

 COOLING
  YESTERDAY       10                         4      6        5
  MONTH TO DATE  137                        74     63      141
  SINCE JUN 1    139                        93     46      183
  SINCE JAN 1    144                        94     50      191
..................................................................


WIND (MPH)
  HIGHEST WIND SPEED    15   HIGHEST WIND DIRECTION     E (100)
  HIGHEST GUST SPEED    19   HIGHEST GUST DIRECTION     E (100)
  AVERAGE WIND SPEED     5.8


SKY COVER
  POSSIBLE SUNSHINE  MM
  AVERAGE SKY COVER 0.0


WEATHER CONDITIONS
 THE FOLLOWING WEATHER WAS RECORDED YESTERDAY.
  NO SIGNIFICANT WEATHER WAS OBSERVED.


RELATIVE HUMIDITY (PERCENT)
 HIGHEST    86           600 AM
 LOWEST     15           800 PM
 AVERAGE    51

..........................................................


THE LIVINGSTON MT CLIMATE NORMALS FOR TODAY
                         NORMAL    RECORD    YEAR
 MAXIMUM TEMPERATURE (F)   87        99      1999
 MINIMUM TEMPERATURE (F)   50        41      2010


SUNRISE AND SUNSET
JULY 24 2014..........SUNRISE   556 AM MDT   SUNSET   900 PM MDT
JULY 25 2014..........SUNRISE   557 AM MDT   SUNSET   859 PM MDT


-  INDICATES NEGATIVE NUMBERS.
R  INDICATES RECORD WAS SET OR TIED.
MM INDICATES DATA IS MISSING.
T  INDICATES TRACE AMOUNT.





&&

THIS IS AN AUTOMATED...UNATTENDED WEATHER STATION AND MAY
UNDERESTIMATE WINTER PRECIPITATION.

$$
