000
CDUS45 KBYZ 262223
CLILVM


CLIMATE REPORT
NATIONAL WEATHER SERVICE BILLINGS MT
423 PM MDT WED JUL 26 2017


...................................

...THE LIVINGSTON MT CLIMATE SUMMARY FOR JULY 26 2017...
VALID TODAY AS OF 0400 PM LOCAL TIME.

CLIMATE NORMAL PERIOD 1981 TO 2010
CLIMATE RECORD PERIOD 1948 TO 2017


WEATHER ITEM   OBSERVED TIME   RECORD YEAR NORMAL DEPARTURE LAST
                VALUE   (LST)  VALUE       VALUE  FROM      YEAR
                                                  NORMAL
..................................................................
TEMPERATURE (F)
 TODAY
  MAXIMUM         87   1259 PM  98    2008  87      0       94
                                      1988
  MINIMUM         44    318 AM  42    1971  50     -6       51
  AVERAGE         66                        68     -2       73

PRECIPITATION (IN)
  TODAY            0.00          0.71 1993   0.04  -0.04      T
  MONTH TO DATE    0.42                      1.28  -0.86     1.19
  SINCE OCT 1     14.10                     12.30   1.80    10.69
  SINCE JAN 1     10.17                      9.93   0.24     6.99

DEGREE DAYS
 HEATING
  TODAY            0                         1     -1        0
  MONTH TO DATE    2                        45    -43       33
  SINCE JUN 1    160                       252    -92      111
  SINCE JUL 1      2                        45    -43       33

 COOLING
  TODAY            1                         4     -3        8
  MONTH TO DATE  185                        86     99      115
  SINCE JUN 1    208                       105    103      185
  SINCE JAN 1    208                       106    102      185
..................................................................


WIND (MPH)
  HIGHEST WIND SPEED    12   HIGHEST WIND DIRECTION    NW (300)
  HIGHEST GUST SPEED    16   HIGHEST GUST DIRECTION     E (90)
  AVERAGE WIND SPEED     3.6


SKY COVER
  POSSIBLE SUNSHINE  MM
  AVERAGE SKY COVER 0.1


WEATHER CONDITIONS
 THE FOLLOWING WEATHER WAS RECORDED TODAY.
  THUNDERSTORM


RELATIVE HUMIDITY (PERCENT)
 HIGHEST    86           300 AM
 LOWEST     27           100 PM
 AVERAGE    57

..........................................................


THE LIVINGSTON MT CLIMATE NORMALS FOR TOMORROW
                         NORMAL    RECORD    YEAR
 MAXIMUM TEMPERATURE (F)   87        99      2006
                                             1999
 MINIMUM TEMPERATURE (F)   50        40      1969


SUNRISE AND SUNSET
JULY 26 2017..........SUNRISE   559 AM MDT   SUNSET   857 PM MDT
JULY 27 2017..........SUNRISE   600 AM MDT   SUNSET   856 PM MDT


-  INDICATES NEGATIVE NUMBERS.
R  INDICATES RECORD WAS SET OR TIED.
MM INDICATES DATA IS MISSING.
T  INDICATES TRACE AMOUNT.




$$
