000
CDUS43 KTOP 290643
CLILWC


CLIMATE REPORT
NATIONAL WEATHER SERVICE TOPEKA KS
143 AM CDT FRI APR 29 2016


...................................

...THE LAWRENCE KS CLIMATE SUMMARY FOR APRIL 28 2016...

CLIMATE NORMAL PERIOD 1981 TO 2010
CLIMATE RECORD PERIOD 9999 TO 9999


WEATHER ITEM   OBSERVED NORMAL DEPARTURE LAST
                VALUE   VALUE  FROM      YEAR
                               NORMAL
...............................................
TEMPERATURE (F)
 YESTERDAY
  MAXIMUM         62     71     -9       73
  MINIMUM         45     47     -2       40
  AVERAGE         54     59     -5       57

PRECIPITATION (IN)
  YESTERDAY        0.00   0.16  -0.16     0.00
  MONTH TO DATE    3.38   3.42  -0.04     2.80
  SINCE MAR 1      5.03   6.04  -1.01     3.52
  SINCE JAN 1      6.15   8.35  -2.20     5.21

DEGREE DAYS
 HEATING
  YESTERDAY       11      7      4        8
  MONTH TO DATE  222    310    -88      236
  SINCE MAR 1    706    951   -245      828
  SINCE JUL 1   4208   4966   -758     5117

 COOLING
  YESTERDAY        0      1     -1        0
  MONTH TO DATE   15     21     -6        5
  SINCE MAR 1     18     24     -6        5
  SINCE JAN 1     18     24     -6        5
...............................................


WIND (MPH)
  HIGHEST WIND SPEED    26   HIGHEST WIND DIRECTION     W (280)
  HIGHEST GUST SPEED    32   HIGHEST GUST DIRECTION     W (280)
  AVERAGE WIND SPEED    10.4


SKY COVER
  AVERAGE SKY COVER 0.5


WEATHER CONDITIONS
 THE FOLLOWING WEATHER WAS RECORDED YESTERDAY.
  NO SIGNIFICANT WEATHER WAS OBSERVED.


RELATIVE HUMIDITY (PERCENT)
 HIGHEST    86
 LOWEST     60
 AVERAGE    73

..........................................................


THE LAWRENCE KS CLIMATE NORMALS FOR TODAY
                         NORMAL
 MAXIMUM TEMPERATURE (F)   71
 MINIMUM TEMPERATURE (F)   47


SUNRISE AND SUNSET
APRIL 29 2016.........SUNRISE   625 AM CDT   SUNSET   812 PM CDT
APRIL 30 2016.........SUNRISE   623 AM CDT   SUNSET   813 PM CDT


-  INDICATES NEGATIVE NUMBERS.
R  INDICATES RECORD WAS SET OR TIED.
MM INDICATES DATA IS MISSING.
T  INDICATES TRACE AMOUNT.




$$
