000
CDUS43 KTOP 122231
CLILWC


CLIMATE REPORT
NATIONAL WEATHER SERVICE TOPEKA KS
430 PM CST TUE DEC 12 2017


...................................

...THE LAWRENCE KS CLIMATE SUMMARY FOR DECEMBER 12 2017...
VALID TODAY AS OF 0400 PM LOCAL TIME.

CLIMATE NORMAL PERIOD 1981 TO 2010
CLIMATE RECORD PERIOD 9999 TO 9999


WEATHER ITEM   OBSERVED NORMAL DEPARTURE LAST
                VALUE   VALUE  FROM      YEAR
                               NORMAL
...............................................
TEMPERATURE (F)
 TODAY
  MAXIMUM         44     43      1       32
  MINIMUM         16     22     -6       12
  AVERAGE         30     32     -2       22

PRECIPITATION (IN)
  TODAY            0.00   0.05  -0.05     0.00
  MONTH TO DATE    T      0.52  -0.52     0.66
  SINCE DEC 1      T      0.52  -0.52     0.66
  SINCE JAN 1     34.13  37.60  -3.47    32.25

DEGREE DAYS
 HEATING
  TODAY           35     33      2       43
  MONTH TO DATE  329    372    -43      431
  SINCE DEC 1    329    372    -43      431
  SINCE JUL 1   1219   1380   -161     1075

 COOLING
  TODAY            0      0      0        0
  MONTH TO DATE    0      0      0        0
  SINCE DEC 1      0      0      0        0
  SINCE JAN 1   1327   1371    -44     1599
...............................................


WIND (MPH)
  HIGHEST WIND SPEED    18   HIGHEST WIND DIRECTION    NW (320)
  HIGHEST GUST SPEED    23   HIGHEST GUST DIRECTION    NW (320)
  AVERAGE WIND SPEED    10.1



WEATHER CONDITIONS
 THE FOLLOWING WEATHER WAS RECORDED TODAY.
  NO SIGNIFICANT WEATHER WAS OBSERVED.


RELATIVE HUMIDITY (PERCENT)
 HIGHEST    84
 LOWEST     35
 AVERAGE    60

..........................................................


THE LAWRENCE KS CLIMATE NORMALS FOR TOMORROW
                         NORMAL
 MAXIMUM TEMPERATURE (F)   42
 MINIMUM TEMPERATURE (F)   22


SUNRISE AND SUNSET
DECEMBER 12 2017......SUNRISE   731 AM CST   SUNSET   459 PM CST
DECEMBER 13 2017......SUNRISE   731 AM CST   SUNSET   459 PM CST


-  INDICATES NEGATIVE NUMBERS.
R  INDICATES RECORD WAS SET OR TIED.
MM INDICATES DATA IS MISSING.
T  INDICATES TRACE AMOUNT.




$$
