000
CDUS43 KTOP 010644
CLILWC


CLIMATE REPORT
NATIONAL WEATHER SERVICE TOPEKA KS
1243 AM CST SUN MAR 1 2015


...................................

...THE LAWRENCE KS CLIMATE SUMMARY FOR FEBRUARY 28 2015...

CLIMATE NORMAL PERIOD 1981 TO 2010
CLIMATE RECORD PERIOD 9999 TO 9999


WEATHER ITEM   OBSERVED NORMAL DEPARTURE LAST
                VALUE   VALUE  FROM      YEAR
                               NORMAL
...............................................
TEMPERATURE (F)
 YESTERDAY
  MAXIMUM         24     50    -26       53
  MINIMUM         12     27    -15       22
  AVERAGE         18     38    -20       38

PRECIPITATION (IN)
  YESTERDAY        0.05   0.05   0.00     0.00
  MONTH TO DATE    0.63   1.30  -0.67     0.97
  SINCE DEC 1      3.55   3.78  -0.23     1.51
  SINCE JAN 1      1.69   2.31  -0.62     1.05

DEGREE DAYS
 HEATING
  YESTERDAY       47     27     20       27
  MONTH TO DATE 1090    864    226     1083
  SINCE DEC 1   3109   3007    102     3396
  SINCE JUL 1   4289   4015    274     4426

 COOLING
  YESTERDAY        0      0      0        0
  MONTH TO DATE    0      0      0        0
  SINCE DEC 1      0      0      0        0
  SINCE JAN 1      0      0      0        0
...............................................


WIND (MPH)
  HIGHEST WIND SPEED    13   HIGHEST WIND DIRECTION    SE (140)
  HIGHEST GUST SPEED    15   HIGHEST GUST DIRECTION    SE (140)
  AVERAGE WIND SPEED     5.7


SKY COVER
  AVERAGE SKY COVER 1.0


WEATHER CONDITIONS
 THE FOLLOWING WEATHER WAS RECORDED YESTERDAY.
  LIGHT SNOW
  FOG
  HAZE


RELATIVE HUMIDITY (PERCENT)
 HIGHEST    92
 LOWEST     61
 AVERAGE    77

..........................................................


THE LAWRENCE KS CLIMATE NORMALS FOR TODAY
                         NORMAL
 MAXIMUM TEMPERATURE (F)   50
 MINIMUM TEMPERATURE (F)   27


SUNRISE AND SUNSET
MARCH  1 2015.........SUNRISE   654 AM CST   SUNSET   613 PM CST
MARCH  2 2015.........SUNRISE   652 AM CST   SUNSET   614 PM CST


-  INDICATES NEGATIVE NUMBERS.
R  INDICATES RECORD WAS SET OR TIED.
MM INDICATES DATA IS MISSING.
T  INDICATES TRACE AMOUNT.




$$
