000
CDUS43 KTOP 270640
CLILWC


CLIMATE REPORT
NATIONAL WEATHER SERVICE TOPEKA KS
139 AM CDT TUE JUN 27 2017


...................................

...THE LAWRENCE KS CLIMATE SUMMARY FOR JUNE 26 2017...

CLIMATE NORMAL PERIOD 1981 TO 2010
CLIMATE RECORD PERIOD 9999 TO 9999


WEATHER ITEM   OBSERVED NORMAL DEPARTURE LAST
                VALUE   VALUE  FROM      YEAR
                               NORMAL
...............................................
TEMPERATURE (F)
 YESTERDAY
  MAXIMUM         75     87    -12       94
  MINIMUM         48     66    -18       68
  AVERAGE         62     76    -14       81

PRECIPITATION (IN)
  YESTERDAY        0.10   0.14  -0.04      T
  MONTH TO DATE    3.93   4.85  -0.92     0.90
  SINCE JUN 1      3.93   4.85  -0.92     0.90
  SINCE JAN 1     16.95  18.74  -1.79    15.54

DEGREE DAYS
 HEATING
  YESTERDAY        3      0      3        0
  MONTH TO DATE    3      6     -3        0
  SINCE JUN 1      3      6     -3        0
  SINCE JUL 1   4151   5090   -939     4369

 COOLING
  YESTERDAY        0     11    -11       16
  MONTH TO DATE  246    228     18      362
  SINCE JUN 1    246    228     18      362
  SINCE JAN 1    353    347      6      442
...............................................


WIND (MPH)
  HIGHEST WIND SPEED    18   HIGHEST WIND DIRECTION    NE (60)
  HIGHEST GUST SPEED    23   HIGHEST GUST DIRECTION     E (100)
  AVERAGE WIND SPEED     5.4


SKY COVER
  AVERAGE SKY COVER 0.4


WEATHER CONDITIONS
 THE FOLLOWING WEATHER WAS RECORDED YESTERDAY.
  RAIN
  LIGHT RAIN
  FOG


RELATIVE HUMIDITY (PERCENT)
 HIGHEST   100
 LOWEST     53
 AVERAGE    77

..........................................................


THE LAWRENCE KS CLIMATE NORMALS FOR TODAY
                         NORMAL
 MAXIMUM TEMPERATURE (F)   87
 MINIMUM TEMPERATURE (F)   66


SUNRISE AND SUNSET
JUNE 27 2017..........SUNRISE   557 AM CDT   SUNSET   851 PM CDT
JUNE 28 2017..........SUNRISE   558 AM CDT   SUNSET   851 PM CDT


-  INDICATES NEGATIVE NUMBERS.
R  INDICATES RECORD WAS SET OR TIED.
MM INDICATES DATA IS MISSING.
T  INDICATES TRACE AMOUNT.




$$
