000
CDUS43 KTOP 252232
CLILWC


CLIMATE REPORT
NATIONAL WEATHER SERVICE TOPEKA KS
431 PM CST THU DEC 25 2014


...................................

...THE LAWRENCE KS CLIMATE SUMMARY FOR DECEMBER 25 2014...
VALID TODAY AS OF 0400 PM LOCAL TIME.

CLIMATE NORMAL PERIOD 1981 TO 2010
CLIMATE RECORD PERIOD 9999 TO 9999


WEATHER ITEM   OBSERVED NORMAL DEPARTURE LAST
                VALUE   VALUE  FROM      YEAR
                               NORMAL
...............................................
TEMPERATURE (F)
 TODAY
  MAXIMUM         54     39     15       41
  MINIMUM         28     19      9       15
  AVERAGE         41     29     12       28

PRECIPITATION (IN)
  TODAY            0.00   0.05  -0.05     0.00
  MONTH TO DATE    1.85   1.18   0.67     0.46
  SINCE DEC 1      1.85   1.18   0.67     0.46
  SINCE JAN 1     36.86  38.26  -1.40    28.41

DEGREE DAYS
 HEATING
  TODAY           24     36    -12       37
  MONTH TO DATE  697    820   -123      924
  SINCE DEC 1    697    820   -123      924
  SINCE JUL 1   1877   1828     49     1954

 COOLING
  TODAY            0      0      0        0
  MONTH TO DATE    0      0      0        0
  SINCE DEC 1      0      0      0        0
  SINCE JAN 1   1426   1371     55     1492
...............................................


WIND (MPH)
  HIGHEST WIND SPEED    29   HIGHEST WIND DIRECTION     S (180)
  HIGHEST GUST SPEED    39   HIGHEST GUST DIRECTION     S (170)
  AVERAGE WIND SPEED    12.7



WEATHER CONDITIONS
 THE FOLLOWING WEATHER WAS RECORDED TODAY.
  NO SIGNIFICANT WEATHER WAS OBSERVED.


RELATIVE HUMIDITY (PERCENT)
 HIGHEST    92
 LOWEST     41
 AVERAGE    67

..........................................................


THE LAWRENCE KS CLIMATE NORMALS FOR TOMORROW
                         NORMAL
 MAXIMUM TEMPERATURE (F)   39
 MINIMUM TEMPERATURE (F)   19


SUNRISE AND SUNSET
DECEMBER 25 2014......SUNRISE   738 AM CST   SUNSET   504 PM CST
DECEMBER 26 2014......SUNRISE   738 AM CST   SUNSET   505 PM CST


-  INDICATES NEGATIVE NUMBERS.
R  INDICATES RECORD WAS SET OR TIED.
MM INDICATES DATA IS MISSING.
T  INDICATES TRACE AMOUNT.




$$
