000
CDUS46 KOTX 280825
CLILWS


CLIMATE REPORT
NATIONAL WEATHER SERVICE SPOKANE, WA
125 AM PDT SUN AUG 28 2016


...................................

...THE LEWISTON ID AIRPORT CLIMATE SUMMARY FOR AUGUST 27 2016...

CLIMATE NORMAL PERIOD 1981 TO 2010
CLIMATE RECORD PERIOD 1881 TO 2016


WEATHER ITEM   OBSERVED TIME   RECORD YEAR NORMAL DEPARTURE LAST
                VALUE   (LST)  VALUE       VALUE  FROM      YEAR
                                                  NORMAL
..................................................................
TEMPERATURE (F)
 YESTERDAY
  MAXIMUM         95    130 PM 103    1929  86      9       94
  MINIMUM         62    512 AM  43    1962  57      5       63
  AVERAGE         79                        71      8       79

PRECIPITATION (IN)
  YESTERDAY        0.00          0.74 1968   0.03  -0.03     0.00
  MONTH TO DATE    0.24                      0.59  -0.35      T
  SINCE OCT 1     13.09                     11.54   1.55    10.30
  SINCE JAN 1      9.64                      8.43   1.21     6.11

SNOWFALL (IN)
  YESTERDAY        0.0           0.0  1998   0.0    0.0      0.0
  MONTH TO DATE    0.0                       0.0    0.0      0.0
  SINCE JUN 1      0.0                       0.0    0.0      0.0
  SINCE JUL 1      0.0                       0.0    0.0      0.0
  SNOW DEPTH       0

DEGREE DAYS
 HEATING
  YESTERDAY        0                         1     -1        0
  MONTH TO DATE    2                         1      1        0
  SINCE JUN 1     68                        78    -10        2
  SINCE JUL 1     11                         8      3        0

 COOLING
  YESTERDAY       14                         7      7       14
  MONTH TO DATE  284                       261     23      340
  SINCE JUN 1    734                       659     75     1086
  SINCE JAN 1    774                       691     83     1138
..................................................................


WIND (MPH)
  HIGHEST WIND SPEED    22   HIGHEST WIND DIRECTION     W (280)
  HIGHEST GUST SPEED    29   HIGHEST GUST DIRECTION     W (290)
  AVERAGE WIND SPEED     7.8


SKY COVER
  POSSIBLE SUNSHINE  MM
  AVERAGE SKY COVER 0.0


WEATHER CONDITIONS
 THE FOLLOWING WEATHER WAS RECORDED YESTERDAY.
  NO SIGNIFICANT WEATHER WAS OBSERVED.


RELATIVE HUMIDITY (PERCENT)
 HIGHEST    43           400 AM
 LOWEST     15           200 PM
 AVERAGE    29

..........................................................


THE LEWISTON ID AIRPORT CLIMATE NORMALS FOR TODAY
                         NORMAL    RECORD    YEAR
 MAXIMUM TEMPERATURE (F)   86       103      2006
                                             1922
 MINIMUM TEMPERATURE (F)   57        43      1960


SUNRISE AND SUNSET
AUGUST 28 2016........SUNRISE   604 AM PDT   SUNSET   733 PM PDT
AUGUST 29 2016........SUNRISE   605 AM PDT   SUNSET   731 PM PDT


-  INDICATES NEGATIVE NUMBERS.
R  INDICATES RECORD WAS SET OR TIED.
MM INDICATES DATA IS MISSING.
T  INDICATES TRACE AMOUNT.




$$
