000
CDUS46 KOTX 282337
CLILWS


CLIMATE REPORT
NATIONAL WEATHER SERVICE SPOKANE, WA
437 PM PDT TUE MAR 28 2017


...................................

...THE LEWISTON ID AIRPORT CLIMATE SUMMARY FOR MARCH 28 2017...
VALID AS OF 0400 PM LOCAL TIME.

CLIMATE NORMAL PERIOD 1981 TO 2010
CLIMATE RECORD PERIOD 1881 TO 2017


WEATHER ITEM   OBSERVED TIME   RECORD YEAR NORMAL DEPARTURE LAST
                VALUE   (LST)  VALUE       VALUE  FROM      YEAR
                                                  NORMAL
..................................................................
TEMPERATURE (F)
 TODAY
  MAXIMUM         54    258 PM  74    1930  58     -4       47
                                      1923
  MINIMUM         34    535 AM  19    1975  38     -4       35
  AVERAGE         44                        48     -4       41

PRECIPITATION (IN)
  TODAY            0.00          0.63 2009   0.04  -0.04     0.01
  MONTH TO DATE    3.19                      1.03   2.16     2.11
  SINCE OCT 1     10.85                      6.00   4.85     7.14
  SINCE JAN 1      5.97                      2.89   3.08     3.69

SNOWFALL (IN)
  TODAY            0.0           0.4  1949   0.0    0.0      0.0
  MONTH TO DATE    4.8                       0.7    4.1      0.0
  SINCE MAR 1      4.8                       0.7    4.1      0.0
  SINCE JUL 1     39.2                      10.5   28.7      6.4
  SNOW DEPTH       0

DEGREE DAYS
 HEATING
  TODAY           21                        17      4       24
  MONTH TO DATE  546                       563    -17      511
  SINCE MAR 1    546                       563    -17      511
  SINCE JUL 1   4582                      4418    164     3775

 COOLING
  TODAY            0                         0      0        0
  MONTH TO DATE    0                         0      0        0
  SINCE MAR 1      0                         0      0        0
  SINCE JAN 1      0                         0      0        0
..................................................................


WIND (MPH)
  HIGHEST WIND SPEED     9   HIGHEST WIND DIRECTION     N (340)
  HIGHEST GUST SPEED    11   HIGHEST GUST DIRECTION    NW (330)
  AVERAGE WIND SPEED     2.4


SKY COVER
  POSSIBLE SUNSHINE  MM
  AVERAGE SKY COVER 0.6


WEATHER CONDITIONS
 THE FOLLOWING WEATHER WAS RECORDED TODAY.
  NO SIGNIFICANT WEATHER WAS OBSERVED.


RELATIVE HUMIDITY (PERCENT)
 HIGHEST    76
 LOWEST     50
 AVERAGE    63

..........................................................


THE LEWISTON ID AIRPORT CLIMATE NORMALS FOR TOMORROW
                         NORMAL    RECORD    YEAR
 MAXIMUM TEMPERATURE (F)   58        79      1923
 MINIMUM TEMPERATURE (F)   38        17      1954


SUNRISE AND SUNSET
MARCH 28 2017.........SUNRISE   635 AM PDT   SUNSET   712 PM PDT
MARCH 29 2017.........SUNRISE   633 AM PDT   SUNSET   713 PM PDT


-  INDICATES NEGATIVE NUMBERS.
R  INDICATES RECORD WAS SET OR TIED.
MM INDICATES DATA IS MISSING.
T  INDICATES TRACE AMOUNT.




$$
