000
CDUS46 KOTX 230827
CLILWS


CLIMATE REPORT
NATIONAL WEATHER SERVICE SPOKANE, WA
1227 AM PST THU NOV 23 2017


...................................

...THE LEWISTON ID AIRPORT CLIMATE SUMMARY FOR NOVEMBER 22 2017...

CLIMATE NORMAL PERIOD 1981 TO 2010
CLIMATE RECORD PERIOD 1881 TO 2017


WEATHER ITEM   OBSERVED TIME   RECORD YEAR NORMAL DEPARTURE LAST
                VALUE   (LST)  VALUE       VALUE  FROM      YEAR
                                                  NORMAL
..................................................................
TEMPERATURE (F)
 YESTERDAY
  MAXIMUM         62   1249 PM  67    1909  45     17       48
  MINIMUM         48    439 AM   3    1985  33     15       34
  AVERAGE         55                        39     16       41

PRECIPITATION (IN)
  YESTERDAY        0.11          0.72 1909   0.04   0.07     0.00
  MONTH TO DATE    1.56                      0.89   0.67     0.50
  SINCE OCT 1      2.73                      1.85   0.88     3.16
  SINCE JAN 1     13.69                     11.05   2.64    13.35

SNOWFALL (IN)
  YESTERDAY       MM             6.3  1977   0.1   MM        0.0
  MONTH TO DATE    T                         1.1   -1.1      0.0
  SINCE SEP 1      T                         1.1   -1.1      0.0
  SINCE JUL 1      T                         1.1   -1.1      0.0
  SNOW DEPTH       0

DEGREE DAYS
 HEATING
  YESTERDAY       10                        26    -16       24
  MONTH TO DATE  483                       495    -12      342
  SINCE SEP 1    993                      1005    -12      750
  SINCE JUL 1    993                      1020    -27      761

 COOLING
  YESTERDAY        0                         0      0        0
  MONTH TO DATE    0                         0      0        0
  SINCE SEP 1    141                        90     51       47
  SINCE JAN 1   1160                       807    353      863
..................................................................


WIND (MPH)
  HIGHEST WIND SPEED    14   HIGHEST WIND DIRECTION    SE (120)
  HIGHEST GUST SPEED    15   HIGHEST GUST DIRECTION    SE (140)
  AVERAGE WIND SPEED     3.4


SKY COVER
  POSSIBLE SUNSHINE  MM
  AVERAGE SKY COVER 0.8


WEATHER CONDITIONS
 THE FOLLOWING WEATHER WAS RECORDED YESTERDAY.
  LIGHT RAIN
  FOG


RELATIVE HUMIDITY (PERCENT)
 HIGHEST   100           300 AM
 LOWEST     78          1200 PM
 AVERAGE    89

..........................................................


THE LEWISTON ID AIRPORT CLIMATE NORMALS FOR TODAY
                         NORMAL    RECORD    YEAR
 MAXIMUM TEMPERATURE (F)   45        66      1959
 MINIMUM TEMPERATURE (F)   32        -1      1985


SUNRISE AND SUNSET
NOVEMBER 23 2017......SUNRISE   701 AM PST   SUNSET   408 PM PST
NOVEMBER 24 2017......SUNRISE   702 AM PST   SUNSET   407 PM PST


-  INDICATES NEGATIVE NUMBERS.
R  INDICATES RECORD WAS SET OR TIED.
MM INDICATES DATA IS MISSING.
T  INDICATES TRACE AMOUNT.




$$
