000
CDUS46 KOTX 260037
CLILWS


CLIMATE REPORT
NATIONAL WEATHER SERVICE SPOKANE, WA
437 PM PST SUN FEB 25 2018


...................................

...THE LEWISTON ID AIRPORT CLIMATE SUMMARY FOR FEBRUARY 25 2018...
VALID AS OF 0400 PM LOCAL TIME.

CLIMATE NORMAL PERIOD 1981 TO 2010
CLIMATE RECORD PERIOD 1881 TO 2018


WEATHER ITEM   OBSERVED TIME   RECORD YEAR NORMAL DEPARTURE LAST
                VALUE   (LST)  VALUE       VALUE  FROM      YEAR
                                                  NORMAL
..................................................................
TEMPERATURE (F)
 TODAY
  MAXIMUM         44    138 PM  66    1905  49     -5       42
  MINIMUM         29   1231 AM  11    2011  32     -3       22
  AVERAGE         37                        40     -3       32

PRECIPITATION (IN)
  TODAY            T             0.47 1907   0.03  -0.03      T
  MONTH TO DATE    0.72                      0.69   0.03     1.65
  SINCE OCT 1      7.65                      4.88   2.77     7.34
  SINCE JAN 1      2.09                      1.77   0.32     2.46

SNOWFALL (IN)
  TODAY            T             3.9  1917   0.0    0.0      0.0
  MONTH TO DATE    1.1                       1.9   -0.8      3.6
  SINCE DEC 1     14.1                       7.8    6.3     30.0
  SINCE JUL 1     14.1                       9.6    4.5     30.0
  SNOW DEPTH       0

DEGREE DAYS
 HEATING
  TODAY           28                        25      3       33
  MONTH TO DATE  659                       664     -5      680
  SINCE DEC 1   2460                      2543    -83     2994
  SINCE JUL 1   3626                      3783   -157     3943

 COOLING
  TODAY            0                         0      0        0
  MONTH TO DATE    0                         0      0        0
  SINCE DEC 1      0                         0      0        0
  SINCE JAN 1      0                         0      0        0
..................................................................


WIND (MPH)
  HIGHEST WIND SPEED    35   HIGHEST WIND DIRECTION     S (200)
  HIGHEST GUST SPEED    44   HIGHEST GUST DIRECTION    SW (210)
  AVERAGE WIND SPEED    13.8


SKY COVER
  POSSIBLE SUNSHINE  MM
  AVERAGE SKY COVER 1.0


WEATHER CONDITIONS
 THE FOLLOWING WEATHER WAS RECORDED TODAY.
  LIGHT RAIN
  LIGHT SNOW


RELATIVE HUMIDITY (PERCENT)
 HIGHEST    85
 LOWEST     59
 AVERAGE    72

..........................................................


THE LEWISTON ID AIRPORT CLIMATE NORMALS FOR TOMORROW
                         NORMAL    RECORD    YEAR
 MAXIMUM TEMPERATURE (F)   49        66      1932
                                             1905
 MINIMUM TEMPERATURE (F)   32         5      1962


SUNRISE AND SUNSET
FEBRUARY 25 2018......SUNRISE   634 AM PST   SUNSET   529 PM PST
FEBRUARY 26 2018......SUNRISE   632 AM PST   SUNSET   530 PM PST


-  INDICATES NEGATIVE NUMBERS.
R  INDICATES RECORD WAS SET OR TIED.
MM INDICATES DATA IS MISSING.
T  INDICATES TRACE AMOUNT.




$$
