000
CDUS46 KOTX 230827
CLILWS


CLIMATE REPORT
NATIONAL WEATHER SERVICE SPOKANE, WA
1226 AM PST THU FEB 23 2017


...................................

...THE LEWISTON ID AIRPORT CLIMATE SUMMARY FOR FEBRUARY 22 2017...

CLIMATE NORMAL PERIOD 1981 TO 2010
CLIMATE RECORD PERIOD 1881 TO 2017


WEATHER ITEM   OBSERVED TIME   RECORD YEAR NORMAL DEPARTURE LAST
                VALUE   (LST)  VALUE       VALUE  FROM      YEAR
                                                  NORMAL
..................................................................
TEMPERATURE (F)
 YESTERDAY
  MAXIMUM         45    218 PM  64    1895  48     -3       51
  MINIMUM         34   1145 PM   6    1894  31      3       30
  AVERAGE         40                        40      0       41

PRECIPITATION (IN)
  YESTERDAY        T             0.79 1912   0.03  -0.03     0.00
  MONTH TO DATE    1.65                      0.60   1.05     0.47
  SINCE OCT 1      7.34                      4.79   2.55     4.85
  SINCE JAN 1      2.46                      1.68   0.78     1.40

SNOWFALL (IN)
  YESTERDAY        0.0           7.0  1956   0.1   -0.1      0.0
  MONTH TO DATE    3.6                       1.8    1.8      0.2
  SINCE DEC 1     30.0                       7.7   22.3      6.4
  SINCE JUL 1     30.0                       9.5   20.5      6.4
  SNOW DEPTH       0

DEGREE DAYS
 HEATING
  YESTERDAY       25                        25      0       24
  MONTH TO DATE  585                       589     -4      453
  SINCE DEC 1   2899                      2468    431     2126
  SINCE JUL 1   3848                      3708    140     3129

 COOLING
  YESTERDAY        0                         0      0        0
  MONTH TO DATE    0                         0      0        0
  SINCE DEC 1      0                         0      0        0
  SINCE JAN 1      0                         0      0        0
..................................................................


WIND (MPH)
  HIGHEST WIND SPEED    13   HIGHEST WIND DIRECTION    NW (310)
  HIGHEST GUST SPEED    17   HIGHEST GUST DIRECTION     W (260)
  AVERAGE WIND SPEED     4.0


SKY COVER
  POSSIBLE SUNSHINE  MM
  AVERAGE SKY COVER 0.7


WEATHER CONDITIONS
 THE FOLLOWING WEATHER WAS RECORDED YESTERDAY.
  LIGHT RAIN
  FOG
  FOG W/VISIBILITY <= 1/4 MILE
  HAZE


RELATIVE HUMIDITY (PERCENT)
 HIGHEST   100           300 AM
 LOWEST     53           300 PM
 AVERAGE    77

..........................................................


THE LEWISTON ID AIRPORT CLIMATE NORMALS FOR TODAY
                         NORMAL    RECORD    YEAR
 MAXIMUM TEMPERATURE (F)   49        66      1968
 MINIMUM TEMPERATURE (F)   31         9      1894


SUNRISE AND SUNSET
FEBRUARY 23 2017......SUNRISE   637 AM PST   SUNSET   526 PM PST
FEBRUARY 24 2017......SUNRISE   636 AM PST   SUNSET   527 PM PST


-  INDICATES NEGATIVE NUMBERS.
R  INDICATES RECORD WAS SET OR TIED.
MM INDICATES DATA IS MISSING.
T  INDICATES TRACE AMOUNT.




$$
