000
CDUS46 KOTX 270824
CLILWS


CLIMATE REPORT
NATIONAL WEATHER SERVICE SPOKANE, WA
1223 AM PST TUE JAN 27 2015


...................................

...THE LEWISTON ID AIRPORT CLIMATE SUMMARY FOR JANUARY 26 2015...

CLIMATE NORMAL PERIOD 1981 TO 2010
CLIMATE RECORD PERIOD 1881 TO 2015


WEATHER ITEM   OBSERVED TIME   RECORD YEAR NORMAL DEPARTURE LAST
                VALUE   (LST)  VALUE       VALUE  FROM      YEAR
                                                  NORMAL
..................................................................
TEMPERATURE (F)
 YESTERDAY
  MAXIMUM         63R   255 PM  60    2003  43     20       33
  MINIMUM         45    642 AM -15    1957  31     14       29
  AVERAGE         54                        37     17       31

PRECIPITATION (IN)
  YESTERDAY        0.00          0.78 1920   0.03  -0.03      T
  MONTH TO DATE    0.82                      0.92  -0.10     0.33
  SINCE OCT 1      5.01                      4.03   0.98     1.86
  SINCE JAN 1      0.82                      0.92  -0.10     0.33

SNOWFALL (IN)
  YESTERDAY        0.0           3.5  1929   0.1   -0.1       T
  MONTH TO DATE    1.5                       2.1   -0.6       T
  SINCE DEC 1      1.5                       5.6   -4.1      2.5
  SINCE JUL 1      1.5                       7.4   -5.9      2.5
  SNOW DEPTH       0

DEGREE DAYS
 HEATING
  YESTERDAY       11                        28    -17       34
  MONTH TO DATE  689                       771    -82      754
  SINCE DEC 1   1521                      1739   -218     1808
  SINCE JUL 1   2499                      2979   -480     3162

 COOLING
  YESTERDAY        0                         0      0        0
  MONTH TO DATE    0                         0      0        0
  SINCE DEC 1      0                         0      0        0
  SINCE JAN 1      0                         0      0        0
..................................................................


WIND (MPH)
  HIGHEST WIND SPEED    25   HIGHEST WIND DIRECTION     E (90)
  HIGHEST GUST SPEED    32   HIGHEST GUST DIRECTION     E (80)
  AVERAGE WIND SPEED    11.7


SKY COVER
  POSSIBLE SUNSHINE  MM
  AVERAGE SKY COVER 0.0


WEATHER CONDITIONS
 THE FOLLOWING WEATHER WAS RECORDED YESTERDAY.
  NO SIGNIFICANT WEATHER WAS OBSERVED.


RELATIVE HUMIDITY (PERCENT)
 HIGHEST    71           800 AM
 LOWEST     39           300 PM
 AVERAGE    55

..........................................................


THE LEWISTON ID AIRPORT CLIMATE NORMALS FOR TODAY
                         NORMAL    RECORD    YEAR
 MAXIMUM TEMPERATURE (F)   43        62      1896
 MINIMUM TEMPERATURE (F)   31       -20      1957


SUNRISE AND SUNSET
JANUARY 27 2015.......SUNRISE   717 AM PST   SUNSET   445 PM PST
JANUARY 28 2015.......SUNRISE   716 AM PST   SUNSET   446 PM PST


-  INDICATES NEGATIVE NUMBERS.
R  INDICATES RECORD WAS SET OR TIED.
MM INDICATES DATA IS MISSING.
T  INDICATES TRACE AMOUNT.




$$
