000
CDUS45 KTFX 300013
CLILWT


CLIMATE REPORT
NATIONAL WEATHER SERVICE GREAT FALLS MT
513 PM MST THU JAN 29 2015


...................................

...THE LEWISTOWN MT CLIMATE SUMMARY FOR JANUARY 29 2015...
VALID TODAY AS OF 0500 PM LOCAL TIME.

CLIMATE NORMAL PERIOD 1981 TO 2010
CLIMATE RECORD PERIOD 1896 TO 2015


WEATHER ITEM   OBSERVED TIME   RECORD YEAR NORMAL DEPARTURE LAST
                VALUE   (LST)  VALUE       VALUE  FROM      YEAR
                                                  NORMAL
..................................................................
TEMPERATURE (F)
 TODAY
  MAXIMUM         49    333 PM  64    1931  35     14       36
  MINIMUM         23    735 AM -40    1929  14      9       16
  AVERAGE         36                        24     12       26

PRECIPITATION (IN)
  TODAY            0.00          0.41 1965   0.02  -0.02     0.32
  MONTH TO DATE    0.59                      0.54   0.05     0.96
  SINCE OCT 1      2.78                      3.04  -0.26     3.04
  SINCE JAN 1      0.59                      0.54   0.05     0.96

SNOWFALL (IN)
  TODAY           MM
  SNOW DEPTH       0

DEGREE DAYS
 HEATING
  TODAY           29                        41    -12       39
  MONTH TO DATE 1132                      1201    -69     1100
  SINCE DEC 1   2232                      2495   -263     2515
  SINCE JUL 1   4149                      4623   -474     4493

 COOLING
  TODAY            0                         0      0        0
  MONTH TO DATE    0                         0      0        0
  SINCE DEC 1      0                         0      0        0
  SINCE JAN 1      0                         0      0        0
..................................................................


WIND (MPH)
  HIGHEST WIND SPEED     9   HIGHEST WIND DIRECTION     E (100)
  HIGHEST GUST SPEED    10   HIGHEST GUST DIRECTION    SE (130)
  AVERAGE WIND SPEED     5.5


SKY COVER
  AVERAGE SKY COVER 0.0


WEATHER CONDITIONS
 THE FOLLOWING WEATHER WAS RECORDED TODAY.
  NO SIGNIFICANT WEATHER WAS OBSERVED.


RELATIVE HUMIDITY (PERCENT)
 HIGHEST    88
 LOWEST     34
 AVERAGE    61

..........................................................


THE LEWISTOWN MT CLIMATE NORMALS FOR TOMORROW
                         NORMAL    RECORD    YEAR
 MAXIMUM TEMPERATURE (F)   35        65      1941
 MINIMUM TEMPERATURE (F)   14       -33      1996


SUNRISE AND SUNSET
JANUARY 29 2015.......SUNRISE   747 AM MST   SUNSET   516 PM MST
JANUARY 30 2015.......SUNRISE   746 AM MST   SUNSET   517 PM MST


-  INDICATES NEGATIVE NUMBERS.
R  INDICATES RECORD WAS SET OR TIED.
MM INDICATES DATA IS MISSING.
T  INDICATES TRACE AMOUNT.




$$
