000
CDUS45 KTFX 260946
CLILWT


CLIMATE REPORT
NATIONAL WEATHER SERVICE GREAT FALLS MT
244 AM MST FRI DEC 26 2014


...................................

...THE LEWISTOWN MT CLIMATE SUMMARY FOR DECEMBER 25 2014...

CLIMATE NORMAL PERIOD 1981 TO 2010
CLIMATE RECORD PERIOD 1896 TO 2014


WEATHER ITEM   OBSERVED TIME   RECORD YEAR NORMAL DEPARTURE LAST
                VALUE   (LST)  VALUE       VALUE  FROM      YEAR
                                                  NORMAL
..................................................................
TEMPERATURE (F)
 YESTERDAY
  MAXIMUM         28    121 AM  53    1995  33     -5       42
  MINIMUM          6   1121 PM -30    1983  12     -6       12
  AVERAGE         17                        22     -5       27

PRECIPITATION (IN)
  YESTERDAY        0.01          0.40 1901   0.02  -0.01     0.00
  MONTH TO DATE    0.31                      0.53  -0.22     0.59
  SINCE OCT 1      1.86                      2.37  -0.51     2.01
  SINCE JAN 1     18.43                     16.72   1.71    22.42

SNOWFALL (IN)
  YESTERDAY       MM
  SNOW DEPTH      MM

DEGREE DAYS
 HEATING
  YESTERDAY       48                        43      5       38
  MONTH TO DATE  778                      1040   -262     1217
  SINCE DEC 1    778                      1040   -262     1217
  SINCE JUL 1   2695                      3168   -473     3195

 COOLING
  YESTERDAY        0                         0      0        0
  MONTH TO DATE    0                         0      0        0
  SINCE DEC 1      0                         0      0        0
  SINCE JAN 1    295                       210     85      277
..................................................................


WIND (MPH)
  HIGHEST WIND SPEED    18   HIGHEST WIND DIRECTION     N (10)
  HIGHEST GUST SPEED    22   HIGHEST GUST DIRECTION     N (20)
  AVERAGE WIND SPEED     7.7


SKY COVER
  AVERAGE SKY COVER 0.8


WEATHER CONDITIONS
 THE FOLLOWING WEATHER WAS RECORDED YESTERDAY.
  LIGHT SNOW
  FOG


RELATIVE HUMIDITY (PERCENT)
 HIGHEST    92          1200 AM
 LOWEST     80          1000 PM
 AVERAGE    86

..........................................................


THE LEWISTOWN MT CLIMATE NORMALS FOR TODAY
                         NORMAL    RECORD    YEAR
 MAXIMUM TEMPERATURE (F)   33        56      1980
 MINIMUM TEMPERATURE (F)   12       -22      1965


SUNRISE AND SUNSET
DECEMBER 26 2014......SUNRISE   803 AM MST   SUNSET   434 PM MST
DECEMBER 27 2014......SUNRISE   803 AM MST   SUNSET   435 PM MST


-  INDICATES NEGATIVE NUMBERS.
R  INDICATES RECORD WAS SET OR TIED.
MM INDICATES DATA IS MISSING.
T  INDICATES TRACE AMOUNT.




$$
