082
CDUS45 KTFX 281004
CLILWT


CLIMATE REPORT
NATIONAL WEATHER SERVICE GREAT FALLS MT
404 AM MDT TUE MAR 28 2017


...................................

...THE LEWISTOWN MT CLIMATE SUMMARY FOR MARCH 27 2017...

CLIMATE NORMAL PERIOD 1981 TO 2010
CLIMATE RECORD PERIOD 1896 TO 2017


WEATHER ITEM   OBSERVED TIME   RECORD YEAR NORMAL DEPARTURE LAST
                VALUE   (LST)  VALUE       VALUE  FROM      YEAR
                                                  NORMAL
..................................................................
TEMPERATURE (F)
 YESTERDAY
  MAXIMUM         54   1250 PM  73    2015  47      7       56
  MINIMUM         34    632 AM -10    1965  25      9       24
  AVERAGE         44                        36      8       40

PRECIPITATION (IN)
  YESTERDAY        T             0.90 2007   0.05  -0.05     0.00
  MONTH TO DATE    0.41                      0.82  -0.41     0.51
  SINCE OCT 1      5.84                      4.33   1.51     3.98
  SINCE JAN 1      1.44                      1.83  -0.39     1.90

SNOWFALL (IN)
  YESTERDAY       MM
  SNOW DEPTH       0

DEGREE DAYS
 HEATING
  YESTERDAY       21                        29     -8       25
  MONTH TO DATE  790                       883    -93      685
  SINCE MAR 1    790                       883    -93      685
  SINCE JUL 1   6601                      6687    -86     5643

 COOLING
  YESTERDAY        0                         0      0        0
  MONTH TO DATE    0                         0      0        0
  SINCE MAR 1      0                         0      0        0
  SINCE JAN 1      0                         0      0        0
..................................................................


WIND (MPH)
  HIGHEST WIND SPEED    13   HIGHEST WIND DIRECTION    NW (300)
  HIGHEST GUST SPEED    16   HIGHEST GUST DIRECTION    NW (300)
  AVERAGE WIND SPEED     5.2


SKY COVER
  AVERAGE SKY COVER 0.8


WEATHER CONDITIONS
 THE FOLLOWING WEATHER WAS RECORDED YESTERDAY.
  NO SIGNIFICANT WEATHER WAS OBSERVED.


RELATIVE HUMIDITY (PERCENT)
 HIGHEST    70           500 AM
 LOWEST     38           100 PM
 AVERAGE    54

..........................................................


THE LEWISTOWN MT CLIMATE NORMALS FOR TODAY
                         NORMAL    RECORD    YEAR
 MAXIMUM TEMPERATURE (F)   48        72      2015
                                             1953
 MINIMUM TEMPERATURE (F)   25       -11      1987


SUNRISE AND SUNSET
MARCH 28 2017.........SUNRISE   704 AM MDT   SUNSET   742 PM MDT
MARCH 29 2017.........SUNRISE   702 AM MDT   SUNSET   744 PM MDT


-  INDICATES NEGATIVE NUMBERS.
R  INDICATES RECORD WAS SET OR TIED.
MM INDICATES DATA IS MISSING.
T  INDICATES TRACE AMOUNT.




$$
