000
CDUS45 KTFX 261018
CLILWT


CLIMATE REPORT
NATIONAL WEATHER SERVICE GREAT FALLS MT
418 AM MDT TUE JUL 26 2016


...................................

...THE LEWISTOWN MT CLIMATE SUMMARY FOR JULY 25 2016...

CLIMATE NORMAL PERIOD 1981 TO 2010
CLIMATE RECORD PERIOD 1896 TO 2016


WEATHER ITEM   OBSERVED TIME   RECORD YEAR NORMAL DEPARTURE LAST
                VALUE   (LST)  VALUE       VALUE  FROM      YEAR
                                                  NORMAL
..................................................................
TEMPERATURE (F)
 YESTERDAY
  MAXIMUM         86    445 PM 101    1933  83      3       88
  MINIMUM         52    415 AM  38    1948  52      0       52
  AVERAGE         69                        67      2       70

PRECIPITATION (IN)
  YESTERDAY        0.01          0.44 1955   0.06  -0.05     0.02
  MONTH TO DATE    3.40                      1.62   1.78     0.82
  SINCE OCT 1     13.93                     13.46   0.47    11.43
  SINCE JAN 1     11.85                     10.96   0.89     9.12

SNOWFALL (IN)
  YESTERDAY       MM
  SNOW DEPTH       0

DEGREE DAYS
 HEATING
  YESTERDAY        0                         1     -1        0
  MONTH TO DATE   45                        65    -20       17
  SINCE JUN 1    135                       292   -157      103
  SINCE JUL 1     45                        65    -20       17

 COOLING
  YESTERDAY        4                         4      0        5
  MONTH TO DATE   75                        68      7       87
  SINCE JUN 1    132                        88     44      162
  SINCE JAN 1    132                        90     42      162
..................................................................


WIND (MPH)
  HIGHEST WIND SPEED    33   HIGHEST WIND DIRECTION    SW (210)
  HIGHEST GUST SPEED    44   HIGHEST GUST DIRECTION    SW (210)
  AVERAGE WIND SPEED     7.8


SKY COVER
  AVERAGE SKY COVER 0.1


WEATHER CONDITIONS
 THE FOLLOWING WEATHER WAS RECORDED YESTERDAY.
  LIGHT RAIN


RELATIVE HUMIDITY (PERCENT)
 HIGHEST    67           600 AM
 LOWEST     29           300 PM
 AVERAGE    48

..........................................................


THE LEWISTOWN MT CLIMATE NORMALS FOR TODAY
                         NORMAL    RECORD    YEAR
 MAXIMUM TEMPERATURE (F)   83        97      1933
 MINIMUM TEMPERATURE (F)   52        38      2005


SUNRISE AND SUNSET
JULY 26 2016..........SUNRISE   551 AM MDT   SUNSET   857 PM MDT
JULY 27 2016..........SUNRISE   552 AM MDT   SUNSET   856 PM MDT


-  INDICATES NEGATIVE NUMBERS.
R  INDICATES RECORD WAS SET OR TIED.
MM INDICATES DATA IS MISSING.
T  INDICATES TRACE AMOUNT.




$$
