000
CDUS45 KTFX 271014
CLILWT


CLIMATE REPORT
NATIONAL WEATHER SERVICE GREAT FALLS MT
311 AM MST THU NOV 27 2014


...................................

...THE LEWISTOWN MT CLIMATE SUMMARY FOR NOVEMBER 26 2014...

CLIMATE NORMAL PERIOD 1981 TO 2010
CLIMATE RECORD PERIOD 1896 TO 2014


WEATHER ITEM   OBSERVED TIME   RECORD YEAR NORMAL DEPARTURE LAST
                VALUE   (LST)  VALUE       VALUE  FROM      YEAR
                                                  NORMAL
..................................................................
TEMPERATURE (F)
 YESTERDAY
  MAXIMUM         31   1159 PM  66    1914  38     -7       54
  MINIMUM         26    645 AM -23    1985  17      9       22
  AVERAGE         29                        28      1       38

PRECIPITATION (IN)
  YESTERDAY        0.07          0.60 1897   0.02   0.05     0.00
  MONTH TO DATE    0.65                      0.62   0.03     0.35
  SINCE OCT 1      1.51                      1.75  -0.24     1.42
  SINCE JAN 1     18.08                     16.10   1.98    21.83

SNOWFALL (IN)
  YESTERDAY       MM
  SNOW DEPTH       2

DEGREE DAYS
 HEATING
  YESTERDAY       36                        37     -1       27
  MONTH TO DATE  945                       837    108      871
  SINCE SEP 1   1646                      1817   -171     1834
  SINCE JUL 1   1727                      1975   -248     1873

 COOLING
  YESTERDAY        0                         0      0        0
  MONTH TO DATE    0                         0      0        0
  SINCE SEP 1     14                        14      0       47
  SINCE JAN 1    295                       210     85      277
..................................................................


WIND (MPH)
  HIGHEST WIND SPEED    14   HIGHEST WIND DIRECTION     E (110)
  HIGHEST GUST SPEED    16   HIGHEST GUST DIRECTION     E (110)
  AVERAGE WIND SPEED     7.8


SKY COVER
  AVERAGE SKY COVER 1.0


WEATHER CONDITIONS
 THE FOLLOWING WEATHER WAS RECORDED YESTERDAY.
  LIGHT SNOW
  FOG


RELATIVE HUMIDITY (PERCENT)
 HIGHEST    92           300 AM
 LOWEST     78           900 PM
 AVERAGE    85

..........................................................


THE LEWISTOWN MT CLIMATE NORMALS FOR TODAY
                         NORMAL    RECORD    YEAR
 MAXIMUM TEMPERATURE (F)   38        66      1922
 MINIMUM TEMPERATURE (F)   17       -25      1985


SUNRISE AND SUNSET
NOVEMBER 27 2014......SUNRISE   738 AM MST   SUNSET   433 PM MST
NOVEMBER 28 2014......SUNRISE   739 AM MST   SUNSET   432 PM MST


-  INDICATES NEGATIVE NUMBERS.
R  INDICATES RECORD WAS SET OR TIED.
MM INDICATES DATA IS MISSING.
T  INDICATES TRACE AMOUNT.




$$
