000
CDUS45 KTFX 220902
CLILWT


CLIMATE REPORT
NATIONAL WEATHER SERVICE GREAT FALLS MT
259 AM MDT FRI AUG 22 2014


...................................

...THE LEWISTOWN MT CLIMATE SUMMARY FOR AUGUST 21 2014...

CLIMATE NORMAL PERIOD 1981 TO 2010
CLIMATE RECORD PERIOD 1896 TO 2014


WEATHER ITEM   OBSERVED TIME   RECORD YEAR NORMAL DEPARTURE LAST
                VALUE   (LST)  VALUE       VALUE  FROM      YEAR
                                                  NORMAL
..................................................................
TEMPERATURE (F)
 YESTERDAY
  MAXIMUM         64   1239 PM  97    1969  80    -16       79
  MINIMUM         53    849 PM  29    1904  49      4       48
  AVERAGE         59                        64     -5       64

PRECIPITATION (IN)
  YESTERDAY        0.04          1.80 1918   0.06  -0.02     0.00
  MONTH TO DATE    1.38                      1.19   0.19     2.09
  SINCE OCT 1     12.48                     14.96  -2.48    20.46
  SINCE JAN 1     10.40                     12.46  -2.06    17.95

SNOWFALL (IN)
  YESTERDAY        0.0
  SNOW DEPTH       0

DEGREE DAYS
 HEATING
  YESTERDAY        6                         3      3        1
  MONTH TO DATE    6                        42    -36       15
  SINCE JUN 1    302                       342    -40      256
  SINCE JUL 1     16                       115    -99       36

 COOLING
  YESTERDAY        0                         2     -2        0
  MONTH TO DATE  122                        71     51       46
  SINCE JUN 1    276                       179     97      169
  SINCE JAN 1    276                       181     95      172
..................................................................


WIND (MPH)
  HIGHEST WIND SPEED    14   HIGHEST WIND DIRECTION    NW (300)
  HIGHEST GUST SPEED    21   HIGHEST GUST DIRECTION     N (10)
  AVERAGE WIND SPEED     6.0


SKY COVER
  AVERAGE SKY COVER 0.8


WEATHER CONDITIONS
 THE FOLLOWING WEATHER WAS RECORDED YESTERDAY.
  LIGHT RAIN
  FOG


RELATIVE HUMIDITY (PERCENT)
 HIGHEST    93          1100 PM
 LOWEST     67           100 PM
 AVERAGE    80

..........................................................


THE LEWISTOWN MT CLIMATE NORMALS FOR TODAY
                         NORMAL    RECORD    YEAR
 MAXIMUM TEMPERATURE (F)   79        98      1976
 MINIMUM TEMPERATURE (F)   49        34      1992


SUNRISE AND SUNSET
AUGUST 22 2014........SUNRISE   624 AM MDT   SUNSET   816 PM MDT
AUGUST 23 2014........SUNRISE   625 AM MDT   SUNSET   814 PM MDT


-  INDICATES NEGATIVE NUMBERS.
R  INDICATES RECORD WAS SET OR TIED.
MM INDICATES DATA IS MISSING.
T  INDICATES TRACE AMOUNT.




$$
