000
CDUS45 KTFX 020949
CLILWT


CLIMATE REPORT
NATIONAL WEATHER SERVICE GREAT FALLS MT
249 AM MST MON MAR 2 2015


...................................

...THE LEWISTOWN MT CLIMATE SUMMARY FOR MARCH 1 2015...

CLIMATE NORMAL PERIOD 1981 TO 2010
CLIMATE RECORD PERIOD 1896 TO 2015


WEATHER ITEM   OBSERVED TIME   RECORD YEAR NORMAL DEPARTURE LAST
                VALUE   (LST)  VALUE       VALUE  FROM      YEAR
                                                  NORMAL
..................................................................
TEMPERATURE (F)
 YESTERDAY
  MAXIMUM         30    500 PM  66    1905  39     -9       -9
  MINIMUM          7    545 AM -19    2014  18    -11      -19
  AVERAGE         19                        28     -9      -14

PRECIPITATION (IN)
  YESTERDAY        T             0.90 1902   0.02  -0.02     0.01
  MONTH TO DATE    T                         0.02  -0.02     0.01
  SINCE OCT 1      3.81                      3.53   0.28     3.37
  SINCE JAN 1      1.50                      1.03   0.47     1.29

SNOWFALL (IN)
  YESTERDAY       MM
  SNOW DEPTH       4

DEGREE DAYS
 HEATING
  YESTERDAY       46                        37      9       79
  MONTH TO DATE   46                        37      9       79
  SINCE MAR 1     46                        37      9       79
  SINCE JUL 1   5244                      5841   -597     6135

 COOLING
  YESTERDAY        0                         0      0        0
  MONTH TO DATE    0                         0      0        0
  SINCE MAR 1      0                         0      0        0
  SINCE JAN 1      0                         0      0        0
..................................................................


WIND (MPH)
  HIGHEST WIND SPEED    20   HIGHEST WIND DIRECTION     W (290)
  HIGHEST GUST SPEED    25   HIGHEST GUST DIRECTION     W (290)
  AVERAGE WIND SPEED     8.2


SKY COVER
  AVERAGE SKY COVER 0.3


WEATHER CONDITIONS
 THE FOLLOWING WEATHER WAS RECORDED YESTERDAY.
  LIGHT SNOW


RELATIVE HUMIDITY (PERCENT)
 HIGHEST    80           400 AM
 LOWEST     34           300 PM
 AVERAGE    57

..........................................................


THE LEWISTOWN MT CLIMATE NORMALS FOR TODAY
                         NORMAL    RECORD    YEAR
 MAXIMUM TEMPERATURE (F)   40        71      1905
 MINIMUM TEMPERATURE (F)   18       -23      1976


SUNRISE AND SUNSET
MARCH  2 2015.........SUNRISE   656 AM MST   SUNSET   605 PM MST
MARCH  3 2015.........SUNRISE   654 AM MST   SUNSET   606 PM MST


-  INDICATES NEGATIVE NUMBERS.
R  INDICATES RECORD WAS SET OR TIED.
MM INDICATES DATA IS MISSING.
T  INDICATES TRACE AMOUNT.




$$
