000
CDUS45 KTFX 230733
CLILWT


CLIMATE REPORT
NATIONAL WEATHER SERVICE GREAT FALLS MT
1231 AM MST FRI FEB 23 2018


...................................

...THE LEWISTOWN MT CLIMATE SUMMARY FOR FEBRUARY 22 2018...

CLIMATE NORMAL PERIOD 1981 TO 2010
CLIMATE RECORD PERIOD 1896 TO 2018


WEATHER ITEM   OBSERVED TIME   RECORD YEAR NORMAL DEPARTURE LAST
                VALUE   (LST)  VALUE       VALUE  FROM      YEAR
                                                  NORMAL
..................................................................
TEMPERATURE (F)
 YESTERDAY
  MAXIMUM         11    212 PM  59    1907  38    -27       37
  MINIMUM         -8    558 AM -36    1910  16    -24       27
  AVERAGE          2                        27    -25       32

PRECIPITATION (IN)
  YESTERDAY        0.00          2.02 1914   0.01  -0.01     0.18
  MONTH TO DATE    1.47                      0.34   1.13     0.44
  SINCE OCT 1      3.99                      3.41   0.58     5.19
  SINCE JAN 1      1.99                      0.91   1.08     0.79

SNOWFALL (IN)
  YESTERDAY       MM
  SNOW DEPTH      24

DEGREE DAYS
 HEATING
  YESTERDAY       63                        38     25       33
  MONTH TO DATE 1231                       873    358      794
  SINCE DEC 1   3864                      3450    414     3812
  SINCE JUL 1   5838                      5578    260     5538

 COOLING
  YESTERDAY        0                         0      0        0
  MONTH TO DATE    0                         0      0        0
  SINCE DEC 1      0                         0      0        0
  SINCE JAN 1      0                         0      0        0
..................................................................


WIND (MPH)
  HIGHEST WIND SPEED    13   HIGHEST WIND DIRECTION    SW (240)
  HIGHEST GUST SPEED    13   HIGHEST GUST DIRECTION    SW (240)
  AVERAGE WIND SPEED     6.5


SKY COVER
  AVERAGE SKY COVER 0.1


WEATHER CONDITIONS
 THE FOLLOWING WEATHER WAS RECORDED YESTERDAY.
  NO SIGNIFICANT WEATHER WAS OBSERVED.


RELATIVE HUMIDITY (PERCENT)
 HIGHEST    95           800 AM
 LOWEST     63           100 PM
 AVERAGE    79

..........................................................


THE LEWISTOWN MT CLIMATE NORMALS FOR TODAY
                         NORMAL    RECORD    YEAR
 MAXIMUM TEMPERATURE (F)   38        60      1908
 MINIMUM TEMPERATURE (F)   16       -26      1928


SUNRISE AND SUNSET
FEBRUARY 23 2018......SUNRISE   709 AM MST   SUNSET   555 PM MST
FEBRUARY 24 2018......SUNRISE   707 AM MST   SUNSET   556 PM MST


-  INDICATES NEGATIVE NUMBERS.
R  INDICATES RECORD WAS SET OR TIED.
MM INDICATES DATA IS MISSING.
T  INDICATES TRACE AMOUNT.




$$
