000
CDUS45 KTFX 192218
CLILWT


CLIMATE REPORT
NATIONAL WEATHER SERVICE GREAT FALLS MT
418 PM MDT FRI SEP 19 2014


...................................

...THE LEWISTOWN MT CLIMATE SUMMARY FOR SEPTEMBER 19 2014...
VALID TODAY AS OF 0400 PM LOCAL TIME.

CLIMATE NORMAL PERIOD 1981 TO 2010
CLIMATE RECORD PERIOD 1896 TO 2014


WEATHER ITEM   OBSERVED TIME   RECORD YEAR NORMAL DEPARTURE LAST
                VALUE   (LST)  VALUE       VALUE  FROM      YEAR
                                                  NORMAL
..................................................................
TEMPERATURE (F)
 TODAY
  MAXIMUM         73    233 PM  92    1938  67      6       59
  MINIMUM         51    155 AM  22    1983  40     11       38
  AVERAGE         62                        53      9       49

PRECIPITATION (IN)
  TODAY            0.00          1.04 1925   0.05  -0.05     0.00
  MONTH TO DATE    0.33                      0.88  -0.55     1.39
  SINCE OCT 1     17.49                     16.38   1.11    21.96
  SINCE JAN 1     15.41                     13.88   1.53    19.45

SNOWFALL (IN)
  TODAY           MM
  SNOW DEPTH       0

DEGREE DAYS
 HEATING
  TODAY            3                        12     -9       16
  MONTH TO DATE  205                       165     40       61
  SINCE SEP 1    205                       165     40       61
  SINCE JUL 1    286                       323    -37      100

 COOLING
  TODAY            0                         0      0        0
  MONTH TO DATE    4                        13     -9       47
  SINCE SEP 1      4                        13     -9       47
  SINCE JAN 1    285                       209     76      277
..................................................................


WIND (MPH)
  HIGHEST WIND SPEED    29   HIGHEST WIND DIRECTION    NW (300)
  HIGHEST GUST SPEED    36   HIGHEST GUST DIRECTION    NW (300)
  AVERAGE WIND SPEED    15.1


SKY COVER
  AVERAGE SKY COVER 0.2


WEATHER CONDITIONS
 THE FOLLOWING WEATHER WAS RECORDED TODAY.
  NO SIGNIFICANT WEATHER WAS OBSERVED.


RELATIVE HUMIDITY (PERCENT)
 HIGHEST    77
 LOWEST     35
 AVERAGE    56

..........................................................


THE LEWISTOWN MT CLIMATE NORMALS FOR TOMORROW
                         NORMAL    RECORD    YEAR
 MAXIMUM TEMPERATURE (F)   67        92      1922
 MINIMUM TEMPERATURE (F)   39        18      1983


SUNRISE AND SUNSET
SEPTEMBER 19 2014.....SUNRISE   701 AM MDT   SUNSET   721 PM MDT
SEPTEMBER 20 2014.....SUNRISE   702 AM MDT   SUNSET   719 PM MDT


-  INDICATES NEGATIVE NUMBERS.
R  INDICATES RECORD WAS SET OR TIED.
MM INDICATES DATA IS MISSING.
T  INDICATES TRACE AMOUNT.




$$
