000
CDUS43 KILX 262150
CLILWV


CLIMATE REPORT
NATIONAL WEATHER SERVICE LINCOLN IL
448 PM CDT WED JUL 26 2017


...................................

...THE LAWRENCEVILLE IL AIRPORT CLIMATE SUMMARY FOR JULY 26 2017...
VALID TODAY AS OF 0400 PM LOCAL TIME.

CLIMATE NORMAL PERIOD 1981 TO 2010
CLIMATE RECORD PERIOD 9999 TO 9999


WEATHER ITEM   OBSERVED TIME   RECORD YEAR NORMAL DEPARTURE LAST
                VALUE   (LST)  VALUE       VALUE  FROM      YEAR
                                                  NORMAL
..................................................................
TEMPERATURE (F)
 TODAY
  MAXIMUM         90    259 PM  MM      MM  88      2       88
  MINIMUM         68    520 AM  MM      MM  67      1       73
  AVERAGE         79                        78      1       81

PRECIPITATION (IN)
  TODAY            0.00         MM      MM   0.12  -0.12     0.00
  MONTH TO DATE    1.72                      3.86  -2.14     4.27
  SINCE JUN 1      4.41                      7.84  -3.43     6.05
  SINCE JAN 1     22.22                     25.40  -3.18    23.72

DEGREE DAYS
 HEATING
  TODAY            0                         0      0        0
  MONTH TO DATE    0                         0      0        0
  SINCE JUN 1      0                         7     -7        0
  SINCE JUL 1      0                         0      0        0

 COOLING
  TODAY           14                        13      1       16
  MONTH TO DATE  351                       338     13      322
  SINCE JUN 1    645                       628     17      688
  SINCE JAN 1    818                       767     51      808
..................................................................


WIND (MPH)
  HIGHEST WIND SPEED    10   HIGHEST WIND DIRECTION     S (160)
  HIGHEST GUST SPEED    13   HIGHEST GUST DIRECTION    SW (210)
  AVERAGE WIND SPEED     5.5


SKY COVER
  POSSIBLE SUNSHINE  MM
  AVERAGE SKY COVER 0.3


WEATHER CONDITIONS
 THE FOLLOWING WEATHER WAS RECORDED TODAY.
  NO SIGNIFICANT WEATHER WAS OBSERVED.


RELATIVE HUMIDITY (PERCENT)
 HIGHEST    93           400 AM
 LOWEST     68          1200 PM
 AVERAGE    81

..........................................................


THE LAWRENCEVILLE IL AIRPORT CLIMATE NORMALS FOR TOMORROW
                         NORMAL    RECORD    YEAR
 MAXIMUM TEMPERATURE (F)   88        MM        MM
 MINIMUM TEMPERATURE (F)   67        MM        MM


SUNRISE AND SUNSET
JULY 26 2017..........SUNRISE   547 AM CDT   SUNSET   807 PM CDT
JULY 27 2017..........SUNRISE   548 AM CDT   SUNSET   806 PM CDT


-  INDICATES NEGATIVE NUMBERS.
R  INDICATES RECORD WAS SET OR TIED.
MM INDICATES DATA IS MISSING.
T  INDICATES TRACE AMOUNT.




$$
