000
CDUS43 KILX 020652
CLILWV


CLIMATE REPORT
NATIONAL WEATHER SERVICE LINCOLN IL
152 AM CDT WED SEP 2 2015


...................................

...THE LAWRENCEVILLE IL AIRPORT CLIMATE SUMMARY FOR SEPTEMBER 1 2015...

CLIMATE NORMAL PERIOD 1981 TO 2010
CLIMATE RECORD PERIOD 9999 TO 9999


WEATHER ITEM   OBSERVED TIME   RECORD YEAR NORMAL DEPARTURE LAST
                VALUE   (LST)  VALUE       VALUE  FROM      YEAR
                                                  NORMAL
..................................................................
TEMPERATURE (F)
 YESTERDAY
  MAXIMUM         90    314 PM  MM      MM  86      4       85
  MINIMUM         67    536 AM  MM      MM  63      4       73
  AVERAGE         79                        74      5       79

PRECIPITATION (IN)
  YESTERDAY        0.06         MM      MM   0.10  -0.04      T
  MONTH TO DATE    0.06                      0.10  -0.04      T
  SINCE SEP 1      0.06                      0.10  -0.04      T
  SINCE JAN 1     32.00                     29.45   2.55    28.80

DEGREE DAYS
 HEATING
  YESTERDAY        0                         0      0        0
  MONTH TO DATE    0                         0      0        0
  SINCE SEP 1      0                         0      0        0
  SINCE JUL 1      0                         1     -1        0

 COOLING
  YESTERDAY       14                         9      5       14
  MONTH TO DATE   14                         9      5       14
  SINCE SEP 1     14                         9      5       14
  SINCE JAN 1   1117                      1192    -75     1087
..................................................................


WIND (MPH)
  HIGHEST WIND SPEED    20   HIGHEST WIND DIRECTION    NW (330)
  HIGHEST GUST SPEED    23   HIGHEST GUST DIRECTION    NW (330)
  AVERAGE WIND SPEED     2.3


SKY COVER
  POSSIBLE SUNSHINE  MM
  AVERAGE SKY COVER 0.3


WEATHER CONDITIONS
 THE FOLLOWING WEATHER WAS RECORDED YESTERDAY.
  THUNDERSTORM
  HEAVY RAIN
  LIGHT RAIN
  FOG


RELATIVE HUMIDITY (PERCENT)
 HIGHEST   100           300 AM
 LOWEST     47           300 PM
 AVERAGE    74

..........................................................


THE LAWRENCEVILLE IL AIRPORT CLIMATE NORMALS FOR TODAY
                         NORMAL    RECORD    YEAR
 MAXIMUM TEMPERATURE (F)   86        MM        MM
 MINIMUM TEMPERATURE (F)   62        MM        MM


SUNRISE AND SUNSET
SEPTEMBER  2 2015.....SUNRISE   620 AM CDT   SUNSET   719 PM CDT
SEPTEMBER  3 2015.....SUNRISE   621 AM CDT   SUNSET   718 PM CDT


-  INDICATES NEGATIVE NUMBERS.
R  INDICATES RECORD WAS SET OR TIED.
MM INDICATES DATA IS MISSING.
T  INDICATES TRACE AMOUNT.




$$
