000
CDUS43 KILX 290636
CLILWV


CLIMATE REPORT
NATIONAL WEATHER SERVICE LINCOLN IL
135 AM CDT WED JUL 29 2015


...................................

...THE LAWRENCEVILLE IL AIRPORT CLIMATE SUMMARY FOR JULY 28 2015...

CLIMATE NORMAL PERIOD 1981 TO 2010
CLIMATE RECORD PERIOD 9999 TO 9999


WEATHER ITEM   OBSERVED TIME   RECORD YEAR NORMAL DEPARTURE LAST
                VALUE   (LST)  VALUE       VALUE  FROM      YEAR
                                                  NORMAL
..................................................................
TEMPERATURE (F)
 YESTERDAY
  MAXIMUM         93    405 PM  MM      MM  88      5       77
  MINIMUM         73    305 AM  MM      MM  67      6       56
  AVERAGE         83                        78      5       67

PRECIPITATION (IN)
  YESTERDAY        0.00         MM      MM   0.11  -0.11     0.00
  MONTH TO DATE    3.63                      4.08  -0.45     4.49
  SINCE JUN 1     12.65                      8.06   4.59     8.43
  SINCE JAN 1     29.61                     25.62   3.99    24.04

DEGREE DAYS
 HEATING
  YESTERDAY        0                         0      0        0
  MONTH TO DATE    0                         0      0        0
  SINCE JUN 1      8                         7      1        0
  SINCE JUL 1      0                         0      0        0

 COOLING
  YESTERDAY       18                        13      5        2
  MONTH TO DATE  325                       364    -39      213
  SINCE JUN 1    628                       654    -26      536
  SINCE JAN 1    783                       793    -10      727
..................................................................


WIND (MPH)
  HIGHEST WIND SPEED     8   HIGHEST WIND DIRECTION     S (190)
  HIGHEST GUST SPEED    11   HIGHEST GUST DIRECTION    SW (220)
  AVERAGE WIND SPEED     3.3


SKY COVER
  POSSIBLE SUNSHINE  MM
  AVERAGE SKY COVER 0.2


WEATHER CONDITIONS
 THE FOLLOWING WEATHER WAS RECORDED YESTERDAY.
  FOG
  HAZE


RELATIVE HUMIDITY (PERCENT)
 HIGHEST   100           700 AM
 LOWEST     60           300 PM
 AVERAGE    80

..........................................................


THE LAWRENCEVILLE IL AIRPORT CLIMATE NORMALS FOR TODAY
                         NORMAL    RECORD    YEAR
 MAXIMUM TEMPERATURE (F)   88        MM        MM
 MINIMUM TEMPERATURE (F)   67        MM        MM


SUNRISE AND SUNSET
JULY 29 2015..........SUNRISE   549 AM CDT   SUNSET   804 PM CDT
JULY 30 2015..........SUNRISE   550 AM CDT   SUNSET   803 PM CDT


-  INDICATES NEGATIVE NUMBERS.
R  INDICATES RECORD WAS SET OR TIED.
MM INDICATES DATA IS MISSING.
T  INDICATES TRACE AMOUNT.




$$
