000
CDUS43 KILX 230641
CLILWV


CLIMATE REPORT
NATIONAL WEATHER SERVICE LINCOLN IL
134 AM CDT WED APR 23 2014


...................................

...THE LAWRENCEVILLE IL AIRPORT CLIMATE SUMMARY FOR APRIL 22 2014...

CLIMATE NORMAL PERIOD 1981 TO 2010
CLIMATE RECORD PERIOD 9999 TO 9999


WEATHER ITEM   OBSERVED TIME   RECORD YEAR NORMAL DEPARTURE LAST
                VALUE   (LST)  VALUE       VALUE  FROM      YEAR
                                                  NORMAL
..................................................................
TEMPERATURE (F)
 YESTERDAY
  MAXIMUM         70    340 PM  MM      MM  69      1       71
  MINIMUM         50   1159 PM  MM      MM  48      2       40
  AVERAGE         60                        58      2       56

PRECIPITATION (IN)
  YESTERDAY        0.02         MM      MM   0.14  -0.12     0.00
  MONTH TO DATE    5.86                      2.63   3.23     4.24
  SINCE MAR 1      6.90                      6.06   0.84     7.49
  SINCE JAN 1      9.66                     10.45  -0.79    16.05

DEGREE DAYS
 HEATING
  YESTERDAY        5                         8     -3        9
  MONTH TO DATE  222                       246    -24      254
  SINCE MAR 1   1005                       868    137     1073
  SINCE JUL 1   5407                      4543    864     4769

 COOLING
  YESTERDAY        0                         1     -1        0
  MONTH TO DATE    4                        16    -12       20
  SINCE MAR 1      4                        18    -14       20
  SINCE JAN 1      4                        18    -14       20
..................................................................


WIND (MPH)
  HIGHEST WIND SPEED    22   HIGHEST WIND DIRECTION    NW (320)
  HIGHEST GUST SPEED    27   HIGHEST GUST DIRECTION     N (360)
  AVERAGE WIND SPEED    11.5


SKY COVER
  POSSIBLE SUNSHINE  MM
  AVERAGE SKY COVER 0.2


WEATHER CONDITIONS
 THE FOLLOWING WEATHER WAS RECORDED YESTERDAY.
  LIGHT RAIN
  FOG
  HAZE


RELATIVE HUMIDITY (PERCENT)
 HIGHEST    90          1200 AM
 LOWEST     26           400 PM
 AVERAGE    58

..........................................................


THE LAWRENCEVILLE IL AIRPORT CLIMATE NORMALS FOR TODAY
                         NORMAL    RECORD    YEAR
 MAXIMUM TEMPERATURE (F)   69        MM        MM
 MINIMUM TEMPERATURE (F)   48        MM        MM


SUNRISE AND SUNSET
APRIL 23 2014.........SUNRISE   603 AM CDT   SUNSET   735 PM CDT
APRIL 24 2014.........SUNRISE   602 AM CDT   SUNSET   736 PM CDT


-  INDICATES NEGATIVE NUMBERS.
R  INDICATES RECORD WAS SET OR TIED.
MM INDICATES DATA IS MISSING.
T  INDICATES TRACE AMOUNT.




$$
