000
CDUS43 KILX 090656
CLILWV


CLIMATE REPORT
NATIONAL WEATHER SERVICE LINCOLN IL
1256 AM CST TUE FEB 9 2016


...................................

...THE LAWRENCEVILLE IL AIRPORT CLIMATE SUMMARY FOR FEBRUARY 8 2016...

CLIMATE NORMAL PERIOD 1981 TO 2010
CLIMATE RECORD PERIOD 9999 TO 9999


WEATHER ITEM   OBSERVED TIME   RECORD YEAR NORMAL DEPARTURE LAST
                VALUE   (LST)  VALUE       VALUE  FROM      YEAR
                                                  NORMAL
..................................................................
TEMPERATURE (F)
 YESTERDAY
  MAXIMUM         38   1224 AM  MM      MM  42     -4       61
  MINIMUM         21   1159 PM  MM      MM  25     -4       39
  AVERAGE         30                        34     -4       50

PRECIPITATION (IN)
  YESTERDAY        0.04         MM      MM   0.08  -0.04     0.00
  MONTH TO DATE    0.14                      0.60  -0.46     0.54
  SINCE DEC 1      6.14                      6.37  -0.23     5.74
  SINCE JAN 1      1.20                      2.98  -1.78     2.50

DEGREE DAYS
 HEATING
  YESTERDAY       35                        31      4       15
  MONTH TO DATE  208                       257    -49      258
  SINCE DEC 1   1918                      2250   -332     2208
  SINCE JUL 1   2615                      3108   -493     3343

 COOLING
  YESTERDAY        0                         0      0        0
  MONTH TO DATE    0                         0      0        0
  SINCE DEC 1      0                         0      0        0
  SINCE JAN 1      0                         0      0        0
..................................................................


WIND (MPH)
  HIGHEST WIND SPEED    28   HIGHEST WIND DIRECTION    NW (300)
  HIGHEST GUST SPEED    34   HIGHEST GUST DIRECTION    NW (310)
  AVERAGE WIND SPEED    13.2


SKY COVER
  POSSIBLE SUNSHINE  MM
  AVERAGE SKY COVER 0.9


WEATHER CONDITIONS
 THE FOLLOWING WEATHER WAS RECORDED YESTERDAY.
  LIGHT RAIN
  SNOW
  LIGHT SNOW
  FOG


RELATIVE HUMIDITY (PERCENT)
 HIGHEST   100           900 AM
 LOWEST     77           900 PM
 AVERAGE    89

..........................................................


THE LAWRENCEVILLE IL AIRPORT CLIMATE NORMALS FOR TODAY
                         NORMAL    RECORD    YEAR
 MAXIMUM TEMPERATURE (F)   42        MM        MM
 MINIMUM TEMPERATURE (F)   26        MM        MM


SUNRISE AND SUNSET
FEBRUARY  9 2016......SUNRISE   649 AM CST   SUNSET   521 PM CST
FEBRUARY 10 2016......SUNRISE   648 AM CST   SUNSET   522 PM CST


-  INDICATES NEGATIVE NUMBERS.
R  INDICATES RECORD WAS SET OR TIED.
MM INDICATES DATA IS MISSING.
T  INDICATES TRACE AMOUNT.




$$
