000
CDUS43 KILX 170643
CLILWV


CLIMATE REPORT
NATIONAL WEATHER SERVICE LINCOLN IL
1241 AM CST TUE JAN 17 2017


...................................

...THE LAWRENCEVILLE IL AIRPORT CLIMATE SUMMARY FOR JANUARY 16 2017...

CLIMATE NORMAL PERIOD 1981 TO 2010
CLIMATE RECORD PERIOD 9999 TO 9999


WEATHER ITEM   OBSERVED TIME   RECORD YEAR NORMAL DEPARTURE LAST
                VALUE   (LST)  VALUE       VALUE  FROM      YEAR
                                                  NORMAL
..................................................................
TEMPERATURE (F)
 YESTERDAY
  MAXIMUM         59   1132 PM  MM      MM  39     20       32
  MINIMUM         39    354 AM  MM      MM  23     16       24
  AVERAGE         49                        31     18       28

PRECIPITATION (IN)
  YESTERDAY        0.74         MM      MM   0.09   0.65     0.00
  MONTH TO DATE    2.03                      1.44   0.59     0.81
  SINCE DEC 1      3.70                      4.83  -1.13     5.75
  SINCE JAN 1      2.03                      1.44   0.59     0.81

DEGREE DAYS
 HEATING
  YESTERDAY       16                        34    -18       37
  MONTH TO DATE  519                       544    -25      539
  SINCE DEC 1   1523                      1485     38     1170
  SINCE JUL 1   2145                      2343   -198     1867

 COOLING
  YESTERDAY        0                         0      0        0
  MONTH TO DATE    0                         0      0        0
  SINCE DEC 1      0                         0      0        0
  SINCE JAN 1      0                         0      0        0
..................................................................


WIND (MPH)
  HIGHEST WIND SPEED    20   HIGHEST WIND DIRECTION     S (180)
  HIGHEST GUST SPEED    25   HIGHEST GUST DIRECTION     S (190)
  AVERAGE WIND SPEED     7.7


SKY COVER
  POSSIBLE SUNSHINE  MM
  AVERAGE SKY COVER 1.0


WEATHER CONDITIONS
 THE FOLLOWING WEATHER WAS RECORDED YESTERDAY.
  HEAVY RAIN
  RAIN
  LIGHT RAIN
  FOG
  FOG W/VISIBILITY <= 1/4 MILE


RELATIVE HUMIDITY (PERCENT)
 HIGHEST   100           100 AM
 LOWEST     92          1200 AM
 AVERAGE    96

..........................................................


THE LAWRENCEVILLE IL AIRPORT CLIMATE NORMALS FOR TODAY
                         NORMAL    RECORD    YEAR
 MAXIMUM TEMPERATURE (F)   39        MM        MM
 MINIMUM TEMPERATURE (F)   23        MM        MM


SUNRISE AND SUNSET
JANUARY 17 2017.......SUNRISE   706 AM CST   SUNSET   455 PM CST
JANUARY 18 2017.......SUNRISE   706 AM CST   SUNSET   456 PM CST


-  INDICATES NEGATIVE NUMBERS.
R  INDICATES RECORD WAS SET OR TIED.
MM INDICATES DATA IS MISSING.
T  INDICATES TRACE AMOUNT.




$$
