000
CDUS43 KILX 250659
CLILWV


CLIMATE REPORT
NATIONAL WEATHER SERVICE LINCOLN IL
1249 AM CST THU DEC 25 2014


...................................

...THE LAWRENCEVILLE IL AIRPORT CLIMATE SUMMARY FOR DECEMBER 24 2014...

CLIMATE NORMAL PERIOD 1981 TO 2010
CLIMATE RECORD PERIOD 9999 TO 9999


WEATHER ITEM   OBSERVED TIME   RECORD YEAR NORMAL DEPARTURE LAST
                VALUE   (LST)  VALUE       VALUE  FROM      YEAR
                                                  NORMAL
..................................................................
TEMPERATURE (F)
 YESTERDAY
  MAXIMUM         47   1228 AM  MM      MM  40      7       22
  MINIMUM         38   1159 PM  MM      MM  25     13       10
  AVERAGE         43                        32     11       16

PRECIPITATION (IN)
  YESTERDAY        0.20         MM      MM   0.13   0.07     0.00
  MONTH TO DATE    2.80                      2.60   0.20     4.48
  SINCE DEC 1      2.80                      2.60   0.20     4.48
  SINCE JAN 1     41.54                     43.09  -1.55    55.06

DEGREE DAYS
 HEATING
  YESTERDAY       22                        33    -11       49
  MONTH TO DATE  661                       708    -47      809
  SINCE DEC 1    661                       708    -47      809
  SINCE JUL 1   1796                      1566    230     1833

 COOLING
  YESTERDAY        0                         0      0        0
  MONTH TO DATE    0                         0      0        0
  SINCE DEC 1      0                         0      0        0
  SINCE JAN 1   1218                      1387   -169     1287
..................................................................


WIND (MPH)
  HIGHEST WIND SPEED    18   HIGHEST WIND DIRECTION     W (260)
  HIGHEST GUST SPEED    23   HIGHEST GUST DIRECTION     W (260)
  AVERAGE WIND SPEED    12.2


SKY COVER
  POSSIBLE SUNSHINE  MM
  AVERAGE SKY COVER 1.0


WEATHER CONDITIONS
 THE FOLLOWING WEATHER WAS RECORDED YESTERDAY.
  RAIN
  LIGHT RAIN
  FOG
  HAZE


RELATIVE HUMIDITY (PERCENT)
 HIGHEST   100           600 AM
 LOWEST     76          1200 AM
 AVERAGE    88

..........................................................


THE LAWRENCEVILLE IL AIRPORT CLIMATE NORMALS FOR TODAY
                         NORMAL    RECORD    YEAR
 MAXIMUM TEMPERATURE (F)   40        MM        MM
 MINIMUM TEMPERATURE (F)   25        MM        MM


SUNRISE AND SUNSET
DECEMBER 25 2014......SUNRISE   707 AM CST   SUNSET   434 PM CST
DECEMBER 26 2014......SUNRISE   707 AM CST   SUNSET   435 PM CST


-  INDICATES NEGATIVE NUMBERS.
R  INDICATES RECORD WAS SET OR TIED.
MM INDICATES DATA IS MISSING.
T  INDICATES TRACE AMOUNT.




$$
