000
CDUS43 KILX 230650
CLILWV


CLIMATE REPORT
NATIONAL WEATHER SERVICE LINCOLN IL
1250 AM CST THU NOV 23 2017


...................................

...THE LAWRENCEVILLE IL AIRPORT CLIMATE SUMMARY FOR NOVEMBER 22 2017...

CLIMATE NORMAL PERIOD 1981 TO 2010
CLIMATE RECORD PERIOD 9999 TO 9999


WEATHER ITEM   OBSERVED TIME   RECORD YEAR NORMAL DEPARTURE LAST
                VALUE   (LST)  VALUE       VALUE  FROM      YEAR
                                                  NORMAL
..................................................................
TEMPERATURE (F)
 YESTERDAY
  MAXIMUM         41    251 PM  MM      MM  52    -11       50
  MINIMUM         25    706 AM  MM      MM  35    -10       32
  AVERAGE         33                        44    -11       41

PRECIPITATION (IN)
  YESTERDAY        0.00         MM      MM   0.14  -0.14     0.02
  MONTH TO DATE    2.75                      2.84  -0.09     0.93
  SINCE SEP 1      8.29                     10.01  -1.72     5.79
  SINCE JAN 1     32.65                     39.36  -6.71    38.05

DEGREE DAYS
 HEATING
  YESTERDAY       32                        21     11       24
  MONTH TO DATE  410                       373     37      321
  SINCE SEP 1    623                       669    -46      463
  SINCE JUL 1    623                       670    -47      463

 COOLING
  YESTERDAY        0                         0      0        0
  MONTH TO DATE    1                         0      1       10
  SINCE SEP 1    289                       203     86      324
  SINCE JAN 1   1432                      1386     46     1615
..................................................................


WIND (MPH)
  HIGHEST WIND SPEED    13   HIGHEST WIND DIRECTION     N (350)
  HIGHEST GUST SPEED    16   HIGHEST GUST DIRECTION     N (340)
  AVERAGE WIND SPEED     5.7


SKY COVER
  POSSIBLE SUNSHINE  MM
  AVERAGE SKY COVER 0.0


WEATHER CONDITIONS
 THE FOLLOWING WEATHER WAS RECORDED YESTERDAY.
  NO SIGNIFICANT WEATHER WAS OBSERVED.


RELATIVE HUMIDITY (PERCENT)
 HIGHEST    85          1100 PM
 LOWEST     48           100 PM
 AVERAGE    67

..........................................................


THE LAWRENCEVILLE IL AIRPORT CLIMATE NORMALS FOR TODAY
                         NORMAL    RECORD    YEAR
 MAXIMUM TEMPERATURE (F)   52        MM        MM
 MINIMUM TEMPERATURE (F)   34        MM        MM


SUNRISE AND SUNSET
NOVEMBER 23 2017......SUNRISE   642 AM CST   SUNSET   432 PM CST
NOVEMBER 24 2017......SUNRISE   643 AM CST   SUNSET   431 PM CST


-  INDICATES NEGATIVE NUMBERS.
R  INDICATES RECORD WAS SET OR TIED.
MM INDICATES DATA IS MISSING.
T  INDICATES TRACE AMOUNT.




$$
