000
CDUS41 KRNK 292124
CLILYH


CLIMATE REPORT
NATIONAL WEATHER SERVICE BLACKSBURG VA
523 PM EDT MON MAY 29 2017


...................................

...THE LYNCHBURG VA CLIMATE SUMMARY FOR MAY 29 2017...
VALID TODAY AS OF 0500 PM LOCAL TIME.

CLIMATE NORMAL PERIOD 1981 TO 2010
CLIMATE RECORD PERIOD 1893 TO 2017


WEATHER ITEM   OBSERVED TIME   RECORD YEAR NORMAL DEPARTURE LAST
                VALUE   (LST)  VALUE       VALUE  FROM      YEAR
                                                  NORMAL
..................................................................
TEMPERATURE (F)
 TODAY
  MAXIMUM         83    220 PM  95    1941  79      4       74
  MINIMUM         61    435 AM  40    2008  55      6       62
  AVERAGE         72                        67      5       68

PRECIPITATION (IN)
  TODAY            0.00          1.90 1971   0.13  -0.13     0.12
  MONTH TO DATE    7.88                      3.47   4.41     6.88
  SINCE MAR 1     14.72                     10.36   4.36    12.36
  SINCE JAN 1     19.10                     16.43   2.67    19.65

SNOWFALL (IN)
  TODAY            0.0                                       0.0
  MONTH TO DATE    0.0                                       0.0
  SINCE MAR 1      T                                          T
  SINCE JUL 1      5.9                                      15.6
  SNOW DEPTH       0

DEGREE DAYS
 HEATING
  TODAY            0                         2     -2        0
  MONTH TO DATE   94                       118    -24      117
  SINCE MAR 1    793                      1017   -224      799
  SINCE JUL 1   3502                      4441   -939     3765

 COOLING
  TODAY            7                         4      3        3
  MONTH TO DATE   70                        56     14       36
  SINCE MAR 1    122                        74     48       53
  SINCE JAN 1    123                        74     49       53
..................................................................


WIND (MPH)
  HIGHEST WIND SPEED    13   HIGHEST WIND DIRECTION    NW (300)
  HIGHEST GUST SPEED    18   HIGHEST GUST DIRECTION     W (260)
  AVERAGE WIND SPEED     4.7


SKY COVER
  AVERAGE SKY COVER 0.3


WEATHER CONDITIONS
 THE FOLLOWING WEATHER WAS RECORDED TODAY.
  FOG
  FOG W/VISIBILITY <= 1/4 MILE


RELATIVE HUMIDITY (PERCENT)
 HIGHEST   100          1200 AM
 LOWEST     43           200 PM
 AVERAGE    72

..........................................................


THE LYNCHBURG VA CLIMATE NORMALS FOR TOMORROW
                         NORMAL    RECORD    YEAR
 MAXIMUM TEMPERATURE (F)   79        95      1895
 MINIMUM TEMPERATURE (F)   55        44      2000
                                             1902


SUNRISE AND SUNSET
MAY 29 2017...........SUNRISE   559 AM EDT   SUNSET   830 PM EDT
MAY 30 2017...........SUNRISE   558 AM EDT   SUNSET   831 PM EDT


-  INDICATES NEGATIVE NUMBERS.
R  INDICATES RECORD WAS SET OR TIED.
MM INDICATES DATA IS MISSING.
T  INDICATES TRACE AMOUNT.

REMARKS:
DUE TO A POWER OUTAGE CAUSING A MISSING LOW TEMPERATURE ON FEBRUARY
23...THE SEASONAL HEATING DEGREE DAY TOTAL AND DEPARTURE FROM
NORMAL WILL BE CALCULATED WITHOUT DATA FROM THIS DATE.


$$
