000
CDUS41 KRNK 220527
CLILYH


CLIMATE REPORT
NATIONAL WEATHER SERVICE BLACKSBURG VA
125 AM EDT SAT JUL 22 2017


...................................

...THE LYNCHBURG VA CLIMATE SUMMARY FOR JULY 21 2017...

CLIMATE NORMAL PERIOD 1981 TO 2010
CLIMATE RECORD PERIOD 1893 TO 2017


WEATHER ITEM   OBSERVED TIME   RECORD YEAR NORMAL DEPARTURE LAST
                VALUE   (LST)  VALUE       VALUE  FROM      YEAR
                                                  NORMAL
..................................................................
TEMPERATURE (F)
 YESTERDAY
  MAXIMUM         94    302 PM 103    1926  87      7       88
  MINIMUM         68    525 AM  54    1909  64      4       66
  AVERAGE         81                        75      6       77

PRECIPITATION (IN)
  YESTERDAY        0.09          1.89 1938   0.13  -0.04     0.00
  MONTH TO DATE    2.08                      2.91  -0.83     1.52
  SINCE JUN 1      4.17                      6.53  -2.36     7.79
  SINCE JAN 1     23.27                     23.22   0.05    27.45

SNOWFALL (IN)
  YESTERDAY        0.0                                       0.0
  MONTH TO DATE    0.0                                       0.0
  SINCE JUN 1      0.0                                       0.0
  SINCE JUL 1      0.0                                       0.0
  SNOW DEPTH       0

DEGREE DAYS
 HEATING
  YESTERDAY        0                         0      0        0
  MONTH TO DATE    0                         0      0        0
  SINCE JUN 1      4                        14    -10        1
  SINCE JUL 1      0                         0      0        0

 COOLING
  YESTERDAY       16                        10      6       12
  MONTH TO DATE  275                       210     65      236
  SINCE JUN 1    481                       424     57      465
  SINCE JAN 1    617                       506    111      536
..................................................................


WIND (MPH)
  HIGHEST WIND SPEED    18   HIGHEST WIND DIRECTION     N (340)
  HIGHEST GUST SPEED    27   HIGHEST GUST DIRECTION     N (360)
  AVERAGE WIND SPEED     2.1


SKY COVER
  AVERAGE SKY COVER 0.1


WEATHER CONDITIONS
 THE FOLLOWING WEATHER WAS RECORDED YESTERDAY.
  THUNDERSTORM
  HEAVY RAIN
  LIGHT RAIN
  FOG


RELATIVE HUMIDITY (PERCENT)
 HIGHEST   100           800 PM
 LOWEST     46           300 PM
 AVERAGE    73

..........................................................


THE LYNCHBURG VA CLIMATE NORMALS FOR TODAY
                         NORMAL    RECORD    YEAR
 MAXIMUM TEMPERATURE (F)   87       102      1926
 MINIMUM TEMPERATURE (F)   64        53      2001


SUNRISE AND SUNSET
JULY 22 2017..........SUNRISE   613 AM EDT   SUNSET   833 PM EDT
JULY 23 2017..........SUNRISE   614 AM EDT   SUNSET   832 PM EDT


-  INDICATES NEGATIVE NUMBERS.
R  INDICATES RECORD WAS SET OR TIED.
MM INDICATES DATA IS MISSING.
T  INDICATES TRACE AMOUNT.




$$
