000
CDUS41 KRNK 261441
CLILYH


CLIMATE REPORT
NATIONAL WEATHER SERVICE BLACKSBURG VA
1041 AM EDT TUE JUL 26 2016


...................................

...THE LYNCHBURG VA CLIMATE SUMMARY FOR JULY 25 2016...

CLIMATE NORMAL PERIOD 1981 TO 2010
CLIMATE RECORD PERIOD 1893 TO 2016


WEATHER ITEM   OBSERVED TIME   RECORD YEAR NORMAL DEPARTURE LAST
                VALUE   (LST)  VALUE       VALUE  FROM      YEAR
                                                  NORMAL
..................................................................
TEMPERATURE (F)
 YESTERDAY
  MAXIMUM         94    205 PM 102    1934  86      8       86
  MINIMUM         70    529 AM  53    1909  64      6       62
  AVERAGE         82                        75      7       74

PRECIPITATION (IN)
  YESTERDAY        0.00          2.04 1908   0.14  -0.14      T
  MONTH TO DATE    1.52                      3.47  -1.95     2.73
  SINCE JUN 1      7.79                      7.09   0.70     8.32
  SINCE JAN 1     27.45                     23.78   3.67    21.70

SNOWFALL (IN)
  YESTERDAY        0.0                                       0.0
  MONTH TO DATE    0.0                                       0.0
  SINCE JUN 1      0.0                                       0.0
  SINCE JUL 1      0.0                                       0.0
  SNOW DEPTH       0

DEGREE DAYS
 HEATING
  YESTERDAY        0                         0      0        0
  MONTH TO DATE    0                         0      0        0
  SINCE JUN 1      1                        14    -13       13
  SINCE JUL 1      0                         0      0        0

 COOLING
  YESTERDAY       17                        10      7        9
  MONTH TO DATE  301                       250     51      252
  SINCE JUN 1    530                       464     66      530
  SINCE JAN 1    601                       546     55      678
..................................................................


WIND (MPH)
  HIGHEST WIND SPEED    12   HIGHEST WIND DIRECTION    SW (210)
  HIGHEST GUST SPEED    14   HIGHEST GUST DIRECTION     S (200)
  AVERAGE WIND SPEED     3.4


SKY COVER
  AVERAGE SKY COVER 0.0


WEATHER CONDITIONS
 THE FOLLOWING WEATHER WAS RECORDED YESTERDAY.
  NO SIGNIFICANT WEATHER WAS OBSERVED.


RELATIVE HUMIDITY (PERCENT)
 HIGHEST   100           200 AM
 LOWEST     46           200 PM
 AVERAGE    73

..........................................................


THE LYNCHBURG VA CLIMATE NORMALS FOR TODAY
                         NORMAL    RECORD    YEAR
 MAXIMUM TEMPERATURE (F)   86       104      1934
 MINIMUM TEMPERATURE (F)   64        56      1911


SUNRISE AND SUNSET
JULY 26 2016..........SUNRISE   617 AM EDT   SUNSET   829 PM EDT
JULY 27 2016..........SUNRISE   618 AM EDT   SUNSET   829 PM EDT


-  INDICATES NEGATIVE NUMBERS.
R  INDICATES RECORD WAS SET OR TIED.
MM INDICATES DATA IS MISSING.
T  INDICATES TRACE AMOUNT.




$$
