000
CDUS41 KRNK 200715
CLILYH


CLIMATE REPORT
NATIONAL WEATHER SERVICE BLACKSBURG VA
313 AM EDT WED SEP 20 2017


...................................

...THE LYNCHBURG VA CLIMATE SUMMARY FOR SEPTEMBER 19 2017...

CLIMATE NORMAL PERIOD 1981 TO 2010
CLIMATE RECORD PERIOD 1893 TO 2017


WEATHER ITEM   OBSERVED TIME   RECORD YEAR NORMAL DEPARTURE LAST
                VALUE   (LST)  VALUE       VALUE  FROM      YEAR
                                                  NORMAL
..................................................................
TEMPERATURE (F)
 YESTERDAY
  MAXIMUM         84    338 PM  99    1895  77      7       78
  MINIMUM         63   1025 PM  39    1984  55      8       66
  AVERAGE         74                        66      8       72

PRECIPITATION (IN)
  YESTERDAY        0.00          2.12 1899   0.13  -0.13     1.53
  MONTH TO DATE    1.91                      2.53  -0.62     1.53
  SINCE SEP 1      1.91                      2.53  -0.62     1.53
  SINCE JAN 1     28.64                     30.46  -1.82    34.65

SNOWFALL (IN)
  YESTERDAY        0.0                                       0.0
  MONTH TO DATE    0.0                                       0.0
  SINCE SEP 1      0.0                                       0.0
  SINCE JUL 1      0.0                                       0.0
  SNOW DEPTH       0

DEGREE DAYS
 HEATING
  YESTERDAY        0                         2     -2        0
  MONTH TO DATE   47                        16     31        0
  SINCE SEP 1     47                        16     31        0
  SINCE JUL 1     49                        19     30        0

 COOLING
  YESTERDAY        9                         3      6        7
  MONTH TO DATE   56                        95    -39      179
  SINCE SEP 1     56                        95    -39      179
  SINCE JAN 1   1034                       993     41     1257
..................................................................


WIND (MPH)
  HIGHEST WIND SPEED     8   HIGHEST WIND DIRECTION     W (290)
  HIGHEST GUST SPEED    11   HIGHEST GUST DIRECTION     W (290)
  AVERAGE WIND SPEED     2.0


SKY COVER
  AVERAGE SKY COVER 0.1


WEATHER CONDITIONS
 THE FOLLOWING WEATHER WAS RECORDED YESTERDAY.
  NO SIGNIFICANT WEATHER WAS OBSERVED.


RELATIVE HUMIDITY (PERCENT)
 HIGHEST   100           200 AM
 LOWEST     43           400 PM
 AVERAGE    72

..........................................................


THE LYNCHBURG VA CLIMATE NORMALS FOR TODAY
                         NORMAL    RECORD    YEAR
 MAXIMUM TEMPERATURE (F)   77        98      1895
 MINIMUM TEMPERATURE (F)   54        38      1916


SUNRISE AND SUNSET
SEPTEMBER 20 2017.....SUNRISE   703 AM EDT   SUNSET   716 PM EDT
SEPTEMBER 21 2017.....SUNRISE   704 AM EDT   SUNSET   715 PM EDT


-  INDICATES NEGATIVE NUMBERS.
R  INDICATES RECORD WAS SET OR TIED.
MM INDICATES DATA IS MISSING.
T  INDICATES TRACE AMOUNT.

REMARKS:
DUE TO MISSING TEMPERATURES ON FEBRUARY 23 AND JULY 24-25...ALL
TEMPERATURE AND DEGREE DAY INFORMATION WILL BE CALCULATED WITHOUT
DATA FROM THESE DATES.

$$
