000
CDUS41 KRNK 170912
CLILYH


CLIMATE REPORT
NATIONAL WEATHER SERVICE BLACKSBURG VA
410 AM EST FRI NOV 17 2017


...................................

...THE LYNCHBURG VA CLIMATE SUMMARY FOR NOVEMBER 16 2017...

CLIMATE NORMAL PERIOD 1981 TO 2010
CLIMATE RECORD PERIOD 1893 TO 2017


WEATHER ITEM   OBSERVED TIME   RECORD YEAR NORMAL DEPARTURE LAST
                VALUE   (LST)  VALUE       VALUE  FROM      YEAR
                                                  NORMAL
..................................................................
TEMPERATURE (F)
 YESTERDAY
  MAXIMUM         63    317 PM  82    1931  58      5       67
  MINIMUM         32    437 AM  14    1967  35     -3       32
  AVERAGE         48                        47      1       50

PRECIPITATION (IN)
  YESTERDAY        0.00          2.76 1920   0.11  -0.11     0.00
  MONTH TO DATE    0.92                      1.82  -0.90     0.22
  SINCE SEP 1      5.40                      8.81  -3.41     5.33
  SINCE JAN 1     32.13                     36.74  -4.61    38.45

SNOWFALL (IN)
  YESTERDAY        0.0                                       0.0
  MONTH TO DATE    0.0                                       0.0
  SINCE SEP 1      0.0                                       0.0
  SINCE JUL 1      0.0                                       0.0
  SNOW DEPTH       0

DEGREE DAYS
 HEATING
  YESTERDAY       17                        18     -1       15
  MONTH TO DATE  271                       254     17      214
  SINCE SEP 1    521                       598    -77      375
  SINCE JUL 1    523                       601    -78      375

 COOLING
  YESTERDAY        0                         0      0        0
  MONTH TO DATE    0                         0      0        6
  SINCE SEP 1    196                       133     63      280
  SINCE JAN 1   1174                      1031    143     1358
..................................................................


WIND (MPH)
  HIGHEST WIND SPEED    16   HIGHEST WIND DIRECTION     W (260)
  HIGHEST GUST SPEED    24   HIGHEST GUST DIRECTION     W (270)
  AVERAGE WIND SPEED     4.1


SKY COVER
  AVERAGE SKY COVER 0.0


WEATHER CONDITIONS
 THE FOLLOWING WEATHER WAS RECORDED YESTERDAY.
  FOG


RELATIVE HUMIDITY (PERCENT)
 HIGHEST   100           400 AM
 LOWEST     25           300 PM
 AVERAGE    63

..........................................................


THE LYNCHBURG VA CLIMATE NORMALS FOR TODAY
                         NORMAL    RECORD    YEAR
 MAXIMUM TEMPERATURE (F)   58        76      1928
 MINIMUM TEMPERATURE (F)   35        12      1933


SUNRISE AND SUNSET
NOVEMBER 17 2017......SUNRISE   658 AM EST   SUNSET   505 PM EST
NOVEMBER 18 2017......SUNRISE   659 AM EST   SUNSET   504 PM EST


-  INDICATES NEGATIVE NUMBERS.
R  INDICATES RECORD WAS SET OR TIED.
MM INDICATES DATA IS MISSING.
T  INDICATES TRACE AMOUNT.

REMARKS:
DUE TO MISSING TEMPERATURES ON FEBRUARY 23 AND JULY 24-25...ALL
TEMPERATURE AND DEGREE DAY INFORMATION WILL BE CALCULATED WITHOUT
DATA FROM THESE DATES.


$$
