096
CDUS44 KLZK 252103
CLILZK


CLIMATE REPORT
NATIONAL WEATHER SERVICE LITTLE ROCK AR
403 PM CDT MON JUL 25 2016


...................................

...THE NORTH LITTLE ROCK CLIMATE SUMMARY FOR JULY 25 2016...
VALID TODAY AS OF 0400 PM LOCAL TIME.

CLIMATE NORMAL PERIOD 1981 TO 2010
CLIMATE RECORD PERIOD 1975 TO 2016


WEATHER ITEM   OBSERVED TIME   RECORD YEAR NORMAL DEPARTURE LAST
                VALUE   (LST)  VALUE       VALUE  FROM      YEAR
                                                  NORMAL
..................................................................
TEMPERATURE (F)
 TODAY
  MAXIMUM         94        MM 101    1999  93      1      100
  MINIMUM         73    500 AM  64    2014  73      0       77
  AVERAGE         84                        83      1       89

PRECIPITATION (IN)
  TODAY            0.00          1.45 1991   0.13  -0.13      T
  MONTH TO DATE    4.63                      3.11   1.52     2.11
  SINCE JUN 1      6.55                      6.42   0.13     4.52
  SINCE JAN 1     34.78                     28.02   6.76    35.58

SNOWFALL (IN)
  TODAY            0.0          MM      MM   0.0    0.0      0.0
  MONTH TO DATE    0.0                       0.0    0.0      0.0
  SINCE JUN 1      0.0                       0.0    0.0      0.0
  SINCE JUL 1      0.0                       0.0    0.0      0.0
  SNOW DEPTH      MM

DEGREE DAYS
 HEATING
  TODAY            0                         0      0        0
  MONTH TO DATE    0                         0      0        0
  SINCE JUN 1      0                         1     -1        0
  SINCE JUL 1      0                         0      0        0

 COOLING
  TODAY           19                        18      1       24
  MONTH TO DATE  479                       436     43      465
  SINCE JUN 1    962                       849    113      915
  SINCE JAN 1   1190                      1145     45     1198
..................................................................


WIND (MPH)
  HIGHEST WIND SPEED     5   HIGHEST WIND DIRECTION    SW (220)
  HIGHEST GUST SPEED    MM   HIGHEST GUST DIRECTION    MM
  AVERAGE WIND SPEED     0.9


SKY COVER
  POSSIBLE SUNSHINE  MM
  AVERAGE SKY COVER 0.0


WEATHER CONDITIONS
 THE FOLLOWING WEATHER WAS RECORDED TODAY.
  NO SIGNIFICANT WEATHER WAS OBSERVED.


RELATIVE HUMIDITY (PERCENT)
 HIGHEST    87           100 AM
 LOWEST     56           100 PM
 AVERAGE    72

..........................................................


THE NORTH LITTLE ROCK CLIMATE NORMALS FOR TOMORROW
                         NORMAL    RECORD    YEAR
 MAXIMUM TEMPERATURE (F)   93       103      1986
 MINIMUM TEMPERATURE (F)   73        65      2013


SUNRISE AND SUNSET
JULY 25 2016..........SUNRISE   614 AM CDT   SUNSET   817 PM CDT
JULY 26 2016..........SUNRISE   615 AM CDT   SUNSET   816 PM CDT


-  INDICATES NEGATIVE NUMBERS.
R  INDICATES RECORD WAS SET OR TIED.
MM INDICATES DATA IS MISSING.
T  INDICATES TRACE AMOUNT.




$$
