000
CDUS44 KLZK 301042 CCA
CLILZK

CLIMATE REPORT...CORRECTED RAINFALL
NATIONAL WEATHER SERVICE LITTLE ROCK AR
152 AM CDT SUN APR 30 2017


...................................

...THE NORTH LITTLE ROCK CLIMATE SUMMARY FOR APRIL 29 2017...

CLIMATE NORMAL PERIOD 1981 TO 2010
CLIMATE RECORD PERIOD 1975 TO 2017


WEATHER ITEM   OBSERVED TIME   RECORD YEAR NORMAL DEPARTURE LAST
                VALUE   (LST)  VALUE       VALUE  FROM      YEAR
                                                  NORMAL
..................................................................
TEMPERATURE (F)
 YESTERDAY
  MAXIMUM         82    400 PM  88    1990  76      6       67
                                      1987
  MINIMUM         66   1100 PM  42    2008  57      9       60
  AVERAGE         74                        66      8       64

PRECIPITATION (IN)
  YESTERDAY        3.30          4.43 2006   0.17   3.13     3.81
  MONTH TO DATE    7.86                      4.62   3.24     6.70
  SINCE MAR 1     11.33                      9.39   1.94    19.22
  SINCE JAN 1     16.61                     16.47   0.14    24.28

SNOWFALL (IN)
  YESTERDAY        0.0          MM      MM   0.0    0.0      0.0
  MONTH TO DATE    0.0                       0.0    0.0      0.0
  SINCE MAR 1      T                         0.4   -0.4       T
  SINCE JUL 1      0.8                       4.4   -3.6      7.2
  SNOW DEPTH       0

DEGREE DAYS
 HEATING
  YESTERDAY        0                         2     -2        1
  MONTH TO DATE   67                       135    -68       83
  SINCE MAR 1    338                       495   -157      327
  SINCE JUL 1   2169                      2981   -812     2288

 COOLING
  YESTERDAY        9                         4      5        0
  MONTH TO DATE   84                        64     20       54
  SINCE MAR 1    111                        81     30       71
  SINCE JAN 1    128                        83     45       74
..................................................................


WIND (MPH)
  HIGHEST WIND SPEED    14   HIGHEST WIND DIRECTION     S (180)
  HIGHEST GUST SPEED    36   HIGHEST GUST DIRECTION     S (180)
  AVERAGE WIND SPEED    10.8


SKY COVER
  POSSIBLE SUNSHINE  MM
  AVERAGE SKY COVER 0.0


WEATHER CONDITIONS
 THE FOLLOWING WEATHER WAS RECORDED YESTERDAY.
  NO SIGNIFICANT WEATHER WAS OBSERVED.


RELATIVE HUMIDITY (PERCENT)
 HIGHEST    93           700 PM
 LOWEST     69           400 PM
 AVERAGE    81

..........................................................


THE NORTH LITTLE ROCK CLIMATE NORMALS FOR TODAY
                         NORMAL    RECORD    YEAR
 MAXIMUM TEMPERATURE (F)   76        92      1987
 MINIMUM TEMPERATURE (F)   57        41      1996


SUNRISE AND SUNSET
APRIL 30 2017.........SUNRISE   619 AM CDT   SUNSET   754 PM CDT
MAY  1 2017...........SUNRISE   618 AM CDT   SUNSET   754 PM CDT


-  INDICATES NEGATIVE NUMBERS.
R  INDICATES RECORD WAS SET OR TIED.
MM INDICATES DATA IS MISSING.
T  INDICATES TRACE AMOUNT.




$$
