000
CDUS44 KLZK 200651
CLILZK


CLIMATE REPORT
NATIONAL WEATHER SERVICE LITTLE ROCK AR
150 AM CDT SUN AUG 20 2017


...................................

...THE NORTH LITTLE ROCK CLIMATE SUMMARY FOR AUGUST 19 2017...

CLIMATE NORMAL PERIOD 1981 TO 2010
CLIMATE RECORD PERIOD 1975 TO 2017


WEATHER ITEM   OBSERVED TIME   RECORD YEAR NORMAL DEPARTURE LAST
                VALUE   (LST)  VALUE       VALUE  FROM      YEAR
                                                  NORMAL
..................................................................
TEMPERATURE (F)
 YESTERDAY
  MAXIMUM         94        MM 104    1999  92      2       86
  MINIMUM         70        MM  64    1981  72     -2       73
  AVERAGE         82                        82      0       80

PRECIPITATION (IN)
  YESTERDAY        0.00          1.53 2008   0.08  -0.08      T
  MONTH TO DATE    3.68                      1.71   1.97     6.48
  SINCE JUN 1     15.41                      8.83   6.58    14.83
  SINCE JAN 1     41.40                     30.43  10.97    43.06

SNOWFALL (IN)
  YESTERDAY        0.0          MM      MM   0.0    0.0      0.0
  MONTH TO DATE    0.0                       0.0    0.0      0.0
  SINCE JUN 1      T                         0.0    0.0       T
  SINCE JUL 1      T                         0.0    0.0       T
  SNOW DEPTH       0

DEGREE DAYS
 HEATING
  YESTERDAY        0                         0      0        0
  MONTH TO DATE    0                         0      0        0
  SINCE JUN 1      0                         1     -1        0
  SINCE JUL 1      0                         0      0        0

 COOLING
  YESTERDAY       17                        17      0       15
  MONTH TO DATE  255                       337    -82      311
  SINCE JUN 1   1136                      1291   -155     1375
  SINCE JAN 1   1439                      1587   -148     1603
..................................................................


WIND (MPH)
  HIGHEST WIND SPEED     6   HIGHEST WIND DIRECTION    NW (320)
  HIGHEST GUST SPEED    13   HIGHEST GUST DIRECTION     W (270)
  AVERAGE WIND SPEED     3.0


SKY COVER
  POSSIBLE SUNSHINE  MM
  AVERAGE SKY COVER 0.0


WEATHER CONDITIONS
 THE FOLLOWING WEATHER WAS RECORDED YESTERDAY.
  NO SIGNIFICANT WEATHER WAS OBSERVED.


RELATIVE HUMIDITY (PERCENT)
 HIGHEST    97          1200 AM
 LOWEST     52           500 PM
 AVERAGE    75

..........................................................


THE NORTH LITTLE ROCK CLIMATE NORMALS FOR TODAY
                         NORMAL    RECORD    YEAR
 MAXIMUM TEMPERATURE (F)   92       102      1980
 MINIMUM TEMPERATURE (F)   72        62      2015


SUNRISE AND SUNSET
AUGUST 20 2017........SUNRISE   633 AM CDT   SUNSET   751 PM CDT
AUGUST 21 2017........SUNRISE   634 AM CDT   SUNSET   750 PM CDT


-  INDICATES NEGATIVE NUMBERS.
R  INDICATES RECORD WAS SET OR TIED.
MM INDICATES DATA IS MISSING.
T  INDICATES TRACE AMOUNT.




$$
