000
CDUS44 KLZK 242159
CLILZK


CLIMATE REPORT
NATIONAL WEATHER SERVICE LITTLE ROCK AR
358 PM CST TUE JAN 24 2017


...................................

...THE NORTH LITTLE ROCK CLIMATE SUMMARY FOR JANUARY 24 2017...
VALID TODAY AS OF 0300 PM LOCAL TIME.

CLIMATE NORMAL PERIOD 1981 TO 2010
CLIMATE RECORD PERIOD 1975 TO 2017


WEATHER ITEM   OBSERVED TIME   RECORD YEAR NORMAL DEPARTURE LAST
                VALUE   (LST)  VALUE       VALUE  FROM      YEAR
                                                  NORMAL
..................................................................
TEMPERATURE (F)
 TODAY
  MAXIMUM         64        MM  70    1981  50     14       43
  MINIMUM         39        MM  10    2014  33      6       26
                                      2003
  AVERAGE         52                        41     11       35

PRECIPITATION (IN)
  TODAY            0.00          1.98 2004   0.10  -0.10     0.00
  MONTH TO DATE    2.28                      2.65  -0.37     3.23
  SINCE DEC 1      5.45                      7.66  -2.21    13.31
  SINCE JAN 1      2.28                      2.65  -0.37     3.23

SNOWFALL (IN)
  TODAY            0.0           T    2000   0.0    0.0      0.0
                                      1979
  MONTH TO DATE    0.8                       1.2   -0.4      7.2
  SINCE DEC 1      0.8                       1.7   -0.9      7.2
  SINCE JUL 1      0.8                       1.7   -0.9      7.2
  SNOW DEPTH      MM

DEGREE DAYS
 HEATING
  TODAY           13                        24    -11       30
  MONTH TO DATE  451                       576   -125      633
  SINCE DEC 1   1097                      1256   -159     1044
  SINCE JUL 1   1391                      1768   -377     1397

 COOLING
  TODAY            0                         0      0        0
  MONTH TO DATE    1                         0      1        0
  SINCE DEC 1      2                         1      1        7
  SINCE JAN 1      1                         0      1        0
..................................................................


WIND (MPH)
  HIGHEST WIND SPEED    13   HIGHEST WIND DIRECTION     S (160)
  HIGHEST GUST SPEED    16   HIGHEST GUST DIRECTION     S (180)
  AVERAGE WIND SPEED     4.6


SKY COVER
  POSSIBLE SUNSHINE  MM
  AVERAGE SKY COVER 0.0


WEATHER CONDITIONS
 THE FOLLOWING WEATHER WAS RECORDED TODAY.
  FOG


RELATIVE HUMIDITY (PERCENT)
 HIGHEST   100           800 AM
 LOWEST     56           200 PM
 AVERAGE    78

..........................................................


THE NORTH LITTLE ROCK CLIMATE NORMALS FOR TOMORROW
                         NORMAL    RECORD    YEAR
 MAXIMUM TEMPERATURE (F)   50        68      2004
 MINIMUM TEMPERATURE (F)   33        15      1978


SUNRISE AND SUNSET
JANUARY 24 2017.......SUNRISE   712 AM CST   SUNSET   530 PM CST
JANUARY 25 2017.......SUNRISE   712 AM CST   SUNSET   531 PM CST


-  INDICATES NEGATIVE NUMBERS.
R  INDICATES RECORD WAS SET OR TIED.
MM INDICATES DATA IS MISSING.
T  INDICATES TRACE AMOUNT.




$$
