000
CDUS46 KHNX 280021
CLIMAE


CLIMATE REPORT
NATIONAL WEATHER SERVICE SAN JOAQUIN VALLEY, CA
521 PM PDT WED MAY 27 2015


...................................

...THE MADERA CA CLIMATE SUMMARY FOR MAY 27 2015...
VALID AS OF 0500 PM LOCAL TIME.

CLIMATE NORMAL PERIOD 1981 TO 2010
CLIMATE RECORD PERIOD 1998 TO 2015


WEATHER ITEM   OBSERVED TIME   RECORD YEAR NORMAL DEPARTURE LAST
                VALUE   (LST)  VALUE       VALUE  FROM      YEAR
                                                  NORMAL
..................................................................
TEMPERATURE (F)
 TODAY
  MAXIMUM         88    359 PM  97    2009  86      2       94
  MINIMUM         53    514 AM  46    2011  53      0       56
  AVERAGE         71                        70      1       75

PRECIPITATION (IN)
  TODAY            0.00          T    2008   0.01  -0.01     0.00
  MONTH TO DATE    0.45                      0.46  -0.01      T
  SINCE OCT 1      5.71                     11.52  -5.81     4.30
  SINCE JAN 1      2.03                      7.79  -5.76     3.61

SNOWFALL (IN)
  TODAY            0.0
  MONTH TO DATE    0.0
  SINCE MAR 1      0.0
  SINCE JUL 1      0.0
  SNOW DEPTH       0

DEGREE DAYS
 HEATING
  TODAY            0                                         0
  MONTH TO DATE   27                                        13
  SINCE MAR 1    276                                       309
  SINCE JUL 1   1726                                      2136

 COOLING
  TODAY            6                                        10
  MONTH TO DATE   62                                       165
  SINCE MAR 1    138                                       222
  SINCE JAN 1    140                                       222
..................................................................


WIND (MPH)
  HIGHEST WIND SPEED    17   HIGHEST WIND DIRECTION    NW (330)
  HIGHEST GUST SPEED    22   HIGHEST GUST DIRECTION    NW (300)
  AVERAGE WIND SPEED     9.3




RELATIVE HUMIDITY (PERCENT)
 HIGHEST    83
 LOWEST     16
 AVERAGE    50

..........................................................


THE MADERA CA CLIMATE NORMALS FOR TOMORROW
                         NORMAL    RECORD    YEAR
 MAXIMUM TEMPERATURE (F)   86       103      2003
 MINIMUM TEMPERATURE (F)   54        44      2010


SUNRISE AND SUNSET
MAY 27 2015...........SUNRISE   545 AM PDT   SUNSET   811 PM PDT
MAY 28 2015...........SUNRISE   544 AM PDT   SUNSET   812 PM PDT


-  INDICATES NEGATIVE NUMBERS.
R  INDICATES RECORD WAS SET OR TIED.
MM INDICATES DATA IS MISSING.
T  INDICATES TRACE AMOUNT.




$$
