000
CDUS46 KHNX 010023
CLIMAE


CLIMATE REPORT
NATIONAL WEATHER SERVICE SAN JOAQUIN VALLEY, CA
522 PM PDT FRI SEP 30 2016


...................................

...THE MADERA CA CLIMATE SUMMARY FOR SEPTEMBER 30 2016...
VALID AS OF 0400 PM LOCAL TIME.

CLIMATE NORMAL PERIOD 1981 TO 2010
CLIMATE RECORD PERIOD 1998 TO 2016


WEATHER ITEM   OBSERVED TIME   RECORD YEAR NORMAL DEPARTURE LAST
                VALUE   (LST)  VALUE       VALUE  FROM      YEAR
                                                  NORMAL
..................................................................
TEMPERATURE (F)
 TODAY
  MAXIMUM         89    234 PM 100    2010  86      3       77
  MINIMUM         54    616 AM  46    2009  53      1       60
  AVERAGE         72                        69      3       69

PRECIPITATION (IN)
  TODAY            0.00          0.00   MM   0.01  -0.01     0.00
  MONTH TO DATE    T                         0.25  -0.25     0.17
  SINCE OCT 1     12.96                     12.02   0.94     6.00
  SINCE JAN 1      8.40                      8.29   0.11     2.32

SNOWFALL (IN)
  TODAY            0.0
  MONTH TO DATE    0.0
  SINCE SEP 1      0.0
  SINCE JUL 1      0.0
  SNOW DEPTH       0

DEGREE DAYS
 HEATING
  TODAY            0                                         0
  MONTH TO DATE    3                                         0
  SINCE SEP 1      3                                         0
  SINCE JUL 1      3                                         0

 COOLING
  TODAY            7                                         4
  MONTH TO DATE  272                                       334
  SINCE SEP 1    272                                       334
  SINCE JAN 1   1767                                      1892
..................................................................


WIND (MPH)
  HIGHEST WIND SPEED    12   HIGHEST WIND DIRECTION    NW (300)
  HIGHEST GUST SPEED    16   HIGHEST GUST DIRECTION    NW (300)
  AVERAGE WIND SPEED     5.8




RELATIVE HUMIDITY (PERCENT)
 HIGHEST    62
 LOWEST     17
 AVERAGE    40

..........................................................


THE MADERA CA CLIMATE NORMALS FOR TOMORROW
                         NORMAL    RECORD    YEAR
 MAXIMUM TEMPERATURE (F)   85        98      2001
 MINIMUM TEMPERATURE (F)   52        44      2009


SUNRISE AND SUNSET
SEPTEMBER 30 2016.....SUNRISE   655 AM PDT   SUNSET   644 PM PDT
OCTOBER  1 2016.......SUNRISE   656 AM PDT   SUNSET   643 PM PDT


-  INDICATES NEGATIVE NUMBERS.
R  INDICATES RECORD WAS SET OR TIED.
MM INDICATES DATA IS MISSING.
T  INDICATES TRACE AMOUNT.




$$
