000
CDUS46 KHNX 260036
CLIMAE


CLIMATE REPORT
NATIONAL WEATHER SERVICE SAN JOAQUIN VALLEY, CA
536 PM PDT THU MAY 25 2017


...................................

...THE MADERA CA CLIMATE SUMMARY FOR MAY 25 2017...
VALID AS OF 0400 PM LOCAL TIME.

CLIMATE NORMAL PERIOD 1981 TO 2010
CLIMATE RECORD PERIOD 1998 TO 2017


WEATHER ITEM   OBSERVED TIME   RECORD YEAR NORMAL DEPARTURE LAST
                VALUE   (LST)  VALUE       VALUE  FROM      YEAR
                                                  NORMAL
..................................................................
TEMPERATURE (F)
 TODAY
  MAXIMUM         79        MM  99    2001  86     -7       80
  MINIMUM         53        MM  46    2010  53      0       52
  AVERAGE         66                        69     -3       66

PRECIPITATION (IN)
  TODAY            0.00          0.16 2008   0.01  -0.01     0.00
  MONTH TO DATE    T                         0.45  -0.45      T
  SINCE OCT 1     14.17                     11.51   2.66    12.96
  SINCE JAN 1     10.10                      7.78   2.32     8.40

SNOWFALL (IN)
  TODAY            0.0
  MONTH TO DATE    0.0
  SINCE MAR 1      0.0
  SINCE JUL 1      0.0
  SNOW DEPTH       0

DEGREE DAYS
 HEATING
  TODAY            0                                         0
  MONTH TO DATE   24                                        19
  SINCE MAR 1    388                                       328
  SINCE JUL 1   2067                                      2072

 COOLING
  TODAY            1                                         1
  MONTH TO DATE  138                                       105
  SINCE MAR 1    151                                       137
  SINCE JAN 1    151                                       137
..................................................................


WIND (MPH)
  HIGHEST WIND SPEED    13   HIGHEST WIND DIRECTION    NW (310)
  HIGHEST GUST SPEED    16   HIGHEST GUST DIRECTION    NW (310)
  AVERAGE WIND SPEED     8.2




RELATIVE HUMIDITY (PERCENT)
 HIGHEST    77
 LOWEST     33
 AVERAGE    55

..........................................................


THE MADERA CA CLIMATE NORMALS FOR TOMORROW
                         NORMAL    RECORD    YEAR
 MAXIMUM TEMPERATURE (F)   86        96      2014
                                             2005
 MINIMUM TEMPERATURE (F)   53        46      2011


SUNRISE AND SUNSET
MAY 25 2017...........SUNRISE   545 AM PDT   SUNSET   810 PM PDT
MAY 26 2017...........SUNRISE   545 AM PDT   SUNSET   811 PM PDT


-  INDICATES NEGATIVE NUMBERS.
R  INDICATES RECORD WAS SET OR TIED.
MM INDICATES DATA IS MISSING.
T  INDICATES TRACE AMOUNT.




$$
