000
CDUS46 KHNX 240824
CLIMAE


CLIMATE REPORT
NATIONAL WEATHER SERVICE SAN JOAQUIN VALLEY, CA
122 AM PDT WED AUG 24 2016


...................................

...THE MADERA CA AIRPORT CLIMATE SUMMARY FOR AUGUST 23 2016...

CLIMATE NORMAL PERIOD 1981 TO 2010
CLIMATE RECORD PERIOD 1998 TO 2016


WEATHER ITEM   OBSERVED TIME   RECORD YEAR NORMAL DEPARTURE
                VALUE   (LST)  VALUE       VALUE  FROM
                                                  NORMAL
...............................................................
TEMPERATURE (F)
 YESTERDAY
  MAXIMUM         96    351 PM 101    2005  94      2
  MINIMUM         61    533 AM  55    2002  59      2
  AVERAGE         79                        76      3

PRECIPITATION (IN)
  YESTERDAY        0.00          T    2009   0.01  -0.01
  MONTH TO DATE    0.00                      0.01  -0.01
  SINCE OCT 1     12.96                     11.76   1.20
  SINCE JAN 1      8.40                      8.03   0.37

SNOWFALL (IN)
  YESTERDAY        0.0
  MONTH TO DATE    0.0
  SINCE JUN 1      0.0
  SINCE JUL 1      0.0
  SNOW DEPTH       0

DEGREE DAYS
 HEATING
  YESTERDAY        0
  MONTH TO DATE    0
  SINCE JUN 1      1
  SINCE JUL 1      0

 COOLING
  YESTERDAY       14
  MONTH TO DATE  349
  SINCE JUN 1   1210
  SINCE JAN 1   1403
...............................................................


WIND (MPH)
  HIGHEST WIND SPEED    13   HIGHEST WIND DIRECTION     N (340)
  HIGHEST GUST SPEED    16   HIGHEST GUST DIRECTION     N (340)
  AVERAGE WIND SPEED     6.2




RELATIVE HUMIDITY (PERCENT)
 HIGHEST    67
 LOWEST     18
 AVERAGE    43

..........................................................


THE MADERA CA AIRPORT CLIMATE NORMALS FOR TODAY
                         NORMAL    RECORD    YEAR
 MAXIMUM TEMPERATURE (F)   94       101      2010
                                             1999
 MINIMUM TEMPERATURE (F)   59        51      2002


SUNRISE AND SUNSET
AUGUST 24 2016........SUNRISE   625 AM PDT   SUNSET   739 PM PDT
AUGUST 25 2016........SUNRISE   626 AM PDT   SUNSET   738 PM PDT


-  INDICATES NEGATIVE NUMBERS.
R  INDICATES RECORD WAS SET OR TIED.
MM INDICATES DATA IS MISSING.
T  INDICATES TRACE AMOUNT.




$$
