000
CDUS46 KHNX 180021
CLIMAE


CLIMATE REPORT
NATIONAL WEATHER SERVICE SAN JOAQUIN VALLEY, CA
521 PM PDT WED SEP 17 2014


...................................

...THE MADERA CA CLIMATE SUMMARY FOR SEPTEMBER 17 2014...
VALID AS OF 0500 PM LOCAL TIME.

CLIMATE NORMAL PERIOD 1981 TO 2010
CLIMATE RECORD PERIOD 1998 TO 2014


WEATHER ITEM   OBSERVED TIME   RECORD YEAR NORMAL DEPARTURE LAST
                VALUE   (LST)  VALUE       VALUE  FROM      YEAR
                                                  NORMAL
..................................................................
TEMPERATURE (F)
 TODAY
  MAXIMUM         97R   359 PM  95    2004  90      7       86
  MINIMUM         60    553 AM  49    2006  56      4       60
  AVERAGE         79                        73      6       73

PRECIPITATION (IN)
  TODAY            0.00          0.00   MM   0.01  -0.01     0.00
  MONTH TO DATE    T                         0.11  -0.11     0.00
  SINCE JUL 1      T                         0.15  -0.15     0.01
  SINCE JAN 1      3.61                      8.15  -4.54     3.53

SNOWFALL (IN)
  TODAY            0.0
  MONTH TO DATE    0.0
  SINCE SEP 1      0.0
  SINCE JUL 1      0.0
  SNOW DEPTH       0

DEGREE DAYS
 HEATING
  TODAY            0                                         0
  MONTH TO DATE    0                                         0
  SINCE SEP 1      0                                         0
  SINCE JUL 1      0                                         0

 COOLING
  TODAY           14                                         8
  MONTH TO DATE  245                                       199
  SINCE SEP 1    245                                       199
  SINCE JAN 1   2731                                      1641
..................................................................


WIND (MPH)
  HIGHEST WIND SPEED     9   HIGHEST WIND DIRECTION     W (270)
  HIGHEST GUST SPEED    12   HIGHEST GUST DIRECTION     W (280)
  AVERAGE WIND SPEED     3.1




RELATIVE HUMIDITY (PERCENT)
 HIGHEST    78
 LOWEST     18
 AVERAGE    48

..........................................................


THE MADERA CA CLIMATE NORMALS FOR TOMORROW
                         NORMAL    RECORD    YEAR
 MAXIMUM TEMPERATURE (F)   89       100      2009
                                             2000
 MINIMUM TEMPERATURE (F)   56        47      2005


SUNRISE AND SUNSET
SEPTEMBER 17 2014.....SUNRISE   644 AM PDT   SUNSET   705 PM PDT
SEPTEMBER 18 2014.....SUNRISE   645 AM PDT   SUNSET   703 PM PDT


-  INDICATES NEGATIVE NUMBERS.
R  INDICATES RECORD WAS SET OR TIED.
MM INDICATES DATA IS MISSING.
T  INDICATES TRACE AMOUNT.




$$
