360
CDUS46 KHNX 200826
CLIMAE


CLIMATE REPORT
NATIONAL WEATHER SERVICE SAN JOAQUIN VALLEY, CA
1224 AM PST MON FEB 20 2017


...................................

...THE MADERA CA AIRPORT CLIMATE SUMMARY FOR FEBRUARY 19 2017...

CLIMATE NORMAL PERIOD 1981 TO 2010
CLIMATE RECORD PERIOD 1998 TO 2017


WEATHER ITEM   OBSERVED TIME   RECORD YEAR NORMAL DEPARTURE
                VALUE   (LST)  VALUE       VALUE  FROM
                                                  NORMAL
...............................................................
TEMPERATURE (F)
 YESTERDAY
  MAXIMUM         58   1157 AM  68    2015  62     -4
                                      2014
  MINIMUM         44    703 AM  35    2009  41      3
                                      2006
  AVERAGE         51                        51      0

PRECIPITATION (IN)
  YESTERDAY        0.06          0.62 2013   0.08  -0.02
  MONTH TO DATE    3.26                      1.34   1.92
  SINCE OCT 1     12.50                      7.52   4.98
  SINCE JAN 1      8.43                      3.79   4.64

SNOWFALL (IN)
  YESTERDAY       MM
  MONTH TO DATE    0.0
  SINCE DEC 1      0.0
  SINCE JUL 1      0.0
  SNOW DEPTH       0

DEGREE DAYS
 HEATING
  YESTERDAY       14
  MONTH TO DATE  167
  SINCE DEC 1   1230
  SINCE JUL 1   1538

 COOLING
  YESTERDAY        0
  MONTH TO DATE    0
  SINCE DEC 1      0
  SINCE JAN 1      0
...............................................................


WIND (MPH)
  HIGHEST WIND SPEED    17   HIGHEST WIND DIRECTION    SE (140)
  HIGHEST GUST SPEED    23   HIGHEST GUST DIRECTION    SE (140)
  AVERAGE WIND SPEED     9.6




RELATIVE HUMIDITY (PERCENT)
 HIGHEST    86
 LOWEST     61
 AVERAGE    74

..........................................................


THE MADERA CA AIRPORT CLIMATE NORMALS FOR TODAY
                         NORMAL    RECORD    YEAR
 MAXIMUM TEMPERATURE (F)   63        69      2000
 MINIMUM TEMPERATURE (F)   41        30      2006


SUNRISE AND SUNSET
FEBRUARY 20 2017......SUNRISE   643 AM PST   SUNSET   546 PM PST
FEBRUARY 21 2017......SUNRISE   641 AM PST   SUNSET   547 PM PST


-  INDICATES NEGATIVE NUMBERS.
R  INDICATES RECORD WAS SET OR TIED.
MM INDICATES DATA IS MISSING.
T  INDICATES TRACE AMOUNT.




$$
