000
CDUS46 KHNX 280021
CLIMAE


CLIMATE REPORT
NATIONAL WEATHER SERVICE SAN JOAQUIN VALLEY, CA
421 PM PST THU NOV 27 2014


...................................

...THE MADERA CA CLIMATE SUMMARY FOR NOVEMBER 27 2014...
VALID AS OF 0400 PM LOCAL TIME.

CLIMATE NORMAL PERIOD 1981 TO 2010
CLIMATE RECORD PERIOD 1998 TO 2014


WEATHER ITEM   OBSERVED TIME   RECORD YEAR NORMAL DEPARTURE LAST
                VALUE   (LST)  VALUE       VALUE  FROM      YEAR
                                                  NORMAL
..................................................................
TEMPERATURE (F)
 TODAY
  MAXIMUM         72R   323 PM  72    2013  60     12       72
  MINIMUM         40    724 AM  26    2005  38      2       38
  AVERAGE         56                        49      7       55

PRECIPITATION (IN)
  TODAY            0.00          0.13 2010   0.02  -0.02     0.00
  MONTH TO DATE    0.42                      1.05  -0.63     0.39
  SINCE JUL 1      0.83                      2.22  -1.39     0.70
  SINCE JAN 1      4.44                     10.22  -5.78     4.22

SNOWFALL (IN)
  TODAY            0.0
  MONTH TO DATE    0.0
  SINCE SEP 1      0.0
  SINCE JUL 1      0.0
  SNOW DEPTH       0

DEGREE DAYS
 HEATING
  TODAY            9                                        10
  MONTH TO DATE  257                                       276
  SINCE SEP 1    289                                       383
  SINCE JUL 1    289                                       383

 COOLING
  TODAY            0                                         0
  MONTH TO DATE    0                                         0
  SINCE SEP 1    466                                       246
  SINCE JAN 1   2952                                      1688
..................................................................


WIND (MPH)
  HIGHEST WIND SPEED    MM   HIGHEST WIND DIRECTION    MM
  HIGHEST GUST SPEED    MM   HIGHEST GUST DIRECTION    MM
  AVERAGE WIND SPEED     1.8




RELATIVE HUMIDITY (PERCENT)
 HIGHEST    89
 LOWEST     35
 AVERAGE    62

..........................................................


THE MADERA CA CLIMATE NORMALS FOR TOMORROW
                         NORMAL    RECORD    YEAR
 MAXIMUM TEMPERATURE (F)   59        68      2013
 MINIMUM TEMPERATURE (F)   38        29      2004


SUNRISE AND SUNSET
NOVEMBER 27 2014......SUNRISE   651 AM PST   SUNSET   445 PM PST
NOVEMBER 28 2014......SUNRISE   652 AM PST   SUNSET   445 PM PST


-  INDICATES NEGATIVE NUMBERS.
R  INDICATES RECORD WAS SET OR TIED.
MM INDICATES DATA IS MISSING.
T  INDICATES TRACE AMOUNT.




$$
