000
CDUS44 KMAF 282111
CLIMAF


CLIMATE REPORT
NATIONAL WEATHER SERVICE MIDLAND/ODESSA TX
411 PM CDT THU AUG 28 2014


...................................

...THE MIDLAND CLIMATE SUMMARY FOR AUGUST 28 2014...
VALID TODAY AS OF 0400 PM LOCAL TIME.

CLIMATE NORMAL PERIOD 1981 TO 2010
CLIMATE RECORD PERIOD 1930 TO 2014


WEATHER ITEM   OBSERVED TIME   RECORD YEAR NORMAL DEPARTURE LAST
                VALUE   (LST)  VALUE       VALUE  FROM      YEAR
                                                  NORMAL
..................................................................
TEMPERATURE (F)
 TODAY
  MAXIMUM         97    223 PM 103    2011  92      5       91
                                      2002
  MINIMUM         73    626 AM  59    1992  67      6       69
  AVERAGE         85                        80      5       80

PRECIPITATION (IN)
  TODAY            0.00          1.64 1966   0.06  -0.06     0.00
  MONTH TO DATE    0.77                      1.64  -0.87     1.18
  SINCE JUN 1      1.58                      5.26  -3.68     3.01
  SINCE JAN 1      4.74                      9.52  -4.78     4.57

DEGREE DAYS
 COOLING
  TODAY           20                        15      5       15
  MONTH TO DATE  537                       459     78      548
  SINCE JUN 1   1663                      1452    211     1630
  SINCE JAN 1   2139                      1841    298     2118
..................................................................


WIND (MPH)
  HIGHEST WIND SPEED    15   HIGHEST WIND DIRECTION     S (180)
  HIGHEST GUST SPEED    18   HIGHEST GUST DIRECTION     S (190)
  AVERAGE WIND SPEED     9.2


SKY COVER
  POSSIBLE SUNSHINE  MM
  AVERAGE SKY COVER 0.1


WEATHER CONDITIONS
 THE FOLLOWING WEATHER WAS RECORDED TODAY.
  NO SIGNIFICANT WEATHER WAS OBSERVED.


RELATIVE HUMIDITY (PERCENT)
 HIGHEST    64           600 AM
 LOWEST     27           200 PM
 AVERAGE    46

..........................................................


THE MIDLAND CLIMATE NORMALS FOR TOMORROW
                         NORMAL    RECORD    YEAR
 MAXIMUM TEMPERATURE (F)   92       106      2011
 MINIMUM TEMPERATURE (F)   67        57      1930


SUNRISE AND SUNSET
AUGUST 28 2014........SUNRISE   722 AM CDT   SUNSET   818 PM CDT
AUGUST 29 2014........SUNRISE   722 AM CDT   SUNSET   816 PM CDT


-  INDICATES NEGATIVE NUMBERS.
R  INDICATES RECORD WAS SET OR TIED.
MM INDICATES DATA IS MISSING.
T  INDICATES TRACE AMOUNT.




$$
