000
CDUS44 KMAF 100832
CLIMAF


CLIMATE REPORT
NATIONAL WEATHER SERVICE MIDLAND TX
232 AM CST WED FEB 10 2016


...................................

...THE MIDLAND CLIMATE SUMMARY FOR FEBRUARY 9 2016...

CLIMATE NORMAL PERIOD 1981 TO 2010
CLIMATE RECORD PERIOD 1930 TO 2016


WEATHER ITEM   OBSERVED TIME   RECORD YEAR NORMAL DEPARTURE LAST
                VALUE   (LST)  VALUE       VALUE  FROM      YEAR
                                                  NORMAL
..................................................................
TEMPERATURE (F)
 YESTERDAY
  MAXIMUM         66    445 PM  88    1932  61      5       77
  MINIMUM         29    734 AM   7    2011  33     -4       40
  AVERAGE         48                        47      1       59

PRECIPITATION (IN)
  YESTERDAY        0.00          0.34 1993   0.03  -0.03     0.00
  MONTH TO DATE    0.00                      0.22  -0.22     0.00
  SINCE DEC 1      1.42                      1.38   0.04     2.65
  SINCE JAN 1      0.18                      0.78  -0.60     2.43

SNOWFALL (IN)
  YESTERDAY        0.0
  MONTH TO DATE    0.0
  SINCE DEC 1      8.0
  SINCE JUL 1      8.0
  SNOW DEPTH       0

DEGREE DAYS
 HEATING
  YESTERDAY       17                        18     -1        6
  MONTH TO DATE  177                       168      9      128
  SINCE DEC 1   1290                      1461   -171     1326
  SINCE JUL 1   1642                      1940   -298     1774
..................................................................


WIND (MPH)
  HIGHEST WIND SPEED    13   HIGHEST WIND DIRECTION     W (250)
  HIGHEST GUST SPEED    16   HIGHEST GUST DIRECTION     W (260)
  AVERAGE WIND SPEED     4.4


SKY COVER
  POSSIBLE SUNSHINE  MM
  AVERAGE SKY COVER 0.0


WEATHER CONDITIONS
 THE FOLLOWING WEATHER WAS RECORDED YESTERDAY.
  NO SIGNIFICANT WEATHER WAS OBSERVED.


RELATIVE HUMIDITY (PERCENT)
 HIGHEST    58           600 AM
 LOWEST     18           500 PM
 AVERAGE    38

..........................................................


THE MIDLAND CLIMATE NORMALS FOR TODAY
                         NORMAL    RECORD    YEAR
 MAXIMUM TEMPERATURE (F)   61        84      1976
 MINIMUM TEMPERATURE (F)   33         5      2011


SUNRISE AND SUNSET
FEBRUARY 10 2016......SUNRISE   736 AM CST   SUNSET   631 PM CST
FEBRUARY 11 2016......SUNRISE   735 AM CST   SUNSET   631 PM CST


-  INDICATES NEGATIVE NUMBERS.
R  INDICATES RECORD WAS SET OR TIED.
MM INDICATES DATA IS MISSING.
T  INDICATES TRACE AMOUNT.




$$
