000
CDUS44 KMAF 230746
CLIMAF


CLIMATE REPORT
NATIONAL WEATHER SERVICE MIDLAND TX
246 AM CDT FRI JUN 23 2017


...................................

...THE MIDLAND CLIMATE SUMMARY FOR JUNE 22 2017...

CLIMATE NORMAL PERIOD 1981 TO 2010
CLIMATE RECORD PERIOD 1930 TO 2017


WEATHER ITEM   OBSERVED TIME   RECORD YEAR NORMAL DEPARTURE LAST
                VALUE   (LST)  VALUE       VALUE  FROM      YEAR
                                                  NORMAL
..................................................................
TEMPERATURE (F)
 YESTERDAY
  MAXIMUM        103    322 PM 107    1951  94      9      100
  MINIMUM         73    625 AM  60    1973  69      4       74
  AVERAGE         88                        81      7       87

PRECIPITATION (IN)
  YESTERDAY        0.04          1.24 1956   0.06  -0.02     0.00
  MONTH TO DATE    1.58                      1.35   0.23     2.69
  SINCE JUN 1      1.58                      1.35   0.23     2.69
  SINCE JAN 1      7.27                      5.61   1.66     6.43

DEGREE DAYS
 COOLING
  YESTERDAY       23                        16      7       22
  MONTH TO DATE  424                       327     97      360
  SINCE JUN 1    424                       327     97      360
  SINCE JAN 1    985                       716    269      840
..................................................................


WIND (MPH)
  HIGHEST WIND SPEED    22   HIGHEST WIND DIRECTION     N (10)
  HIGHEST GUST SPEED    27   HIGHEST GUST DIRECTION     N (360)
  AVERAGE WIND SPEED     8.3


SKY COVER
  POSSIBLE SUNSHINE  MM
  AVERAGE SKY COVER 0.1


WEATHER CONDITIONS
 THE FOLLOWING WEATHER WAS RECORDED YESTERDAY.
  THUNDERSTORM
  LIGHT RAIN


RELATIVE HUMIDITY (PERCENT)
 HIGHEST    64           600 AM
 LOWEST     17           500 PM
 AVERAGE    41

..........................................................


THE MIDLAND CLIMATE NORMALS FOR TODAY
                         NORMAL    RECORD    YEAR
 MAXIMUM TEMPERATURE (F)   94       102      1990
                                             1972
                                             1953
 MINIMUM TEMPERATURE (F)   69        60      1989


SUNRISE AND SUNSET
JUNE 23 2017..........SUNRISE   644 AM CDT   SUNSET   858 PM CDT
JUNE 24 2017..........SUNRISE   644 AM CDT   SUNSET   858 PM CDT


-  INDICATES NEGATIVE NUMBERS.
R  INDICATES RECORD WAS SET OR TIED.
MM INDICATES DATA IS MISSING.
T  INDICATES TRACE AMOUNT.




$$
