000
CDUS44 KMAF 262113
CLIMAF


CLIMATE REPORT
NATIONAL WEATHER SERVICE MIDLAND TX
412 PM CDT SUN MAR 26 2017


...................................

...THE MIDLAND CLIMATE SUMMARY FOR MARCH 26 2017...
VALID TODAY AS OF 0400 PM LOCAL TIME.

CLIMATE NORMAL PERIOD 1981 TO 2010
CLIMATE RECORD PERIOD 1930 TO 2017


WEATHER ITEM   OBSERVED TIME   RECORD YEAR NORMAL DEPARTURE LAST
                VALUE   (LST)  VALUE       VALUE  FROM      YEAR
                                                  NORMAL
..................................................................
TEMPERATURE (F)
 TODAY
  MAXIMUM         83    311 PM  90    1956  73     10       81
  MINIMUM         56    132 AM  20    1965  43     13       40
  AVERAGE         70                        58     12       61

PRECIPITATION (IN)
  TODAY            0.00          0.40 1977   0.02  -0.02     0.00
  MONTH TO DATE    0.13                      0.50  -0.37     0.34
  SINCE MAR 1      0.13                      0.50  -0.37     0.34
  SINCE JAN 1      1.97                      1.77   0.20     0.82

SNOWFALL (IN)
  TODAY            0.0
  MONTH TO DATE    0.0
  SINCE MAR 1      0.0
  SINCE JUL 1      0.3
  SNOW DEPTH       0

DEGREE DAYS
 HEATING
  TODAY            0                         8     -8        4
  MONTH TO DATE  103                       272   -169      140
  SINCE MAR 1    103                       272   -169      140
  SINCE JUL 1   1603                      2509   -906     1970

 COOLING
  TODAY            5                         1      4        0
  MONTH TO DATE   94                         9     85       20
  SINCE MAR 1     94                         9     85       20
  SINCE JAN 1    111                        11    100       35
..................................................................


WIND (MPH)
  HIGHEST WIND SPEED    29   HIGHEST WIND DIRECTION     W (270)
  HIGHEST GUST SPEED    37   HIGHEST GUST DIRECTION     W (270)
  AVERAGE WIND SPEED    11.4


SKY COVER
  POSSIBLE SUNSHINE  MM
  AVERAGE SKY COVER 0.0


WEATHER CONDITIONS
 THE FOLLOWING WEATHER WAS RECORDED TODAY.
  NO SIGNIFICANT WEATHER WAS OBSERVED.


RELATIVE HUMIDITY (PERCENT)
 HIGHEST    46           700 AM
 LOWEST     13           200 PM
 AVERAGE    30

..........................................................


THE MIDLAND CLIMATE NORMALS FOR TOMORROW
                         NORMAL    RECORD    YEAR
 MAXIMUM TEMPERATURE (F)   73        95      1971
 MINIMUM TEMPERATURE (F)   43        14      1931


SUNRISE AND SUNSET
MARCH 26 2017.........SUNRISE   744 AM CDT   SUNSET   805 PM CDT
MARCH 27 2017.........SUNRISE   743 AM CDT   SUNSET   805 PM CDT


-  INDICATES NEGATIVE NUMBERS.
R  INDICATES RECORD WAS SET OR TIED.
MM INDICATES DATA IS MISSING.
T  INDICATES TRACE AMOUNT.




$$
