000
CDUS44 KMAF 200832
CLIMAF


CLIMATE REPORT
NATIONAL WEATHER SERVICE MIDLAND TX
232 AM CST MON FEB 20 2017


...................................

...THE MIDLAND CLIMATE SUMMARY FOR FEBRUARY 19 2017...

CLIMATE NORMAL PERIOD 1981 TO 2010
CLIMATE RECORD PERIOD 1930 TO 2017


WEATHER ITEM   OBSERVED TIME   RECORD YEAR NORMAL DEPARTURE LAST
                VALUE   (LST)  VALUE       VALUE  FROM      YEAR
                                                  NORMAL
..................................................................
TEMPERATURE (F)
 YESTERDAY
  MAXIMUM         72   1249 PM  90    1986  63      9       87
  MINIMUM         52   1159 PM  19    1936  35     17       53
  AVERAGE         62                        49     13       70

PRECIPITATION (IN)
  YESTERDAY        0.10          0.55 1997   0.02   0.08     0.00
  MONTH TO DATE    0.72                      0.49   0.23     0.00
  SINCE DEC 1      2.25                      1.65   0.60     1.42
  SINCE JAN 1      1.84                      1.05   0.79     0.18

SNOWFALL (IN)
  YESTERDAY        0.0
  MONTH TO DATE    0.0
  SINCE DEC 1      0.3
  SINCE JUL 1      0.3
  SNOW DEPTH       0

DEGREE DAYS
 HEATING
  YESTERDAY        3                        16    -13        0
  MONTH TO DATE  187                       335   -148      256
  SINCE DEC 1   1246                      1628   -382     1369
  SINCE JUL 1   1457                      2107   -650     1721
..................................................................


WIND (MPH)
  HIGHEST WIND SPEED    26   HIGHEST WIND DIRECTION    SW (230)
  HIGHEST GUST SPEED    33   HIGHEST GUST DIRECTION    SW (220)
  AVERAGE WIND SPEED    10.5


SKY COVER
  POSSIBLE SUNSHINE  MM
  AVERAGE SKY COVER 0.2


WEATHER CONDITIONS
 THE FOLLOWING WEATHER WAS RECORDED YESTERDAY.
  LIGHT RAIN


RELATIVE HUMIDITY (PERCENT)
 HIGHEST    89          1000 PM
 LOWEST     24           100 PM
 AVERAGE    57

..........................................................


THE MIDLAND CLIMATE NORMALS FOR TODAY
                         NORMAL    RECORD    YEAR
 MAXIMUM TEMPERATURE (F)   64        86      1986
 MINIMUM TEMPERATURE (F)   36        18      1955


SUNRISE AND SUNSET
FEBRUARY 20 2017......SUNRISE   726 AM CST   SUNSET   640 PM CST
FEBRUARY 21 2017......SUNRISE   724 AM CST   SUNSET   640 PM CST


-  INDICATES NEGATIVE NUMBERS.
R  INDICATES RECORD WAS SET OR TIED.
MM INDICATES DATA IS MISSING.
T  INDICATES TRACE AMOUNT.




$$
