000
CDUS44 KMAF 300736
CLIMAF


CLIMATE REPORT
NATIONAL WEATHER SERVICE MIDLAND TX
236 AM CDT FRI SEP 30 2016


...................................

...THE MIDLAND CLIMATE SUMMARY FOR SEPTEMBER 29 2016...

CLIMATE NORMAL PERIOD 1981 TO 2010
CLIMATE RECORD PERIOD 1930 TO 2016


WEATHER ITEM   OBSERVED TIME   RECORD YEAR NORMAL DEPARTURE LAST
                VALUE   (LST)  VALUE       VALUE  FROM      YEAR
                                                  NORMAL
..................................................................
TEMPERATURE (F)
 YESTERDAY
  MAXIMUM         83    356 PM 102    1977  83      0       89
  MINIMUM         53    555 AM  41    1945  58     -5       62
  AVERAGE         68                        70     -2       76

PRECIPITATION (IN)
  YESTERDAY        0.00          0.84 1932   0.05  -0.05     0.00
  MONTH TO DATE    2.11                      1.80   0.31     1.77
  SINCE SEP 1      2.11                      1.80   0.31     1.77
  SINCE JAN 1     12.45                     11.52   0.93    15.78

DEGREE DAYS
 HEATING
  YESTERDAY        0                         1     -1        0
  MONTH TO DATE    1                         9     -8        0
  SINCE SEP 1      1                         9     -8        0
  SINCE JUL 1      1                         9     -8        0

 COOLING
  YESTERDAY        3                         6     -3       11
  MONTH TO DATE  366                       290     76      446
  SINCE SEP 1    366                       290     76      446
  SINCE JAN 1   2598                      2174    424     2490
..................................................................


WIND (MPH)
  HIGHEST WIND SPEED    17   HIGHEST WIND DIRECTION    NE (60)
  HIGHEST GUST SPEED    22   HIGHEST GUST DIRECTION     E (70)
  AVERAGE WIND SPEED    10.1


SKY COVER
  POSSIBLE SUNSHINE  MM
  AVERAGE SKY COVER 0.0


WEATHER CONDITIONS
 THE FOLLOWING WEATHER WAS RECORDED YESTERDAY.
  NO SIGNIFICANT WEATHER WAS OBSERVED.


RELATIVE HUMIDITY (PERCENT)
 HIGHEST    83           400 AM
 LOWEST     30           500 PM
 AVERAGE    57

..........................................................


THE MIDLAND CLIMATE NORMALS FOR TODAY
                         NORMAL    RECORD    YEAR
 MAXIMUM TEMPERATURE (F)   83       104      1977
 MINIMUM TEMPERATURE (F)   57        41      1984


SUNRISE AND SUNSET
SEPTEMBER 30 2016.....SUNRISE   742 AM CDT   SUNSET   734 PM CDT
OCTOBER  1 2016.......SUNRISE   743 AM CDT   SUNSET   733 PM CDT


-  INDICATES NEGATIVE NUMBERS.
R  INDICATES RECORD WAS SET OR TIED.
MM INDICATES DATA IS MISSING.
T  INDICATES TRACE AMOUNT.




$$
