430
CDUS44 KMAF 270732
CLIMAF


CLIMATE REPORT
NATIONAL WEATHER SERVICE MIDLAND TX
231 AM CDT SAT AUG 27 2016


...................................

...THE MIDLAND CLIMATE SUMMARY FOR AUGUST 26 2016...

CLIMATE NORMAL PERIOD 1981 TO 2010
CLIMATE RECORD PERIOD 1930 TO 2016


WEATHER ITEM   OBSERVED TIME   RECORD YEAR NORMAL DEPARTURE LAST
                VALUE   (LST)  VALUE       VALUE  FROM      YEAR
                                                  NORMAL
..................................................................
TEMPERATURE (F)
 YESTERDAY
  MAXIMUM         84   1207 PM 105    2002  92     -8       96
  MINIMUM         69    641 AM  56    1966  68      1       70
  AVERAGE         77                        80     -3       83

PRECIPITATION (IN)
  YESTERDAY        0.26          1.34 1972   0.07   0.19     0.00
  MONTH TO DATE    2.91                      1.51   1.40     0.99
  SINCE JUN 1      6.31                      5.13   1.18     5.00
  SINCE JAN 1     10.05                      9.39   0.66    13.99

DEGREE DAYS
 COOLING
  YESTERDAY       12                        15     -3       18
  MONTH TO DATE  472                       429     43      541
  SINCE JUN 1   1684                      1422    262     1610
  SINCE JAN 1   2164                      1811    353     1968
..................................................................


WIND (MPH)
  HIGHEST WIND SPEED    21   HIGHEST WIND DIRECTION     W (260)
  HIGHEST GUST SPEED    30   HIGHEST GUST DIRECTION    SE (150)
  AVERAGE WIND SPEED     7.3


SKY COVER
  POSSIBLE SUNSHINE  MM
  AVERAGE SKY COVER 0.5


WEATHER CONDITIONS
 THE FOLLOWING WEATHER WAS RECORDED YESTERDAY.
  THUNDERSTORM
  HEAVY RAIN
  LIGHT RAIN
  HAZE


RELATIVE HUMIDITY (PERCENT)
 HIGHEST    84           700 AM
 LOWEST     58          1200 PM
 AVERAGE    71

..........................................................


THE MIDLAND CLIMATE NORMALS FOR TODAY
                         NORMAL    RECORD    YEAR
 MAXIMUM TEMPERATURE (F)   92       106      2002
 MINIMUM TEMPERATURE (F)   68        60      1992


SUNRISE AND SUNSET
AUGUST 27 2016........SUNRISE   721 AM CDT   SUNSET   818 PM CDT
AUGUST 28 2016........SUNRISE   722 AM CDT   SUNSET   817 PM CDT


-  INDICATES NEGATIVE NUMBERS.
R  INDICATES RECORD WAS SET OR TIED.
MM INDICATES DATA IS MISSING.
T  INDICATES TRACE AMOUNT.




$$
