000
CDUS44 KMAF 300733
CLIMAF


CLIMATE REPORT
NATIONAL WEATHER SERVICE MIDLAND/ODESSA TX
232 AM CDT SAT MAY 30 2015


...................................

...THE MIDLAND CLIMATE SUMMARY FOR MAY 29 2015...

CLIMATE NORMAL PERIOD 1981 TO 2010
CLIMATE RECORD PERIOD 1930 TO 2015


WEATHER ITEM   OBSERVED TIME   RECORD YEAR NORMAL DEPARTURE LAST
                VALUE   (LST)  VALUE       VALUE  FROM      YEAR
                                                  NORMAL
..................................................................
TEMPERATURE (F)
 YESTERDAY
  MAXIMUM         85    508 PM 104    1938  91     -6       89
  MINIMUM         58    629 AM  44    1947  64     -6       63
  AVERAGE         72                        77     -5       76

PRECIPITATION (IN)
  YESTERDAY        0.00          2.01 1971   0.08  -0.08     0.00
  MONTH TO DATE    3.19                      1.59   1.60     2.26
  SINCE MAR 1      6.14                      2.84   3.30     2.90
  SINCE JAN 1      8.83                      4.11   4.72     3.16

DEGREE DAYS
 COOLING
  YESTERDAY        7                        12     -5       11
  MONTH TO DATE  213                       257    -44      278
  SINCE MAR 1    343                       363    -20      445
  SINCE JAN 1    344                       365    -21      447
..................................................................


WIND (MPH)
  HIGHEST WIND SPEED    35   HIGHEST WIND DIRECTION     N (20)
  HIGHEST GUST SPEED    41   HIGHEST GUST DIRECTION    NE (30)
  AVERAGE WIND SPEED     8.0


SKY COVER
  POSSIBLE SUNSHINE  MM
  AVERAGE SKY COVER 0.1


WEATHER CONDITIONS
 THE FOLLOWING WEATHER WAS RECORDED YESTERDAY.
  THUNDERSTORM
  LIGHT RAIN


RELATIVE HUMIDITY (PERCENT)
 HIGHEST    93           400 AM
 LOWEST     48           500 PM
 AVERAGE    71

..........................................................


THE MIDLAND CLIMATE NORMALS FOR TODAY
                         NORMAL    RECORD    YEAR
 MAXIMUM TEMPERATURE (F)   91       104      1998
 MINIMUM TEMPERATURE (F)   64        46      1947


SUNRISE AND SUNSET
MAY 30 2015...........SUNRISE   644 AM CDT   SUNSET   849 PM CDT
MAY 31 2015...........SUNRISE   644 AM CDT   SUNSET   849 PM CDT


-  INDICATES NEGATIVE NUMBERS.
R  INDICATES RECORD WAS SET OR TIED.
MM INDICATES DATA IS MISSING.
T  INDICATES TRACE AMOUNT.




$$
