000
CDUS42 KTAE 282140
CLIMAI


CLIMATE REPORT
NATIONAL WEATHER SERVICE TALLAHASSEE FL
539 PM EDT TUE MAR 28 2017


...................................

...THE MARIANNA CLIMATE SUMMARY FOR MARCH 28 2017...
VALID TODAY AS OF 0500 PM LOCAL TIME.

CLIMATE NORMAL PERIOD 1981 TO 2010
CLIMATE RECORD PERIOD 1950 TO 2017


WEATHER ITEM   OBSERVED NORMAL DEPARTURE LAST
                VALUE   VALUE  FROM      YEAR
                               NORMAL
...............................................
TEMPERATURE (F)
 TODAY
  MAXIMUM         84     75      9       80
  MINIMUM         65     50     15       57
  AVERAGE         75

PRECIPITATION (IN)
  TODAY            0.00   0.22  -0.22     0.00
  MONTH TO DATE    1.27   4.86  -3.59     6.71
  SINCE MAR 1      1.27   4.86  -3.59     6.71
  SINCE JAN 1     11.67  14.84  -3.17    15.15

...............................................







THE MARIANNA CLIMATE NORMALS FOR TOMORROW
                         NORMAL
 MAXIMUM TEMPERATURE (F)   75
 MINIMUM TEMPERATURE (F)   50



-  INDICATES NEGATIVE NUMBERS.
R  INDICATES RECORD WAS SET OR TIED.
MM INDICATES DATA IS MISSING.
T  INDICATES TRACE AMOUNT.




$$
