000
CDUS42 KTAE 060632
CLIMAI


CLIMATE REPORT
NATIONAL WEATHER SERVICE TALLAHASSEE FL
132 AM EST TUE DEC 6 2016


...................................

...THE MARIANNA CLIMATE SUMMARY FOR DECEMBER 5 2016...

CLIMATE NORMAL PERIOD 1981 TO 2010
CLIMATE RECORD PERIOD 1950 TO 2016


WEATHER ITEM   OBSERVED NORMAL DEPARTURE LAST
                VALUE   VALUE  FROM      YEAR
                               NORMAL
...............................................
TEMPERATURE (F)
 YESTERDAY
  MAXIMUM         68     66      2       69
  MINIMUM         60     44     16       45
  AVERAGE         64     55      9       57

PRECIPITATION (IN)
  YESTERDAY        6.96   0.14   6.82     0.00
  MONTH TO DATE    7.99   0.72   7.27     1.54
  SINCE DEC 1      7.99   0.72   7.27     1.54
  SINCE JAN 1     46.67  50.39  -3.72    51.08

DEGREE DAYS
 HEATING
  YESTERDAY        1           -10
  MONTH TO DATE   31           -20
  SINCE DEC 1     31           -20
  SINCE JUL 1    163          -126

 COOLING
  YESTERDAY        0            -1
  MONTH TO DATE    1            -4
  SINCE DEC 1      1            -4
  SINCE JAN 1   2955           401
...............................................


WIND (MPH)
  HIGHEST WIND SPEED    23   HIGHEST WIND DIRECTION    NW (300)
  HIGHEST GUST SPEED    30   HIGHEST GUST DIRECTION    NW (310)
  AVERAGE WIND SPEED     6.3




RELATIVE HUMIDITY (PERCENT)
 HIGHEST   100
 LOWEST     93
 AVERAGE    97

..........................................................




SUNRISE AND SUNSET
DECEMBER  6 2016......SUNRISE   625 AM CST   SUNSET   439 PM CST
DECEMBER  7 2016......SUNRISE   626 AM CST   SUNSET   439 PM CST


-  INDICATES NEGATIVE NUMBERS.
R  INDICATES RECORD WAS SET OR TIED.
MM INDICATES DATA IS MISSING.
T  INDICATES TRACE AMOUNT.




$$
