000
CDUS42 KTAE 260635
CLIMAI


CLIMATE REPORT
NATIONAL WEATHER SERVICE TALLAHASSEE FL
135 AM EST WED NOV 26 2014


...................................

...THE MARIANNA CLIMATE SUMMARY FOR NOVEMBER 25 2014...

CLIMATE NORMAL PERIOD 1981 TO 2010
CLIMATE RECORD PERIOD 1950 TO 2014


WEATHER ITEM   OBSERVED NORMAL DEPARTURE LAST
                VALUE   VALUE  FROM      YEAR
                               NORMAL
...............................................
TEMPERATURE (F)
 YESTERDAY
  MAXIMUM         62     69     -7       59
  MINIMUM         47     46      1       41
  AVERAGE         55     58     -3       50

PRECIPITATION (IN)
  YESTERDAY        1.05   0.16   0.89      T
  MONTH TO DATE    5.92   3.40   2.52     1.87
  SINCE SEP 1     12.72  10.62   2.10     6.14
  SINCE JAN 1     55.66  48.95   6.71    56.82

DEGREE DAYS
 HEATING
  YESTERDAY       10             2
  MONTH TO DATE  282           139
  SINCE SEP 1    308           116
  SINCE JUL 1    308           116

 COOLING
  YESTERDAY        0            -1
  MONTH TO DATE   13           -22
  SINCE SEP 1    580             0
  SINCE JAN 1   2611            66
...............................................


WIND (MPH)
  HIGHEST WIND SPEED    15   HIGHEST WIND DIRECTION    NE (40)
  HIGHEST GUST SPEED    18   HIGHEST GUST DIRECTION    NE (40)
  AVERAGE WIND SPEED     6.4




RELATIVE HUMIDITY (PERCENT)
 HIGHEST   100
 LOWEST     84
 AVERAGE    92

..........................................................




SUNRISE AND SUNSET
NOVEMBER 26 2014......SUNRISE   617 AM CST   SUNSET   439 PM CST
NOVEMBER 27 2014......SUNRISE   617 AM CST   SUNSET   439 PM CST


-  INDICATES NEGATIVE NUMBERS.
R  INDICATES RECORD WAS SET OR TIED.
MM INDICATES DATA IS MISSING.
T  INDICATES TRACE AMOUNT.




$$
