000
CDUS42 KTAE 220700
CLIMAI


CLIMATE REPORT
NATIONAL WEATHER SERVICE TALLAHASSEE FL
200 AM EST SAT NOV 22 2014


...................................

...THE MARIANNA CLIMATE SUMMARY FOR NOVEMBER 21 2014...

CLIMATE NORMAL PERIOD 1981 TO 2010
CLIMATE RECORD PERIOD 1950 TO 2014


WEATHER ITEM   OBSERVED NORMAL DEPARTURE LAST
                VALUE   VALUE  FROM      YEAR
                               NORMAL
...............................................
TEMPERATURE (F)
 YESTERDAY
  MAXIMUM         70     70      0       74
  MINIMUM         36     47    -11       53
  AVERAGE         53     59     -6       64

PRECIPITATION (IN)
  YESTERDAY        0.00   0.15  -0.15     0.00
  MONTH TO DATE    2.10   2.78  -0.68     1.86
  SINCE SEP 1      8.90  10.00  -1.10     6.13
  SINCE JAN 1     51.84  48.33   3.51    56.81

DEGREE DAYS
 HEATING
  YESTERDAY       12             5
  MONTH TO DATE  262           151
  SINCE SEP 1    288           128
  SINCE JUL 1    288           128

 COOLING
  YESTERDAY        0            -1
  MONTH TO DATE    4           -27
  SINCE SEP 1    571            -5
  SINCE JAN 1   2602            61
...............................................


WIND (MPH)
  HIGHEST WIND SPEED    16   HIGHEST WIND DIRECTION     E (70)
  HIGHEST GUST SPEED    21   HIGHEST GUST DIRECTION    NE (60)
  AVERAGE WIND SPEED     5.5




RELATIVE HUMIDITY (PERCENT)
 HIGHEST   100
 LOWEST     39
 AVERAGE    70

..........................................................




SUNRISE AND SUNSET
NOVEMBER 22 2014......SUNRISE   613 AM CST   SUNSET   440 PM CST
NOVEMBER 23 2014......SUNRISE   614 AM CST   SUNSET   440 PM CST


-  INDICATES NEGATIVE NUMBERS.
R  INDICATES RECORD WAS SET OR TIED.
MM INDICATES DATA IS MISSING.
T  INDICATES TRACE AMOUNT.




$$
