000
CDUS43 KABR 111601
CLIMBG


CLIMATE REPORT
NATIONAL WEATHER SERVICE ABERDEEN SD
1001 AM CST THU FEB 11 2016


...................................

...THE MOBRIDGE SD CLIMATE SUMMARY FOR FEBRUARY 10 2016...

CLIMATE NORMAL PERIOD 1981 TO 2010
CLIMATE RECORD PERIOD 1911 TO 2016


WEATHER ITEM   OBSERVED TIME   RECORD YEAR NORMAL DEPARTURE LAST
                VALUE   (LST)  VALUE       VALUE  FROM      YEAR
                                                  NORMAL
..................................................................
TEMPERATURE (F)
 YESTERDAY
  MAXIMUM         37    119 PM  65    1951  30      7       40
  MINIMUM         19   1159 PM -29    1944   9     10       20
  AVERAGE         28                        19      9       30

PRECIPITATION (IN)
  YESTERDAY        0.00          0.22 1976   0.02  -0.02     0.18
  MONTH TO DATE    0.03                      0.14  -0.11     0.30
  SINCE DEC 1      0.48                      0.87  -0.39     1.03
  SINCE JAN 1      0.15                      0.43  -0.28     0.61

SNOWFALL (IN)
  YESTERDAY        0.0
  MONTH TO DATE    0.3
  SINCE OCT 1     11.2
  SINCE JUL 1     11.2
  SNOW DEPTH       T

DEGREE DAYS
 HEATING
  YESTERDAY       37                        46     -9       35
  MONTH TO DATE  349                       467   -118      418
  SINCE DEC 1   2976                      3434   -458     3026
  SINCE JUL 1   4270                      5200   -930     4851

 COOLING
  YESTERDAY        0                         0      0        0
  MONTH TO DATE    0                         0      0        0
  SINCE DEC 1      0                         0      0        0
  SINCE JAN 1      0                         0      0        0
..................................................................


WIND (MPH)
  HIGHEST WIND SPEED    18   HIGHEST WIND DIRECTION     E (100)
  HIGHEST GUST SPEED    21   HIGHEST GUST DIRECTION     E (90)
  AVERAGE WIND SPEED     8.2


SKY COVER
  POSSIBLE SUNSHINE  MM
  AVERAGE SKY COVER 0.6


WEATHER CONDITIONS
 THE FOLLOWING WEATHER WAS RECORDED YESTERDAY.
  NO SIGNIFICANT WEATHER WAS OBSERVED.


RELATIVE HUMIDITY (PERCENT)
 HIGHEST    91           800 AM
 LOWEST     64           100 PM
 AVERAGE    78

..........................................................


THE MOBRIDGE SD CLIMATE NORMALS FOR TODAY
                         NORMAL    RECORD    YEAR
 MAXIMUM TEMPERATURE (F)   30        59      2005
 MINIMUM TEMPERATURE (F)    9       -39      1944


SUNRISE AND SUNSET
FEBRUARY 11 2016......SUNRISE   750 AM CST   SUNSET   602 PM CST
FEBRUARY 12 2016......SUNRISE   749 AM CST   SUNSET   604 PM CST


-  INDICATES NEGATIVE NUMBERS.
R  INDICATES RECORD WAS SET OR TIED.
MM INDICATES DATA IS MISSING.
T  INDICATES TRACE AMOUNT.




$$
