000
CDUS43 KABR 232347
CLIMBG


CLIMATE REPORT
NATIONAL WEATHER SERVICE ABERDEEN SD
545 PM CST FRI FEB 23 2018


...................................

...THE MOBRIDGE SD CLIMATE SUMMARY FOR FEBRUARY 23 2018...
VALID TODAY AS OF 0500 PM LOCAL TIME.

CLIMATE NORMAL PERIOD 1981 TO 2010
CLIMATE RECORD PERIOD 1911 TO 2018


WEATHER ITEM   OBSERVED TIME   RECORD YEAR NORMAL DEPARTURE LAST
                VALUE   (LST)  VALUE       VALUE  FROM      YEAR
                                                  NORMAL
..................................................................
TEMPERATURE (F)
 TODAY
  MAXIMUM         19    314 PM  62    1976  34    -15       34
  MINIMUM          5    905 AM -23    1914  13     -8       26
  AVERAGE         12                        23    -11       30

PRECIPITATION (IN)
  TODAY            0.01          0.41 2012   0.02  -0.01     0.00
  MONTH TO DATE    0.75                      0.32   0.43     0.23
  SINCE DEC 1      1.35                      1.05   0.30     3.06
  SINCE JAN 1      0.81                      0.61   0.20     0.76

SNOWFALL (IN)
  TODAY           MM
  MONTH TO DATE    9.6
  SINCE OCT 1     19.9
  SINCE JUL 1     19.9
  SNOW DEPTH      MM

DEGREE DAYS
 HEATING
  TODAY           53                        42     11       35
  MONTH TO DATE 1328                      1038    290      896
  SINCE DEC 1   4131                      4005    126     4102
  SINCE JUL 1   5632                      5771   -139     5253

 COOLING
  TODAY            0                         0      0        0
  MONTH TO DATE    0                         0      0        0
  SINCE DEC 1      0                         0      0        0
  SINCE JAN 1      0                         0      0        0
..................................................................


WIND (MPH)
  HIGHEST WIND SPEED    18   HIGHEST WIND DIRECTION    NW (320)
  HIGHEST GUST SPEED    21   HIGHEST GUST DIRECTION    NW (310)
  AVERAGE WIND SPEED     8.3


SKY COVER
  POSSIBLE SUNSHINE  MM
  AVERAGE SKY COVER 0.4


WEATHER CONDITIONS
 THE FOLLOWING WEATHER WAS RECORDED TODAY.
  LIGHT SNOW
  FOG
  HAZE


RELATIVE HUMIDITY (PERCENT)
 HIGHEST    84          1200 AM
 LOWEST     61          1200 PM
 AVERAGE    73

..........................................................


THE MOBRIDGE SD CLIMATE NORMALS FOR TOMORROW
                         NORMAL    RECORD    YEAR
 MAXIMUM TEMPERATURE (F)   34        58      1976
 MINIMUM TEMPERATURE (F)   13       -22      1955


SUNRISE AND SUNSET
FEBRUARY 23 2018......SUNRISE   730 AM CST   SUNSET   620 PM CST
FEBRUARY 24 2018......SUNRISE   729 AM CST   SUNSET   622 PM CST


-  INDICATES NEGATIVE NUMBERS.
R  INDICATES RECORD WAS SET OR TIED.
MM INDICATES DATA IS MISSING.
T  INDICATES TRACE AMOUNT.




$$
