000
CDUS43 KABR 282327
CLIMBG


CLIMATE REPORT
NATIONAL WEATHER SERVICE ABERDEEN SD
525 PM CST WED JAN 28 2015


...................................

...THE MOBRIDGE SD CLIMATE SUMMARY FOR JANUARY 28 2015...
VALID TODAY AS OF 0500 PM LOCAL TIME.

CLIMATE NORMAL PERIOD 1981 TO 2010
CLIMATE RECORD PERIOD 1911 TO 2015


WEATHER ITEM   OBSERVED TIME   RECORD YEAR NORMAL DEPARTURE LAST
                VALUE   (LST)  VALUE       VALUE  FROM      YEAR
                                                  NORMAL
..................................................................
TEMPERATURE (F)
 TODAY
  MAXIMUM         54R   159 PM  50    2008  27     27       14
  MINIMUM         28    823 AM -28    1972   7     21      -11
  AVERAGE         41                        17     24        2

PRECIPITATION (IN)
  TODAY            0.00          0.30 1916   0.00   0.00     0.00
  MONTH TO DATE    0.31                      0.26   0.05     0.07
  SINCE DEC 1      0.73                      0.70   0.03     0.83
  SINCE JAN 1      0.31                      0.26   0.05     0.07

SNOWFALL (IN)
  TODAY            0.0
  MONTH TO DATE    4.3
  SINCE OCT 1     14.6
  SINCE JUL 1     14.6
  SNOW DEPTH       0

DEGREE DAYS
 HEATING
  TODAY           24                        48    -24       63
  MONTH TO DATE 1210                      1368   -158     1359
  SINCE DEC 1   2493                      2818   -325     3049
  SINCE JUL 1   4318                      4584   -266     4857

 COOLING
  TODAY            0                         0      0        0
  MONTH TO DATE    0                         0      0        0
  SINCE DEC 1      0                         0      0        0
  SINCE JAN 1      0                         0      0        0
..................................................................


WIND (MPH)
  HIGHEST WIND SPEED    36   HIGHEST WIND DIRECTION     N (340)
  HIGHEST GUST SPEED    47   HIGHEST GUST DIRECTION     N (340)
  AVERAGE WIND SPEED    10.0


SKY COVER
  POSSIBLE SUNSHINE  MM
  AVERAGE SKY COVER 0.1


WEATHER CONDITIONS
 THE FOLLOWING WEATHER WAS RECORDED TODAY.
  NO SIGNIFICANT WEATHER WAS OBSERVED.


RELATIVE HUMIDITY (PERCENT)
 HIGHEST    96           200 AM
 LOWEST     50           200 PM
 AVERAGE    73

..........................................................


THE MOBRIDGE SD CLIMATE NORMALS FOR TOMORROW
                         NORMAL    RECORD    YEAR
 MAXIMUM TEMPERATURE (F)   27        61      1931
 MINIMUM TEMPERATURE (F)    7       -36      1929


SUNRISE AND SUNSET
JANUARY 28 2015.......SUNRISE   807 AM CST   SUNSET   542 PM CST
JANUARY 29 2015.......SUNRISE   806 AM CST   SUNSET   544 PM CST


-  INDICATES NEGATIVE NUMBERS.
R  INDICATES RECORD WAS SET OR TIED.
MM INDICATES DATA IS MISSING.
T  INDICATES TRACE AMOUNT.




$$
