455
CDUS43 KABR 191200
CLIMBG


CLIMATE REPORT
NATIONAL WEATHER SERVICE ABERDEEN SD
700 AM CDT SAT AUG 19 2017


...................................

...THE MOBRIDGE SD CLIMATE SUMMARY FOR AUGUST 18 2017...

CLIMATE NORMAL PERIOD 1981 TO 2010
CLIMATE RECORD PERIOD 1911 TO 2017


WEATHER ITEM   OBSERVED TIME   RECORD YEAR NORMAL DEPARTURE LAST
                VALUE   (LST)  VALUE       VALUE  FROM      YEAR
                                                  NORMAL
..................................................................
TEMPERATURE (F)
 YESTERDAY
  MAXIMUM         83    444 PM 104    1959  85     -2       80
  MINIMUM         58    508 AM  40    2004  58      0       59
  AVERAGE         71                        71      0       70

PRECIPITATION (IN)
  YESTERDAY        T             2.13 1913   0.06  -0.06     0.01
  MONTH TO DATE    5.48                      1.26   4.22     1.62
  SINCE JUN 1      9.95                      7.12   2.83     6.36
  SINCE JAN 1     12.48                     13.14  -0.66    16.74

DEGREE DAYS
 HEATING
  YESTERDAY        0                         1     -1        0
  MONTH TO DATE    5                         1      4        0
  SINCE JUN 1     34                        88    -54       13
  SINCE JUL 1      5                        13     -8        1

 COOLING
  YESTERDAY        6                         7     -1        5
  MONTH TO DATE   51                       145    -94      216
  SINCE JUN 1    623                       493    130      785
  SINCE JAN 1    643                       509    134      801
..................................................................


WIND (MPH)
  HIGHEST WIND SPEED    18   HIGHEST WIND DIRECTION    NW (310)
  HIGHEST GUST SPEED    22   HIGHEST GUST DIRECTION     N (350)
  AVERAGE WIND SPEED     7.2


SKY COVER
  POSSIBLE SUNSHINE  MM
  AVERAGE SKY COVER 0.0


WEATHER CONDITIONS
 THE FOLLOWING WEATHER WAS RECORDED YESTERDAY.
  LIGHT RAIN


RELATIVE HUMIDITY (PERCENT)
 HIGHEST    90           600 AM
 LOWEST     43           300 PM
 AVERAGE    67

..........................................................


THE MOBRIDGE SD CLIMATE NORMALS FOR TODAY
                         NORMAL    RECORD    YEAR
 MAXIMUM TEMPERATURE (F)   85       103      1959
 MINIMUM TEMPERATURE (F)   58        35      2004


SUNRISE AND SUNSET
AUGUST 19 2017........SUNRISE   647 AM CDT   SUNSET   842 PM CDT
AUGUST 20 2017........SUNRISE   649 AM CDT   SUNSET   840 PM CDT


-  INDICATES NEGATIVE NUMBERS.
R  INDICATES RECORD WAS SET OR TIED.
MM INDICATES DATA IS MISSING.
T  INDICATES TRACE AMOUNT.




$$
