000
CDUS43 KABR 011040
CLIMBG


CLIMATE REPORT
NATIONAL WEATHER SERVICE ABERDEEN SD
538 AM CDT WED JUL 1 2015


...................................

...THE MOBRIDGE SD CLIMATE SUMMARY FOR JUNE 30 2015...

CLIMATE NORMAL PERIOD 1981 TO 2010
CLIMATE RECORD PERIOD 1911 TO 2015


WEATHER ITEM   OBSERVED TIME   RECORD YEAR NORMAL DEPARTURE LAST
                VALUE   (LST)  VALUE       VALUE  FROM      YEAR
                                                  NORMAL
..................................................................
TEMPERATURE (F)
 YESTERDAY
  MAXIMUM         75    518 PM 102    1931  83     -8       73
  MINIMUM         67   1110 PM  41    1918  58      9       59
  AVERAGE         71                        70      1       66

PRECIPITATION (IN)
  YESTERDAY        0.12          1.40 1988   0.08   0.04      T
  MONTH TO DATE    3.55                      3.16   0.39     7.91
  SINCE JUN 1      3.55                      3.16   0.39     7.91
  SINCE JAN 1     14.34                      9.18   5.16    14.03

DEGREE DAYS
 HEATING
  YESTERDAY        0                         1     -1        0
  MONTH TO DATE   18                        75    -57       75
  SINCE JUN 1     18                        75    -57       75
  SINCE JUL 1   7373                      7959   -586     8745

 COOLING
  YESTERDAY        6                         6      0        1
  MONTH TO DATE  149                        99     50       45
  SINCE JUN 1    149                        99     50       45
  SINCE JAN 1    165                       115     50       95
..................................................................


WIND (MPH)
  HIGHEST WIND SPEED    16   HIGHEST WIND DIRECTION     E (100)
  HIGHEST GUST SPEED    19   HIGHEST GUST DIRECTION     E (100)
  AVERAGE WIND SPEED     8.2


SKY COVER
  POSSIBLE SUNSHINE  MM
  AVERAGE SKY COVER 0.4


WEATHER CONDITIONS
 THE FOLLOWING WEATHER WAS RECORDED YESTERDAY.
  THUNDERSTORM
  HEAVY RAIN
  LIGHT RAIN
  FOG
  HAZE


RELATIVE HUMIDITY (PERCENT)
 HIGHEST   100           200 PM
 LOWEST     73          1200 AM
 AVERAGE    87

..........................................................


THE MOBRIDGE SD CLIMATE NORMALS FOR TODAY
                         NORMAL    RECORD    YEAR
 MAXIMUM TEMPERATURE (F)   83       102      1911
 MINIMUM TEMPERATURE (F)   58        39      1959


SUNRISE AND SUNSET
JULY  1 2015..........SUNRISE   557 AM CDT   SUNSET   934 PM CDT
JULY  2 2015..........SUNRISE   557 AM CDT   SUNSET   934 PM CDT


-  INDICATES NEGATIVE NUMBERS.
R  INDICATES RECORD WAS SET OR TIED.
MM INDICATES DATA IS MISSING.
T  INDICATES TRACE AMOUNT.




$$
