000
CDUS43 KABR 240914
CLIMBG


CLIMATE REPORT
NATIONAL WEATHER SERVICE ABERDEEN SD
413 AM CDT SUN MAY 24 2015


...................................

...THE MOBRIDGE SD CLIMATE SUMMARY FOR MAY 23 2015...

CLIMATE NORMAL PERIOD 1981 TO 2010
CLIMATE RECORD PERIOD 1911 TO 2015


WEATHER ITEM   OBSERVED TIME   RECORD YEAR NORMAL DEPARTURE LAST
                VALUE   (LST)  VALUE       VALUE  FROM      YEAR
                                                  NORMAL
..................................................................
TEMPERATURE (F)
 YESTERDAY
  MAXIMUM         64    113 PM  95    1928  70     -6       86
  MINIMUM         45    407 AM  28    2002  46     -1       57
  AVERAGE         55                        58     -3       72

PRECIPITATION (IN)
  YESTERDAY        0.00          1.63 1971   0.09  -0.09     0.00
  MONTH TO DATE    8.30                      2.06   6.24     1.25
  SINCE MAR 1      8.97                      4.53   4.44     4.11
  SINCE JAN 1      9.77                      5.26   4.51     4.72

DEGREE DAYS
 HEATING
  YESTERDAY       10                         7      3        0
  MONTH TO DATE  263                       240     23      313
  SINCE MAR 1   1553                      1860   -307     2130
  SINCE JUL 1   7312                      7835   -523     8670

 COOLING
  YESTERDAY        0                         1     -1        7
  MONTH TO DATE    6                         5      1        7
  SINCE MAR 1      6                         6      0        7
  SINCE JAN 1      6                         6      0        7
..................................................................


WIND (MPH)
  HIGHEST WIND SPEED    16   HIGHEST WIND DIRECTION    SE (150)
  HIGHEST GUST SPEED    22   HIGHEST GUST DIRECTION    SE (120)
  AVERAGE WIND SPEED     9.2


SKY COVER
  POSSIBLE SUNSHINE  MM
  AVERAGE SKY COVER 0.8


WEATHER CONDITIONS
 THE FOLLOWING WEATHER WAS RECORDED YESTERDAY.
  NO SIGNIFICANT WEATHER WAS OBSERVED.


RELATIVE HUMIDITY (PERCENT)
 HIGHEST    92           400 AM
 LOWEST     60           100 PM
 AVERAGE    76

..........................................................


THE MOBRIDGE SD CLIMATE NORMALS FOR TODAY
                         NORMAL    RECORD    YEAR
 MAXIMUM TEMPERATURE (F)   71        90      1928
 MINIMUM TEMPERATURE (F)   47        24      2002


SUNRISE AND SUNSET
MAY 24 2015...........SUNRISE   602 AM CDT   SUNSET   915 PM CDT
MAY 25 2015...........SUNRISE   601 AM CDT   SUNSET   916 PM CDT


-  INDICATES NEGATIVE NUMBERS.
R  INDICATES RECORD WAS SET OR TIED.
MM INDICATES DATA IS MISSING.
T  INDICATES TRACE AMOUNT.




$$
