000
CDUS43 KABR 010907
CLIMBG


CLIMATE REPORT
NATIONAL WEATHER SERVICE ABERDEEN SD
406 AM CDT SAT NOV 1 2014


...................................

...THE MOBRIDGE SD CLIMATE SUMMARY FOR OCTOBER 31 2014...

CLIMATE NORMAL PERIOD 1981 TO 2010
CLIMATE RECORD PERIOD 1911 TO 2014


WEATHER ITEM   OBSERVED TIME   RECORD YEAR NORMAL DEPARTURE LAST
                VALUE   (LST)  VALUE       VALUE  FROM      YEAR
                                                  NORMAL
..................................................................
TEMPERATURE (F)
 YESTERDAY
  MAXIMUM         43    418 PM  77    1944  52     -9       50
  MINIMUM         18    704 AM   5    1991  29    -11       28
  AVERAGE         31                        41    -10       39

PRECIPITATION (IN)
  YESTERDAY        0.00          0.86 1929   0.03  -0.03      T
  MONTH TO DATE    0.56                      1.50  -0.94     5.69
  SINCE SEP 1      1.27                      3.04  -1.77     9.06
  SINCE JAN 1     20.59                     16.95   3.64    22.88

SNOWFALL (IN)
  YESTERDAY        0.0
  MONTH TO DATE    0.0
  SINCE OCT 1      0.0
  SINCE JUL 1      0.0
  SNOW DEPTH       0

DEGREE DAYS
 HEATING
  YESTERDAY       34                        24     10       26
  MONTH TO DATE  436                       554   -118      679
  SINCE SEP 1    591                       741   -150      749
  SINCE JUL 1    638                       774   -136      762

 COOLING
  YESTERDAY        0                         0      0        0
  MONTH TO DATE    5                         3      2        0
  SINCE SEP 1     68                        63      5      116
  SINCE JAN 1    471                       644   -173      700
..................................................................


WIND (MPH)
  HIGHEST WIND SPEED    36   HIGHEST WIND DIRECTION    SE (150)
  HIGHEST GUST SPEED    45   HIGHEST GUST DIRECTION    SE (150)
  AVERAGE WIND SPEED    18.0


SKY COVER
  POSSIBLE SUNSHINE  MM
  AVERAGE SKY COVER 0.0


WEATHER CONDITIONS
 THE FOLLOWING WEATHER WAS RECORDED YESTERDAY.
  NO SIGNIFICANT WEATHER WAS OBSERVED.


RELATIVE HUMIDITY (PERCENT)
 HIGHEST    92           400 AM
 LOWEST     29           300 PM
 AVERAGE    61

..........................................................


THE MOBRIDGE SD CLIMATE NORMALS FOR TODAY
                         NORMAL    RECORD    YEAR
 MAXIMUM TEMPERATURE (F)   52        73      1978
 MINIMUM TEMPERATURE (F)   29        -4      1935


SUNRISE AND SUNSET
NOVEMBER  1 2014......SUNRISE   821 AM CDT   SUNSET   629 PM CDT
NOVEMBER  2 2014......SUNRISE   723 AM CST   SUNSET   527 PM CST


-  INDICATES NEGATIVE NUMBERS.
R  INDICATES RECORD WAS SET OR TIED.
MM INDICATES DATA IS MISSING.
T  INDICATES TRACE AMOUNT.




$$
