000
CDUS43 KABR 051036
CLIMBG


CLIMATE REPORT
NATIONAL WEATHER SERVICE ABERDEEN SD
535 AM CDT SAT SEP 5 2015


...................................

...THE MOBRIDGE SD CLIMATE SUMMARY FOR SEPTEMBER 4 2015...

CLIMATE NORMAL PERIOD 1981 TO 2010
CLIMATE RECORD PERIOD 1911 TO 2015


WEATHER ITEM   OBSERVED TIME   RECORD YEAR NORMAL DEPARTURE LAST
                VALUE   (LST)  VALUE       VALUE  FROM      YEAR
                                                  NORMAL
..................................................................
TEMPERATURE (F)
 YESTERDAY
  MAXIMUM         92    413 PM 103    1948  79     13       70
  MINIMUM         71    837 AM  37    1962  53     18       53
  AVERAGE         82                        66     16       62

PRECIPITATION (IN)
  YESTERDAY        0.03          0.91 1951   0.04  -0.01     0.00
  MONTH TO DATE    0.03                      0.18  -0.15     0.02
  SINCE SEP 1      0.03                      0.18  -0.15     0.02
  SINCE JAN 1     20.45                     14.09   6.36    19.34

DEGREE DAYS
 HEATING
  YESTERDAY        0                         3     -3        3
  MONTH TO DATE    0                        11    -11        5
  SINCE SEP 1      0                        11    -11        5
  SINCE JUL 1     22                        44    -22       52

 COOLING
  YESTERDAY       17                         4     13        0
  MONTH TO DATE   54                        17     37        5
  SINCE SEP 1     54                        17     37        5
  SINCE JAN 1    766                       598    168      408
..................................................................


WIND (MPH)
  HIGHEST WIND SPEED    15   HIGHEST WIND DIRECTION     S (170)
  HIGHEST GUST SPEED    21   HIGHEST GUST DIRECTION    SE (140)
  AVERAGE WIND SPEED     8.0


SKY COVER
  POSSIBLE SUNSHINE  MM
  AVERAGE SKY COVER 0.1


WEATHER CONDITIONS
 THE FOLLOWING WEATHER WAS RECORDED YESTERDAY.
  THUNDERSTORM
  LIGHT RAIN


RELATIVE HUMIDITY (PERCENT)
 HIGHEST   100           200 AM
 LOWEST     38           300 PM
 AVERAGE    69

..........................................................


THE MOBRIDGE SD CLIMATE NORMALS FOR TODAY
                         NORMAL    RECORD    YEAR
 MAXIMUM TEMPERATURE (F)   79       107      1913
 MINIMUM TEMPERATURE (F)   53        35      1929


SUNRISE AND SUNSET
SEPTEMBER  5 2015.....SUNRISE   708 AM CDT   SUNSET   812 PM CDT
SEPTEMBER  6 2015.....SUNRISE   709 AM CDT   SUNSET   810 PM CDT


-  INDICATES NEGATIVE NUMBERS.
R  INDICATES RECORD WAS SET OR TIED.
MM INDICATES DATA IS MISSING.
T  INDICATES TRACE AMOUNT.




$$
