000
CDUS43 KABR 262338
CLIMBG


CLIMATE REPORT
NATIONAL WEATHER SERVICE ABERDEEN SD
537 PM CST SUN FEB 26 2017


...................................

...THE MOBRIDGE SD CLIMATE SUMMARY FOR FEBRUARY 26 2017...
VALID TODAY AS OF 0500 PM LOCAL TIME.

CLIMATE NORMAL PERIOD 1981 TO 2010
CLIMATE RECORD PERIOD 1911 TO 2017


WEATHER ITEM   OBSERVED TIME   RECORD YEAR NORMAL DEPARTURE LAST
                VALUE   (LST)  VALUE       VALUE  FROM      YEAR
                                                  NORMAL
..................................................................
TEMPERATURE (F)
 TODAY
  MAXIMUM         39    416 PM  59    2016  35      4       59
                                      1933
  MINIMUM         14    745 AM -20    1934  14      0       21
  AVERAGE         27                        24      3       40

PRECIPITATION (IN)
  TODAY            0.00          0.51 2009   0.02  -0.02     0.00
  MONTH TO DATE    0.23                      0.39  -0.16     1.06
  SINCE DEC 1      3.06                      1.12   1.94     1.51
  SINCE JAN 1      0.76                      0.68   0.08     1.18

SNOWFALL (IN)
  TODAY            0.0
  MONTH TO DATE    0.9
  SINCE OCT 1     39.0
  SINCE JUL 1     39.0
  SNOW DEPTH       T

DEGREE DAYS
 HEATING
  TODAY           38                        41     -3       25
  MONTH TO DATE 1008                      1162   -154      884
  SINCE DEC 1   4214                      4129     85     3511
  SINCE JUL 1   5365                      5895   -530     4805

 COOLING
  TODAY            0                         0      0        0
  MONTH TO DATE    0                         0      0        0
  SINCE DEC 1      0                         0      0        0
  SINCE JAN 1      0                         0      0        0
..................................................................


WIND (MPH)
  HIGHEST WIND SPEED    13   HIGHEST WIND DIRECTION    NW (330)
  HIGHEST GUST SPEED    16   HIGHEST GUST DIRECTION    NW (310)
  AVERAGE WIND SPEED     6.3


SKY COVER
  POSSIBLE SUNSHINE  MM
  AVERAGE SKY COVER 0.4


WEATHER CONDITIONS
 THE FOLLOWING WEATHER WAS RECORDED TODAY.
  NO SIGNIFICANT WEATHER WAS OBSERVED.


RELATIVE HUMIDITY (PERCENT)
 HIGHEST    81          1200 AM
 LOWEST     44           400 PM
 AVERAGE    63

..........................................................


THE MOBRIDGE SD CLIMATE NORMALS FOR TOMORROW
                         NORMAL    RECORD    YEAR
 MAXIMUM TEMPERATURE (F)   35        73      2016
 MINIMUM TEMPERATURE (F)   14       -21      1941


SUNRISE AND SUNSET
FEBRUARY 26 2017......SUNRISE   725 AM CST   SUNSET   625 PM CST
FEBRUARY 27 2017......SUNRISE   723 AM CST   SUNSET   626 PM CST


-  INDICATES NEGATIVE NUMBERS.
R  INDICATES RECORD WAS SET OR TIED.
MM INDICATES DATA IS MISSING.
T  INDICATES TRACE AMOUNT.




$$
