000
CDUS43 KABR 041043
CLIMBG


CLIMATE REPORT
NATIONAL WEATHER SERVICE ABERDEEN SD
442 AM CST WED MAR 4 2015


...................................

...THE MOBRIDGE SD CLIMATE SUMMARY FOR MARCH 3 2015...

CLIMATE NORMAL PERIOD 1981 TO 2010
CLIMATE RECORD PERIOD 1911 TO 2015


WEATHER ITEM   OBSERVED TIME   RECORD YEAR NORMAL DEPARTURE LAST
                VALUE   (LST)  VALUE       VALUE  FROM      YEAR
                                                  NORMAL
..................................................................
TEMPERATURE (F)
 YESTERDAY
  MAXIMUM         33   1242 AM  67    2000  37     -4       13
  MINIMUM          0   1154 PM -22    1916  16    -16       -2
  AVERAGE         17                        26     -9        6

PRECIPITATION (IN)
  YESTERDAY        T             0.85 1966   0.02  -0.02     0.00
  MONTH TO DATE    T                         0.07  -0.07      T
  SINCE MAR 1      T                         0.07  -0.07      T
  SINCE JAN 1      0.80                      0.80   0.00     0.61

SNOWFALL (IN)
  YESTERDAY        T
  MONTH TO DATE    T
  SINCE OCT 1     18.7
  SINCE JUL 1     18.7
  SNOW DEPTH       T

DEGREE DAYS
 HEATING
  YESTERDAY       48                        39      9       59
  MONTH TO DATE  135                       118     17      199
  SINCE MAR 1    135                       118     17      199
  SINCE JUL 1   5894                      6093   -199     6739

 COOLING
  YESTERDAY        0                         0      0        0
  MONTH TO DATE    0                         0      0        0
  SINCE MAR 1      0                         0      0        0
  SINCE JAN 1      0                         0      0        0
..................................................................


WIND (MPH)
  HIGHEST WIND SPEED    37   HIGHEST WIND DIRECTION     N (340)
  HIGHEST GUST SPEED    45   HIGHEST GUST DIRECTION     N (340)
  AVERAGE WIND SPEED    20.6


SKY COVER
  POSSIBLE SUNSHINE  MM
  AVERAGE SKY COVER 0.5


WEATHER CONDITIONS
 THE FOLLOWING WEATHER WAS RECORDED YESTERDAY.
  LIGHT SNOW


RELATIVE HUMIDITY (PERCENT)
 HIGHEST    79          1000 PM
 LOWEST     39           500 PM
 AVERAGE    59

..........................................................


THE MOBRIDGE SD CLIMATE NORMALS FOR TODAY
                         NORMAL    RECORD    YEAR
 MAXIMUM TEMPERATURE (F)   37        67      2000
 MINIMUM TEMPERATURE (F)   16       -19      1960


SUNRISE AND SUNSET
MARCH  4 2015.........SUNRISE   715 AM CST   SUNSET   632 PM CST
MARCH  5 2015.........SUNRISE   713 AM CST   SUNSET   634 PM CST


-  INDICATES NEGATIVE NUMBERS.
R  INDICATES RECORD WAS SET OR TIED.
MM INDICATES DATA IS MISSING.
T  INDICATES TRACE AMOUNT.




$$
