000
CDUS43 KABR 252239
CLIMBG


CLIMATE REPORT
NATIONAL WEATHER SERVICE ABERDEEN SD
537 PM CDT SUN JUN 25 2017


...................................

...THE MOBRIDGE SD CLIMATE SUMMARY FOR JUNE 25 2017...
VALID TODAY AS OF 0500 PM LOCAL TIME.

CLIMATE NORMAL PERIOD 1981 TO 2010
CLIMATE RECORD PERIOD 1911 TO 2017


WEATHER ITEM   OBSERVED TIME   RECORD YEAR NORMAL DEPARTURE LAST
                VALUE   (LST)  VALUE       VALUE  FROM      YEAR
                                                  NORMAL
..................................................................
TEMPERATURE (F)
 TODAY
  MAXIMUM         79    214 PM 108    1936  81     -2       89
  MINIMUM         38    417 AM  37    1929  57    -19       61
  AVERAGE         59                        69    -10       75

PRECIPITATION (IN)
  TODAY            0.00          1.92 1978   0.08  -0.08     0.00
  MONTH TO DATE    1.45                      2.78  -1.33     2.38
  SINCE JUN 1      1.45                      2.78  -1.33     2.38
  SINCE JAN 1      3.98                      8.80  -4.82    12.76

DEGREE DAYS
 HEATING
  TODAY            6                         1      5        0
  MONTH TO DATE   22                        70    -48       12
  SINCE JUN 1     22                        70    -48       12
  SINCE JUL 1   7148                      7954   -806     6315

 COOLING
  TODAY            0                         5     -5       10
  MONTH TO DATE  158                        70     88      185
  SINCE JUN 1    158                        70     88      185
  SINCE JAN 1    178                        86     92      201
..................................................................


WIND (MPH)
  HIGHEST WIND SPEED    24   HIGHEST WIND DIRECTION     N (20)
  HIGHEST GUST SPEED    31   HIGHEST GUST DIRECTION     N (20)
  AVERAGE WIND SPEED     4.9


SKY COVER
  POSSIBLE SUNSHINE  MM
  AVERAGE SKY COVER 0.1


WEATHER CONDITIONS
 THE FOLLOWING WEATHER WAS RECORDED TODAY.
  NO SIGNIFICANT WEATHER WAS OBSERVED.


RELATIVE HUMIDITY (PERCENT)
 HIGHEST    85           300 AM
 LOWEST     20           200 PM
 AVERAGE    53

..........................................................


THE MOBRIDGE SD CLIMATE NORMALS FOR TOMORROW
                         NORMAL    RECORD    YEAR
 MAXIMUM TEMPERATURE (F)   82       102      1936
 MINIMUM TEMPERATURE (F)   57        42      1958


SUNRISE AND SUNSET
JUNE 25 2017..........SUNRISE   554 AM CDT   SUNSET   935 PM CDT
JUNE 26 2017..........SUNRISE   554 AM CDT   SUNSET   935 PM CDT


-  INDICATES NEGATIVE NUMBERS.
R  INDICATES RECORD WAS SET OR TIED.
MM INDICATES DATA IS MISSING.
T  INDICATES TRACE AMOUNT.




$$
