000
CDUS43 KABR 200926
CLIMBG


CLIMATE REPORT
NATIONAL WEATHER SERVICE ABERDEEN SD
426 AM CDT WED AUG 20 2014


...................................

...THE MOBRIDGE SD CLIMATE SUMMARY FOR AUGUST 19 2014...

CLIMATE NORMAL PERIOD 1981 TO 2010
CLIMATE RECORD PERIOD 1911 TO 2014


WEATHER ITEM   OBSERVED TIME   RECORD YEAR NORMAL DEPARTURE LAST
                VALUE   (LST)  VALUE       VALUE  FROM      YEAR
                                                  NORMAL
..................................................................
TEMPERATURE (F)
 YESTERDAY
  MAXIMUM         86    418 PM 103    1959  85      1       94
  MINIMUM         55    543 AM  35    2004  58     -3       60
  AVERAGE         71                        71      0       77

PRECIPITATION (IN)
  YESTERDAY        0.00          0.73 1996   0.06  -0.06     0.00
  MONTH TO DATE    1.25                      1.32  -0.07     1.51
  SINCE JUN 1      9.69                      7.18   2.51     5.39
  SINCE JAN 1     15.81                     13.20   2.61    13.07

DEGREE DAYS
 HEATING
  YESTERDAY        0                         1     -1        0
  MONTH TO DATE    2                         2      0        2
  SINCE JUN 1    100                        89     11       81
  SINCE JUL 1     25                        14     11       13

 COOLING
  YESTERDAY        6                         7     -1       12
  MONTH TO DATE  111                       152    -41       70
  SINCE JUN 1    326                       500   -174      396
  SINCE JAN 1    376                       516   -140      411
..................................................................


WIND (MPH)
  HIGHEST WIND SPEED    15   HIGHEST WIND DIRECTION    SE (140)
  HIGHEST GUST SPEED    19   HIGHEST GUST DIRECTION    SE (150)
  AVERAGE WIND SPEED     5.0


SKY COVER
  POSSIBLE SUNSHINE  MM
  AVERAGE SKY COVER 0.0


WEATHER CONDITIONS
 THE FOLLOWING WEATHER WAS RECORDED YESTERDAY.
  NO SIGNIFICANT WEATHER WAS OBSERVED.


RELATIVE HUMIDITY (PERCENT)
 HIGHEST   100          1200 AM
 LOWEST     42           300 PM
 AVERAGE    71

..........................................................


THE MOBRIDGE SD CLIMATE NORMALS FOR TODAY
                         NORMAL    RECORD    YEAR
 MAXIMUM TEMPERATURE (F)   84       102      1955
 MINIMUM TEMPERATURE (F)   58        40      1950


SUNRISE AND SUNSET
AUGUST 20 2014........SUNRISE   648 AM CDT   SUNSET   841 PM CDT
AUGUST 21 2014........SUNRISE   650 AM CDT   SUNSET   839 PM CDT


-  INDICATES NEGATIVE NUMBERS.
R  INDICATES RECORD WAS SET OR TIED.
MM INDICATES DATA IS MISSING.
T  INDICATES TRACE AMOUNT.




$$
