000
CDUS43 KDTX 010537
CLIMBS


CLIMATE REPORT
NATIONAL WEATHER SERVICE DETROIT/PONTIAC MI
137 AM EDT SAT OCT 1 2016


...................................

...THE TRI CITIES MI CLIMATE SUMMARY FOR SEPTEMBER 30 2016...

CLIMATE NORMAL PERIOD 1981 TO 2010
CLIMATE RECORD PERIOD 1898 TO 2016


WEATHER ITEM   OBSERVED TIME   NORMAL DEPARTURE LAST
                VALUE   (LST)  VALUE  FROM      YEAR
                                      NORMAL
......................................................
TEMPERATURE (F)
 YESTERDAY
  MAXIMUM         61    753 PM  66     -5       60
  MINIMUM         57   1159 PM  45     12       47
  AVERAGE         59            56      3

PRECIPITATION (IN)
  YESTERDAY        0.09          0.11  -0.02
  MONTH TO DATE    2.57          3.83  -1.26
  SINCE SEP 1      2.57          3.83  -1.26
  SINCE JAN 1     25.49         24.35   1.14

SNOWFALL (IN)
  YESTERDAY        0.0
  MONTH TO DATE    0.0
  SINCE SEP 1      0.0
  SINCE JUL 1      0.0
  SNOW DEPTH       0

DEGREE DAYS
 HEATING
  YESTERDAY        6                   -4
  MONTH TO DATE   59                 -100
  SINCE SEP 1     59                 -100
  SINCE JUL 1     61                 -138

 COOLING
  YESTERDAY        0                   -1
  MONTH TO DATE   82                   34
  SINCE SEP 1     82                   34
  SINCE JAN 1    830                  278
......................................................


WIND (MPH)
  HIGHEST WIND SPEED    17   HIGHEST WIND DIRECTION    NE (60)
  HIGHEST GUST SPEED    24   HIGHEST GUST DIRECTION     E (80)
  AVERAGE WIND SPEED    11.9



WEATHER CONDITIONS
 THE FOLLOWING WEATHER WAS RECORDED YESTERDAY.
  HEAVY RAIN
  RAIN
  LIGHT RAIN
  FOG


RELATIVE HUMIDITY (PERCENT)
 HIGHEST   100
 LOWEST     90
 AVERAGE    95

..........................................................


THE TRI CITIES MI CLIMATE NORMALS FOR TODAY
                         NORMAL
 MAXIMUM TEMPERATURE (F)   66
 MINIMUM TEMPERATURE (F)   45


SUNRISE AND SUNSET
OCTOBER  1 2016.......SUNRISE   734 AM EDT   SUNSET   716 PM EDT
OCTOBER  2 2016.......SUNRISE   736 AM EDT   SUNSET   715 PM EDT


-  INDICATES NEGATIVE NUMBERS.
R  INDICATES RECORD WAS SET OR TIED.
MM INDICATES DATA IS MISSING.
T  INDICATES TRACE AMOUNT.




$$
