000
CDUS43 KDTX 180536
CLIMBS


CLIMATE REPORT
NATIONAL WEATHER SERVICE DETROIT/PONTIAC MI
136 AM EDT FRI APR 18 2014


...................................

...THE  TRI CITIES MI CLIMATE SUMMARY FOR APRIL 17 2014...

CLIMATE NORMAL PERIOD 1981 TO 2010
CLIMATE RECORD PERIOD 1898 TO 2014


WEATHER ITEM   OBSERVED TIME   NORMAL DEPARTURE
                VALUE   (LST)  VALUE  FROM
                                      NORMAL
...................................................
TEMPERATURE (F)
 YESTERDAY
  MAXIMUM         65    505 PM  57      8
  MINIMUM         32    620 AM  37     -5
  AVERAGE         49            47      2

PRECIPITATION (IN)
  YESTERDAY        0.00          0.11  -0.11
  MONTH TO DATE    2.60          1.60   0.00
  SINCE MAR 1      3.63          3.66  -0.03
  SINCE JAN 1      7.41          6.98   0.43

SNOWFALL (IN)
  YESTERDAY        0.0
  MONTH TO DATE    1.4
  SINCE MAR 1      7.2
  SINCE JUL 1     60.3
  SNOW DEPTH       0

DEGREE DAYS
 HEATING
  YESTERDAY       16                   -2
  MONTH TO DATE  353                  -14
  SINCE MAR 1   1576                  240
  SINCE JUL 1   7168                  733

 COOLING
  YESTERDAY        0                    0
  MONTH TO DATE    0                    0
  SINCE MAR 1      0                    0
  SINCE JAN 1      0                    0
...................................................


WIND (MPH)
  HIGHEST WIND SPEED    25   HIGHEST WIND DIRECTION    SW (220)
  HIGHEST GUST SPEED    29   HIGHEST GUST DIRECTION     S (160)
  AVERAGE WIND SPEED    11.4




RELATIVE HUMIDITY (PERCENT)
 HIGHEST    64
 LOWEST     28
 AVERAGE    46

..........................................................


THE  TRI CITIES MI CLIMATE NORMALS FOR TODAY
                         NORMAL
 MAXIMUM TEMPERATURE (F)   57
 MINIMUM TEMPERATURE (F)   37


SUNRISE AND SUNSET
APRIL 18 2014.........SUNRISE   649 AM EDT   SUNSET   823 PM EDT
APRIL 19 2014.........SUNRISE   647 AM EDT   SUNSET   824 PM EDT


-  INDICATES NEGATIVE NUMBERS.
R  INDICATES RECORD WAS SET OR TIED.
MM INDICATES DATA IS MISSING.
T  INDICATES TRACE AMOUNT.




$$
