000
CDUS43 KDTX 190539
CLIMBS


CLIMATE REPORT
NATIONAL WEATHER SERVICE DETROIT/PONTIAC MI
139 AM EDT FRI SEP 19 2014


...................................

...THE  TRI CITIES MI CLIMATE SUMMARY FOR SEPTEMBER 18 2014...

CLIMATE NORMAL PERIOD 1981 TO 2010
CLIMATE RECORD PERIOD 1898 TO 2014


WEATHER ITEM   OBSERVED TIME   NORMAL DEPARTURE
                VALUE   (LST)  VALUE  FROM
                                      NORMAL
...................................................
TEMPERATURE (F)
 YESTERDAY
  MAXIMUM         58    221 PM  71    -13
  MINIMUM         42   1156 PM  50     -8
  AVERAGE         50            60    -10

PRECIPITATION (IN)
  YESTERDAY        0.00          0.13  -0.13
  MONTH TO DATE    2.03          2.32  -0.29
  SINCE SEP 1      2.03          2.32  -0.29
  SINCE JAN 1     24.14         22.84   1.30

SNOWFALL (IN)
  YESTERDAY        0.0
  MONTH TO DATE    0.0
  SINCE SEP 1      0.0
  SINCE JUL 1      0.0
  SNOW DEPTH       0

DEGREE DAYS
 HEATING
  YESTERDAY       15                    9
  MONTH TO DATE   90                   26
  SINCE SEP 1     90                   26
  SINCE JUL 1    116                   12

 COOLING
  YESTERDAY        0                   -1
  MONTH TO DATE   50                   12
  SINCE SEP 1     50                   12
  SINCE JAN 1    535                   -7
...................................................


WIND (MPH)
  HIGHEST WIND SPEED    15   HIGHEST WIND DIRECTION    NE (40)
  HIGHEST GUST SPEED    19   HIGHEST GUST DIRECTION    NE (40)
  AVERAGE WIND SPEED     8.1




RELATIVE HUMIDITY (PERCENT)
 HIGHEST    93
 LOWEST     66
 AVERAGE    80

..........................................................


THE  TRI CITIES MI CLIMATE NORMALS FOR TODAY
                         NORMAL
 MAXIMUM TEMPERATURE (F)   71
 MINIMUM TEMPERATURE (F)   49


SUNRISE AND SUNSET
SEPTEMBER 19 2014.....SUNRISE   720 AM EDT   SUNSET   739 PM EDT
SEPTEMBER 20 2014.....SUNRISE   721 AM EDT   SUNSET   737 PM EDT


-  INDICATES NEGATIVE NUMBERS.
R  INDICATES RECORD WAS SET OR TIED.
MM INDICATES DATA IS MISSING.
T  INDICATES TRACE AMOUNT.




$$
