000
CDUS43 KDTX 250535
CLIMBS


CLIMATE REPORT
NATIONAL WEATHER SERVICE DETROIT/PONTIAC MI
135 AM EDT MON MAY 25 2015


...................................

...THE TRI CITIES MI CLIMATE SUMMARY FOR MAY 24 2015...

CLIMATE NORMAL PERIOD 1981 TO 2010
CLIMATE RECORD PERIOD 1898 TO 2015


WEATHER ITEM   OBSERVED TIME   NORMAL DEPARTURE LAST
                VALUE   (LST)  VALUE  FROM      YEAR
                                      NORMAL
......................................................
TEMPERATURE (F)
 YESTERDAY
  MAXIMUM         80   1148 AM  71      9       78
  MINIMUM         55    212 AM  49      6       49
  AVERAGE         68            60      8

PRECIPITATION (IN)
  YESTERDAY        0.06          0.11  -0.05
  MONTH TO DATE    1.30          2.66  -1.36
  SINCE MAR 1      4.49          7.61  -3.12
  SINCE JAN 1      6.60         10.93  -4.33

SNOWFALL (IN)
  YESTERDAY        0.0
  MONTH TO DATE    0.0
  SINCE MAR 1      6.1
  SINCE JUL 1     38.0
  SNOW DEPTH       0

DEGREE DAYS
 HEATING
  YESTERDAY        0                   -7
  MONTH TO DATE  143                  -92
  SINCE MAR 1   1683                  -93
  SINCE JUL 1   7044                  169

 COOLING
  YESTERDAY        3                    1
  MONTH TO DATE   32                   15
  SINCE MAR 1     32                   11
  SINCE JAN 1     32                   11
......................................................


WIND (MPH)
  HIGHEST WIND SPEED    20   HIGHEST WIND DIRECTION    SW (220)
  HIGHEST GUST SPEED    25   HIGHEST GUST DIRECTION    SW (220)
  AVERAGE WIND SPEED     8.0



WEATHER CONDITIONS
 THE FOLLOWING WEATHER WAS RECORDED YESTERDAY.
  LIGHT RAIN


RELATIVE HUMIDITY (PERCENT)
 HIGHEST    84
 LOWEST     30
 AVERAGE    57

..........................................................


THE TRI CITIES MI CLIMATE NORMALS FOR TODAY
                         NORMAL
 MAXIMUM TEMPERATURE (F)   71
 MINIMUM TEMPERATURE (F)   50


SUNRISE AND SUNSET
MAY 25 2015...........SUNRISE   603 AM EDT   SUNSET   904 PM EDT
MAY 26 2015...........SUNRISE   602 AM EDT   SUNSET   905 PM EDT


-  INDICATES NEGATIVE NUMBERS.
R  INDICATES RECORD WAS SET OR TIED.
MM INDICATES DATA IS MISSING.
T  INDICATES TRACE AMOUNT.




$$
