000
CDUS43 KDTX 302033
CLIMBS


CLIMATE REPORT
NATIONAL WEATHER SERVICE DETROIT/PONTIAC MI
432 PM EDT SAT JUL 30 2016


...................................

...THE TRI CITIES MI CLIMATE SUMMARY FOR JULY 30 2016...
VALID TODAY AS OF 0400 PM LOCAL TIME.

CLIMATE NORMAL PERIOD 1981 TO 2010
CLIMATE RECORD PERIOD 1898 TO 2016


WEATHER ITEM   OBSERVED TIME   NORMAL DEPARTURE LAST
                VALUE   (LST)  VALUE  FROM      YEAR
                                      NORMAL
......................................................
TEMPERATURE (F)
 TODAY
  MAXIMUM         73    106 PM  81     -8       87
  MINIMUM         65    640 AM  60      5       62
  AVERAGE         69            70     -1       75

PRECIPITATION (IN)
  TODAY            0.13          0.09   0.04     0.00
  MONTH TO DATE    3.26          2.49   0.77     2.38
  SINCE JUN 1      5.03          5.47  -0.44     6.46
  SINCE JAN 1     16.87         17.12  -0.25    15.10

SNOWFALL (IN)
  TODAY            0.0           0.0    0.0      0.0
  MONTH TO DATE    0.0           0.0    0.0      0.0
  SINCE JUN 1      0.0           0.0    0.0      0.0
  SINCE JUL 1      0.0           0.0    0.0      0.0
  SNOW DEPTH       0

DEGREE DAYS
 HEATING
  TODAY            0             0      0        0
  MONTH TO DATE    2             2      0        9
  SINCE JUN 1     28            61    -33       49
  SINCE JUL 1      2             2      0        9

 COOLING
  TODAY            4             6     -2       10
  MONTH TO DATE  264           194     70      215
  SINCE JUN 1    399           318     81      333
  SINCE JAN 1    477           354    123      397
......................................................


WIND (MPH)
  HIGHEST WIND SPEED    17   HIGHEST WIND DIRECTION    NE (40)
  HIGHEST GUST SPEED    21   HIGHEST GUST DIRECTION    NE (40)
  AVERAGE WIND SPEED     9.6


SKY COVER
  AVERAGE SKY COVER 1.0


WEATHER CONDITIONS
 THE FOLLOWING WEATHER WAS RECORDED TODAY.
  LIGHT RAIN
  FOG


..........................................................


THE TRI CITIES MI CLIMATE NORMALS FOR TOMORROW
                         NORMAL
 MAXIMUM TEMPERATURE (F)   81
 MINIMUM TEMPERATURE (F)   60


SUNRISE AND SUNSET
JULY 30 2016..........SUNRISE   624 AM EDT   SUNSET   901 PM EDT
JULY 31 2016..........SUNRISE   625 AM EDT   SUNSET   859 PM EDT


-  INDICATES NEGATIVE NUMBERS.
R  INDICATES RECORD WAS SET OR TIED.
MM INDICATES DATA IS MISSING.
T  INDICATES TRACE AMOUNT.




$$
