000
CDUS43 KDTX 290535
CLIMBS


CLIMATE REPORT
NATIONAL WEATHER SERVICE DETROIT/PONTIAC MI
135 AM EDT MON AUG 29 2016


...................................

...THE TRI CITIES MI CLIMATE SUMMARY FOR AUGUST 28 2016...

CLIMATE NORMAL PERIOD 1981 TO 2010
CLIMATE RECORD PERIOD 1898 TO 2016


WEATHER ITEM   OBSERVED TIME   NORMAL DEPARTURE LAST
                VALUE   (LST)  VALUE  FROM      YEAR
                                      NORMAL
......................................................
TEMPERATURE (F)
 YESTERDAY
  MAXIMUM         81    431 PM  78      3       75
  MINIMUM         66   1159 PM  57      9       55
  AVERAGE         74            67      7

PRECIPITATION (IN)
  YESTERDAY        0.00          0.12  -0.12
  MONTH TO DATE    5.88          2.96   2.92
  SINCE JUN 1     11.08          8.52   2.56
  SINCE JAN 1     22.92         20.17   2.75

SNOWFALL (IN)
  YESTERDAY        0.0
  MONTH TO DATE    0.0
  SINCE JUN 1      0.0
  SINCE JUL 1      0.0
  SNOW DEPTH       0

DEGREE DAYS
 HEATING
  YESTERDAY        0                   -1
  MONTH TO DATE    0                  -26
  SINCE JUN 1     28                  -70
  SINCE JUL 1      2                  -37

 COOLING
  YESTERDAY        9                    5
  MONTH TO DATE  244                  106
  SINCE JUN 1    647                  187
  SINCE JAN 1    725                  229
......................................................


WIND (MPH)
  HIGHEST WIND SPEED    13   HIGHEST WIND DIRECTION     W (270)
  HIGHEST GUST SPEED    16   HIGHEST GUST DIRECTION    NW (300)
  AVERAGE WIND SPEED     5.5



WEATHER CONDITIONS
 THE FOLLOWING WEATHER WAS RECORDED YESTERDAY.
  FOG


RELATIVE HUMIDITY (PERCENT)
 HIGHEST   100
 LOWEST     58
 AVERAGE    79

..........................................................


THE TRI CITIES MI CLIMATE NORMALS FOR TODAY
                         NORMAL
 MAXIMUM TEMPERATURE (F)   78
 MINIMUM TEMPERATURE (F)   56


SUNRISE AND SUNSET
AUGUST 29 2016........SUNRISE   657 AM EDT   SUNSET   816 PM EDT
AUGUST 30 2016........SUNRISE   658 AM EDT   SUNSET   814 PM EDT


-  INDICATES NEGATIVE NUMBERS.
R  INDICATES RECORD WAS SET OR TIED.
MM INDICATES DATA IS MISSING.
T  INDICATES TRACE AMOUNT.




$$
