983
CDUS46 KHNX 060823
CLIMCE


CLIMATE REPORT
NATIONAL WEATHER SERVICE SAN JOAQUIN VALLEY, CA
1223 AM PST TUE DEC 6 2016


...................................

...THE MERCED  CA CLIMATE SUMMARY FOR DECEMBER 5 2016...

CLIMATE NORMAL PERIOD 1981 TO 2010
CLIMATE RECORD PERIOD 1998 TO 2016


WEATHER ITEM   OBSERVED TIME   RECORD YEAR NORMAL DEPARTURE
                VALUE   (LST)  VALUE       VALUE  FROM
                                                  NORMAL
...............................................................
TEMPERATURE (F)
 YESTERDAY
  MAXIMUM         53    234 PM  66    2014  56     -3
  MINIMUM         32    725 AM  25    2013  36     -4
  AVERAGE         43                        46     -3

PRECIPITATION (IN)
  YESTERDAY        0.00          0.27 2010   0.03  -0.03
  MONTH TO DATE    0.00                      0.14  -0.14
  SINCE OCT 1      2.32                      2.13   0.19
  SINCE JAN 1     13.26                     11.12   2.14

SNOWFALL (IN)
  YESTERDAY        0.0
  MONTH TO DATE    0.0
  SINCE DEC 1      0.0
  SINCE JUL 1      0.0
  SNOW DEPTH       0

DEGREE DAYS
 HEATING
  YESTERDAY       22
  MONTH TO DATE  103
  SINCE DEC 1    103
  SINCE JUL 1    448

 COOLING
  YESTERDAY        0
  MONTH TO DATE    0
  SINCE DEC 1      0
  SINCE JAN 1   1649
...............................................................


WIND (MPH)
  HIGHEST WIND SPEED     9   HIGHEST WIND DIRECTION    NW (300)
  HIGHEST GUST SPEED    14   HIGHEST GUST DIRECTION    NW (320)
  AVERAGE WIND SPEED     1.6




RELATIVE HUMIDITY (PERCENT)
 HIGHEST    96
 LOWEST     77
 AVERAGE    87

..........................................................


THE MERCED  CA CLIMATE NORMALS FOR TODAY
                         NORMAL    RECORD    YEAR
 MAXIMUM TEMPERATURE (F)   56        71      2014
 MINIMUM TEMPERATURE (F)   36        23      2013


SUNRISE AND SUNSET
DECEMBER  6 2016......SUNRISE   703 AM PST   SUNSET   445 PM PST
DECEMBER  7 2016......SUNRISE   704 AM PST   SUNSET   445 PM PST


-  INDICATES NEGATIVE NUMBERS.
R  INDICATES RECORD WAS SET OR TIED.
MM INDICATES DATA IS MISSING.
T  INDICATES TRACE AMOUNT.




$$
