000
CDUS46 KHNX 250821
CLIMCE


CLIMATE REPORT
NATIONAL WEATHER SERVICE SAN JOAQUIN VALLEY, CA
1221 AM PST SUN JAN 25 2015


...................................

...THE MERCED  CA CLIMATE SUMMARY FOR JANUARY 24 2015...

CLIMATE NORMAL PERIOD 1981 TO 2010
CLIMATE RECORD PERIOD 1998 TO 2015


WEATHER ITEM   OBSERVED TIME   RECORD YEAR NORMAL DEPARTURE
                VALUE   (LST)  VALUE       VALUE  FROM
                                                  NORMAL
...............................................................
TEMPERATURE (F)
 YESTERDAY
  MAXIMUM         47    310 PM  73    2014  55     -8
  MINIMUM         43    943 AM  26    2007  37      6
  AVERAGE         45                        46     -1

PRECIPITATION (IN)
  YESTERDAY        0.00          0.90 2001   0.06  -0.06
  MONTH TO DATE    T                         2.26  -2.26
  SINCE OCT 1      4.75                      5.77  -1.02
  SINCE JAN 1      T                         2.26  -2.26

SNOWFALL (IN)
  YESTERDAY        0.0
  MONTH TO DATE    0.0
  SINCE DEC 1      0.0
  SINCE JUL 1      0.0
  SNOW DEPTH       0

DEGREE DAYS
 HEATING
  YESTERDAY       20
  MONTH TO DATE  421
  SINCE DEC 1    806
  SINCE JUL 1   1091

 COOLING
  YESTERDAY        0
  MONTH TO DATE    0
  SINCE DEC 1      0
  SINCE JAN 1      0
...............................................................


WIND (MPH)
  HIGHEST WIND SPEED    10   HIGHEST WIND DIRECTION    SE (140)
  HIGHEST GUST SPEED    13   HIGHEST GUST DIRECTION    SE (150)
  AVERAGE WIND SPEED     3.5




RELATIVE HUMIDITY (PERCENT)
 HIGHEST    92
 LOWEST     86
 AVERAGE    89

..........................................................


THE MERCED  CA CLIMATE NORMALS FOR TODAY
                         NORMAL    RECORD    YEAR
 MAXIMUM TEMPERATURE (F)   55        72      2014
 MINIMUM TEMPERATURE (F)   37        28      2007


SUNRISE AND SUNSET
JANUARY 25 2015.......SUNRISE   711 AM PST   SUNSET   519 PM PST
JANUARY 26 2015.......SUNRISE   710 AM PST   SUNSET   520 PM PST


-  INDICATES NEGATIVE NUMBERS.
R  INDICATES RECORD WAS SET OR TIED.
MM INDICATES DATA IS MISSING.
T  INDICATES TRACE AMOUNT.




$$
