000
CDUS46 KHNX 270822
CLIMCE


CLIMATE REPORT
NATIONAL WEATHER SERVICE SAN JOAQUIN VALLEY, CA
121 AM PDT FRI MAR 27 2015


...................................

...THE MERCED  CA CLIMATE SUMMARY FOR MARCH 26 2015...

CLIMATE NORMAL PERIOD 1981 TO 2010
CLIMATE RECORD PERIOD 1998 TO 2015


WEATHER ITEM   OBSERVED TIME   RECORD YEAR NORMAL DEPARTURE
                VALUE   (LST)  VALUE       VALUE  FROM
                                                  NORMAL
...............................................................
TEMPERATURE (F)
 YESTERDAY
  MAXIMUM         85R   432 PM  75    2013  67     18
                                      2009
                                      2007
  MINIMUM         45    621 AM  37    2006  42      3
  AVERAGE         65                        55     10

PRECIPITATION (IN)
  YESTERDAY        0.00          0.60 2011   0.06  -0.06
  MONTH TO DATE    0.19                      1.80  -1.61
  SINCE OCT 1      6.01                     10.26  -4.25
  SINCE JAN 1      1.26                      6.75  -5.49

SNOWFALL (IN)
  YESTERDAY        0.0
  MONTH TO DATE    0.0
  SINCE MAR 1      0.0
  SINCE JUL 1      0.0
  SNOW DEPTH       0

DEGREE DAYS
 HEATING
  YESTERDAY        0
  MONTH TO DATE  125
  SINCE MAR 1    125
  SINCE JUL 1   1589

 COOLING
  YESTERDAY        0
  MONTH TO DATE    8
  SINCE MAR 1      8
  SINCE JAN 1      8
...............................................................


WIND (MPH)
  HIGHEST WIND SPEED     8   HIGHEST WIND DIRECTION     S (170)
  HIGHEST GUST SPEED    14   HIGHEST GUST DIRECTION     E (110)
  AVERAGE WIND SPEED     2.8




RELATIVE HUMIDITY (PERCENT)
 HIGHEST   100
 LOWEST     26
 AVERAGE    63

..........................................................


THE MERCED  CA CLIMATE NORMALS FOR TODAY
                         NORMAL    RECORD    YEAR
 MAXIMUM TEMPERATURE (F)   67        76      2013
                                             2009
 MINIMUM TEMPERATURE (F)   43        34      2010


SUNRISE AND SUNSET
MARCH 27 2015.........SUNRISE   656 AM PDT   SUNSET   720 PM PDT
MARCH 28 2015.........SUNRISE   654 AM PDT   SUNSET   721 PM PDT


-  INDICATES NEGATIVE NUMBERS.
R  INDICATES RECORD WAS SET OR TIED.
MM INDICATES DATA IS MISSING.
T  INDICATES TRACE AMOUNT.




$$
