000
CDUS46 KHNX 260823
CLIMCE


CLIMATE REPORT
NATIONAL WEATHER SERVICE SAN JOAQUIN VALLEY, CA
1222 AM PST FRI DEC 26 2014


...................................

...THE MERCED  CA CLIMATE SUMMARY FOR DECEMBER 25 2014...

CLIMATE NORMAL PERIOD 1981 TO 2010
CLIMATE RECORD PERIOD 1998 TO 2014


WEATHER ITEM   OBSERVED TIME   RECORD YEAR NORMAL DEPARTURE
                VALUE   (LST)  VALUE       VALUE  FROM
                                                  NORMAL
...............................................................
TEMPERATURE (F)
 YESTERDAY
  MAXIMUM         57    305 PM  65    2013  52      5
  MINIMUM         39   1111 PM  23    1998  36      3
  AVERAGE         48                        44      4

PRECIPITATION (IN)
  YESTERDAY        0.00          0.67 2003   0.06  -0.06
  MONTH TO DATE    3.39                      1.10   2.29
  SINCE JUL 1      4.75                      3.40   1.35
  SINCE JAN 1      8.71                     12.08  -3.37

SNOWFALL (IN)
  YESTERDAY        0.0
  MONTH TO DATE    0.0
  SINCE DEC 1      0.0
  SINCE JUL 1      0.0
  SNOW DEPTH       0

DEGREE DAYS
 HEATING
  YESTERDAY       17
  MONTH TO DATE  257
  SINCE DEC 1    257
  SINCE JUL 1    542

 COOLING
  YESTERDAY        0
  MONTH TO DATE    0
  SINCE DEC 1      0
  SINCE JAN 1   2147
...............................................................


WIND (MPH)
  HIGHEST WIND SPEED    30   HIGHEST WIND DIRECTION    NW (330)
  HIGHEST GUST SPEED    39   HIGHEST GUST DIRECTION    NW (320)
  AVERAGE WIND SPEED    17.9




RELATIVE HUMIDITY (PERCENT)
 HIGHEST    76
 LOWEST     36
 AVERAGE    56

..........................................................


THE MERCED  CA CLIMATE NORMALS FOR TODAY
                         NORMAL    RECORD    YEAR
 MAXIMUM TEMPERATURE (F)   52        65      2013
 MINIMUM TEMPERATURE (F)   36        24      1998


SUNRISE AND SUNSET
DECEMBER 26 2014......SUNRISE   715 AM PST   SUNSET   451 PM PST
DECEMBER 27 2014......SUNRISE   715 AM PST   SUNSET   452 PM PST


-  INDICATES NEGATIVE NUMBERS.
R  INDICATES RECORD WAS SET OR TIED.
MM INDICATES DATA IS MISSING.
T  INDICATES TRACE AMOUNT.




$$
