000
CDUS46 KHNX 220832
CLIMCE


CLIMATE REPORT
NATIONAL WEATHER SERVICE SAN JOAQUIN VALLEY, CA
129 AM PDT MON MAY 22 2017


...................................

...THE MERCED  CA CLIMATE SUMMARY FOR MAY 21 2017...

CLIMATE NORMAL PERIOD 1981 TO 2010
CLIMATE RECORD PERIOD 1998 TO 2017


WEATHER ITEM   OBSERVED TIME   RECORD YEAR NORMAL DEPARTURE
                VALUE   (LST)  VALUE       VALUE  FROM
                                                  NORMAL
...............................................................
TEMPERATURE (F)
 YESTERDAY
  MAXIMUM         97    343 PM  98    2001  84     13
  MINIMUM         58    524 AM  46    2016  53      5
                                      2002
  AVERAGE         78                        68     10

PRECIPITATION (IN)
  YESTERDAY        0.00          1.00 2006   0.01  -0.01
  MONTH TO DATE    0.00                      0.49  -0.49
  SINCE OCT 1     15.79                     11.97   3.82
  SINCE JAN 1     11.56                      8.46   3.10

SNOWFALL (IN)
  YESTERDAY        0.0
  MONTH TO DATE    0.0
  SINCE MAR 1      0.0
  SINCE JUL 1      0.0
  SNOW DEPTH       0

DEGREE DAYS
 HEATING
  YESTERDAY        0
  MONTH TO DATE   36
  SINCE MAR 1    499
  SINCE JUL 1   2369

 COOLING
  YESTERDAY       13
  MONTH TO DATE   83
  SINCE MAR 1     83
  SINCE JAN 1     83
...............................................................


WIND (MPH)
  HIGHEST WIND SPEED    13   HIGHEST WIND DIRECTION     N (360)
  HIGHEST GUST SPEED    21   HIGHEST GUST DIRECTION     N (20)
  AVERAGE WIND SPEED     4.6




RELATIVE HUMIDITY (PERCENT)
 HIGHEST    78
 LOWEST     12
 AVERAGE    45

..........................................................


THE MERCED  CA CLIMATE NORMALS FOR TODAY
                         NORMAL    RECORD    YEAR
 MAXIMUM TEMPERATURE (F)   84       100      2000
 MINIMUM TEMPERATURE (F)   53        40      2010


SUNRISE AND SUNSET
MAY 22 2017...........SUNRISE   548 AM PDT   SUNSET   810 PM PDT
MAY 23 2017...........SUNRISE   548 AM PDT   SUNSET   811 PM PDT


-  INDICATES NEGATIVE NUMBERS.
R  INDICATES RECORD WAS SET OR TIED.
MM INDICATES DATA IS MISSING.
T  INDICATES TRACE AMOUNT.




$$
