956
CDAK49 PAFG 280939
CLIMCG

CLIMATE REPORT
NATIONAL WEATHER SERVICE FAIRBANKS AK
139 AM AKDT FRI APR 28 2017


...................................

...THE MCGRATH AK CLIMATE SUMMARY FOR APRIL 27 2017...

CLIMATE NORMAL PERIOD 1981 TO 2010
CLIMATE RECORD PERIOD 1946 TO 2017


WEATHER ITEM   OBSERVED TIME   RECORD YEAR NORMAL DEPARTURE LAST
                VALUE   (LST)  VALUE       VALUE  FROM      YEAR
                                                  NORMAL
..................................................................
TEMPERATURE (F)
 YESTERDAY
  MAXIMUM         55    554 PM  66    1958  48      7       55
  MINIMUM         30    555 AM   4    1955  27      3       39
  AVERAGE         43                        38      5       47

PRECIPITATION (IN)
  YESTERDAY        0.00          0.53 2004   0.03  -0.03     0.00
  MONTH TO DATE    0.19                      0.66  -0.47     0.37
  SINCE MAR 1      0.19                      1.47  -1.28     1.38
  SINCE JAN 1      1.39                      3.50  -2.11     1.44

SNOWFALL (IN)
  YESTERDAY        0.0           1.7  1970   0.1   -0.1      0.0
  MONTH TO DATE    2.6                       4.8   -2.2      0.0
  SINCE MAR 1      2.6                      16.1  -13.5      0.0
  SINCE JUL 1     51.3                      96.1  -44.8      0.0
  SNOW DEPTH       0

DEGREE DAYS
 HEATING
  YESTERDAY       22                        27     -5       18
  MONTH TO DATE  779                       982   -203      711
  SINCE MAR 1   2702                      2637     65     2184
  SINCE JUL 1  12460                     12869   -409     3152

 COOLING
  YESTERDAY        0                         0      0        0
  MONTH TO DATE    0                         0      0        0
  SINCE MAR 1      0                         0      0        0
  SINCE JAN 1      0                         0      0        0
..................................................................


WIND (MPH)
  HIGHEST GUST SPEED    14   HIGHEST GUST DIRECTION     S (200)


SKY COVER
  AVERAGE SKY COVER 0.5


WEATHER CONDITIONS
 THE FOLLOWING WEATHER WAS RECORDED YESTERDAY.
  NO SIGNIFICANT WEATHER WAS OBSERVED.


RELATIVE HUMIDITY (PERCENT)
 HIGHEST    92
 LOWEST     32
 AVERAGE    62

..........................................................


THE MCGRATH AK CLIMATE NORMALS FOR TODAY
                         NORMAL    RECORD    YEAR
 MAXIMUM TEMPERATURE (F)   49        67      1958
 MINIMUM TEMPERATURE (F)   28        -2      1949


SUNRISE AND SUNSET
APRIL 28 2017.........SUNRISE   611 AM AKDT  SUNSET  1031 PM AKDT
APRIL 29 2017.........SUNRISE   608 AM AKDT  SUNSET  1034 PM AKDT

-  INDICATES NEGATIVE NUMBERS.
R  INDICATES RECORD WAS SET OR TIED.
MM INDICATES DATA IS MISSING.
T  INDICATES TRACE AMOUNT.

&&

SNOW DEPTH IS MEASURED AT 3AM AKST/4AM AKDT.

----------------------------
AVAILABLE DAYLIGHT

AMOUNT OF DAYLIGHT TODAY  (HOUR:MIN)........16:20
GAIN/LOSS SINCE YESTERDAY (HOUR:MIN:SEC)....+0:06:11

$$
SDB APR 17
