334
CDAK49 PAFG 260957
CLIMCG

CLIMATE REPORT
NATIONAL WEATHER SERVICE FAIRBANKS AK
157 AM AKDT MON JUN 26 2017


...................................

...THE MCGRATH AK CLIMATE SUMMARY FOR JUNE 25 2017...

CLIMATE NORMAL PERIOD 1981 TO 2010
CLIMATE RECORD PERIOD 1946 TO 2017


WEATHER ITEM   OBSERVED TIME   RECORD YEAR NORMAL DEPARTURE LAST
                VALUE   (LST)  VALUE       VALUE  FROM      YEAR
                                                  NORMAL
..................................................................
TEMPERATURE (F)
 YESTERDAY
  MAXIMUM         76    545 PM  87    1971  71      5       74
  MINIMUM         49    511 AM  36    1954  50     -1       57
                                      1951
  AVERAGE         63                        60      3       66

PRECIPITATION (IN)
  YESTERDAY        0.00          0.43 1967   0.05  -0.05     0.02
  MONTH TO DATE    1.12                      1.22  -0.10     2.12
  SINCE JUN 1      1.12                      1.22  -0.10     2.12
  SINCE JAN 1      4.11                      5.89  -1.78     4.77

SNOWFALL (IN)
  YESTERDAY        0.0           0.0    MM   0.0    0.0      0.0
  MONTH TO DATE    T                         0.0    0.0      0.0
  SINCE JUN 1      T                         0.0    0.0      0.0
  SINCE JUL 1     51.3                      97.3  -46.0      0.0
  SNOW DEPTH       0

DEGREE DAYS
 HEATING
  YESTERDAY        2                         5     -3        0
  MONTH TO DATE  134                       209    -75      185
  SINCE JUN 1    134                       209    -75      185
  SINCE JUL 1  13163                     13722   -559     3835

 COOLING
  YESTERDAY        0                         0      0        1
  MONTH TO DATE    1                         0      1        3
  SINCE JUN 1      1                         0      1        3
  SINCE JAN 1      1                         0      1        3
..................................................................


WIND (MPH)
  HIGHEST GUST SPEED    16   HIGHEST GUST DIRECTION    NW (310)


SKY COVER
  AVERAGE SKY COVER 0.4


WEATHER CONDITIONS
 THE FOLLOWING WEATHER WAS RECORDED YESTERDAY.
  NO SIGNIFICANT WEATHER WAS OBSERVED.


RELATIVE HUMIDITY (PERCENT)
 HIGHEST    93
 LOWEST     31
 AVERAGE    62

..........................................................


THE MCGRATH AK CLIMATE NORMALS FOR TODAY
                         NORMAL    RECORD    YEAR
 MAXIMUM TEMPERATURE (F)   71        83      2013
                                             1951
 MINIMUM TEMPERATURE (F)   50        34      1941


SUNRISE AND SUNSET
JUNE 26 2017..........SUNRISE   419 AM AKDT  SUNSET  1232 AM AKDT
JUNE 27 2017..........SUNRISE   420 AM AKDT  SUNSET  1231 AM AKDT

-  INDICATES NEGATIVE NUMBERS.
R  INDICATES RECORD WAS SET OR TIED.
MM INDICATES DATA IS MISSING.
T  INDICATES TRACE AMOUNT.

&&

SNOW DEPTH IS MEASURED AT 3AM AKST/4AM AKDT.

----------------------------
AVAILABLE DAYLIGHT

AMOUNT OF DAYLIGHT TODAY  (HOUR:MIN)........20:13
GAIN/LOSS SINCE YESTERDAY (HOUR:MIN:SEC)....-0:01:17

$$
NTS JUN 17
