000
CDAK49 PAMC 012334
CLIMCG

CLIMATE REPORT
NATIONAL WEATHER SERVICE MCGRATH, AK
334 PM AKDT SUN MAY 1 2016

...................................
...THE MCGRATH AIRPORT CLIMATE SUMMARY FOR MAY 1 2016...
VALID TODAY AS OF 2:00 PM LOCAL TIME

CLIMATE NORMAL PERIOD  1981 TO  2010
CLIMATE RECORD PERIOD  1940 TO  2016

WEATHER ITEM   OBSERVED TIME    RECORD YEAR NORMAL DEPARTURE LAST
               VALUE    (LST)   VALUE       VALUE  FROM      YEAR
                                                   NORMAL
...................................................................
TEMPERATURE
TODAY
 MAXIMUM            59  0159 PM    67  2014     50       9     54
 MINIMUM            34  0612 AM     1  1945     30       4     35
 AVERAGE            47                          40       7     45

PRECIPITATION
(INCHES)
 TODAY            0.00           0.31  2011   0.03   -0.03   0.04
 MONTH TO DATE    0.00                        0.03   -0.03   0.04
 SINCE MAR 1      1.44                        1.58   -0.14   0.56
 SINCE JAN 1      1.64                        3.61   -1.97   1.00

SNOWFALL
(INCHES)
 TODAY             0.0            2.1  2001    0.1    -0.1    0.0
 MONTH TO DATE     0.0                         0.1    -0.1    0.0
 SINCE MAR 1      14.9                        16.5    -1.6    8.5
 SINCE JUL 1      79.0                        96.5   -17.5   41.6
 SNOW DEPTH (IN)     0                                          0

DEGREE DAYS
 HEATING
  TODAY             18                          25      -7     20
  MONTH TO DATE     18                          25      -7     20
  SINCE MAR 1     2265                        2741    -476   2354
  SINCE JUL 1    11709                       12979   -1270  11439

 COOLING
  TODAY              0                           0       0      0
  MONTH TO DATE      0                           0       0      0
  SINCE MAR 1        0                           0       0      0
  SINCE JAN 1        0                           0       0      0
...................................................................

WIND (MPH)
 HIGHEST WIND SPEED    10     HIGHEST WIND DIRECTION    170
 HIGHEST GUST SPEED    15     HIGHEST GUST DIRECTION    160
 AVERAGE WIND SPEED    MM

WEATHER CONDITIONS
 THE FOLLOWING WEATHER WAS RECORDED TODAY.
 NO SIGNIFICANT WEATHER WAS OBSERVED.

...................................................................

THE MCGRATH CLIMATE NORMALS FOR TOMORROW
                        NORMAL    RECORD   YEAR
 MAXIMUM TEMPERATURE      51        71     2014
 MINIMUM TEMPERATURE      30        -2     1945

SUNRISE AND SUNSET
 MAY 1 2016..........SUNRISE  6:01 AM      SUNSET 10:41 PM
 MAY 2 2016..........SUNRISE  5:58 AM      SUNSET 10:44 PM

-  INDICATES NEGATIVE NUMBERS.
R  INDICATES RECORD HAS BEEN SET OR TIED.
MM INDICATES DATA IS MISSING.
T  INDICATES TRACE OF PRECIPITATION.

&&
-------------------------------------------------------------------

AMOUNT OF DAYLIGHT TODAY  (HOUR:MIN)........16 HOURS 40 MINUTES
GAIN SINCE YESTERDAY (HOUR:MIN:SEC)....+0:06:10

$$
SBY MAY 16
