000
CDAK49 PAMC 271110
CLIMCG

CLIMATE REPORT
NATIONAL WEATHER SERVICE MCGRATH, AK
210 AM AKST FRI FEB 27 2015

...................................
...THE MCGRATH AIRPORT CLIMATE SUMMARY FOR FEBRUARY 26 2015...

CLIMATE NORMAL PERIOD  1981 TO  2010
CLIMATE RECORD PERIOD  1940 TO  2015

WEATHER ITEM   OBSERVED TIME    RECORD YEAR NORMAL DEPARTURE LAST
               VALUE    (LST)   VALUE       VALUE  FROM      YEAR
                                                   NORMAL
...................................................................
TEMPERATURE
YESTERDAY
 MAXIMUM            29  0524 PM    44  1991     18      11     32
 MINIMUM             4  1251 AM   -47  1954     -7      11     11
 AVERAGE            17                           6      11     22

PRECIPITATION
(INCHES)
 YESTERDAY        0.00           0.43  2012   0.04   -0.04   0.00
 MONTH TO DATE    0.12                        0.88   -0.76   0.09
 SINCE DEC 1      1.79                        3.26   -1.47   3.14
 SINCE JAN 1      0.39                        1.97   -1.58   1.69

SNOWFALL
(INCHES)
 YESTERDAY         0.0            4.1  1985    0.5    -0.5    0.0
 MONTH TO DATE     1.1                        12.2   -11.1    0.8
 SINCE DEC 1      22.7                        48.1   -25.4   33.1
 SINCE JUL 1      32.4                        79.1   -46.7   46.0
 SNOW DEPTH (IN)    12                                         16

DEGREE DAYS
 HEATING
  YESTERDAY         48                          60     -12     43
  MONTH TO DATE   1490                        1661    -171   1655
  SINCE DEC 1     5330                        5988    -658   5276
  SINCE JUL 1     8975                       10120   -1145   8749

 COOLING
  YESTERDAY          0                           0       0      0
  MONTH TO DATE      0                           0       0      0
  SINCE DEC 1        0                           0       0      0
  SINCE JAN 1        0                           0       0      0
...................................................................

WIND (MPH)
 HIGHEST WIND SPEED     7     HIGHEST WIND DIRECTION    150
 HIGHEST GUST SPEED     8     HIGHEST GUST DIRECTION    150
 AVERAGE WIND SPEED   1.3

WEATHER CONDITIONS
 THE FOLLOWING WEATHER WAS RECORDED YESTERDAY.
 NO SIGNIFICANT WEATHER WAS OBSERVED.
...................................................................

THE MCGRATH CLIMATE NORMALS FOR TODAY
                           NORMAL    RECORD   YEAR
 MAXIMUM TEMPERATURE (F)     18        43     1969
 MINIMUM TEMPERATURE (F)     -7       -43     1986

SUNRISE AND SUNSET
 FEB 27 2015..........SUNRISE  8:34 AM      SUNSET  6:38 PM
 FEB 28 2015..........SUNRISE  8:31 AM      SUNSET  6:41 PM

-  INDICATES NEGATIVE NUMBERS.
R  INDICATES RECORD HAS BEEN SET OR TIED.
MM INDICATES DATA IS MISSING.
T  INDICATES TRACE OF PRECIPITATION.

&&
-------------------------------------------------------------------

AMOUNT OF DAYLIGHT TODAY  (HOUR:MIN)........10 HOURS 4 MINUTES
GAIN SINCE YESTERDAY (HOUR:MIN:SEC)....+0:06:12

$$
ADJ FEB 15
