000
CDAK49 PAMC 040954
CLIMCG

CLIMATE REPORT
NATIONAL WEATHER SERVICE MCGRATH, AK
154 AM AKDT SAT JUL 4 2015

...................................
...THE MCGRATH AIRPORT CLIMATE SUMMARY FOR JULY 3 2015...

CLIMATE NORMAL PERIOD  1981 TO  2010
CLIMATE RECORD PERIOD  1940 TO  2015

WEATHER ITEM   OBSERVED TIME    RECORD YEAR NORMAL DEPARTURE LAST
               VALUE    (LST)   VALUE       VALUE  FROM      YEAR
                                                   NORMAL
...................................................................
TEMPERATURE
YESTERDAY
 MAXIMUM            61  0743 PM    87  1986     71     -10     76
 MINIMUM            51  0444 AM    39  1961     51       0     54
 AVERAGE            56                          61      -5     65

PRECIPITATION
(INCHES)
 YESTERDAY        0.10           0.72  2007   0.07    0.03      T
 MONTH TO DATE    0.12                        0.20   -0.08      T
 SINCE JUN 1      1.20                        1.72   -0.52   1.52
 SINCE JAN 1      2.54                        6.39   -3.85   4.25

SNOWFALL
(INCHES)
 YESTERDAY         0.0              T  2007    0.0     0.0    0.0
 MONTH TO DATE     0.0                         0.0     0.0    0.0
 SINCE JUN 1       0.0                         0.0     0.0    0.0
 SINCE JUL 1       0.0                         0.0     0.0    0.0
 SNOW DEPTH (IN)     0                                          0

DEGREE DAYS
 HEATING
  YESTERDAY          9                           5       4      0
  MONTH TO DATE     24                          15       9     12
  SINCE JUN 1      217                         249     -32    317
  SINCE JUL 1       24                          15       9     12

 COOLING
  YESTERDAY          0                           1      -1      0
  MONTH TO DATE      0                           3      -3      0
  SINCE JUN 1       26                           8      18      0
  SINCE JAN 1       26                           8      18      0
...................................................................

WIND (MPH)
 HIGHEST WIND SPEED    10     HIGHEST WIND DIRECTION     90
 HIGHEST GUST SPEED    13     HIGHEST GUST DIRECTION    280
 AVERAGE WIND SPEED   2.9

WEATHER CONDITIONS
 THE FOLLOWING WEATHER WAS RECORDED YESTERDAY.
 FOG
 RAIN
...................................................................

THE MCGRATH CLIMATE NORMALS FOR TODAY
                           NORMAL    RECORD   YEAR
 MAXIMUM TEMPERATURE (F)     71        86     1997
 MINIMUM TEMPERATURE (F)     51        38     1954

SUNRISE AND SUNSET
 JUL 4 2015..........SUNRISE  4:29 AM      SUNSET 12:24 AM
 JUL 5 2015..........SUNRISE  4:31 AM      SUNSET 12:23 AM

-  INDICATES NEGATIVE NUMBERS.
R  INDICATES RECORD HAS BEEN SET OR TIED.
MM INDICATES DATA IS MISSING.
T  INDICATES TRACE OF PRECIPITATION.

&&
-------------------------------------------------------------------

AMOUNT OF DAYLIGHT TODAY  (HOUR:MIN)........19 HOURS 55 MINUTES
LOSS SINCE YESTERDAY (HOUR:MIN:SEC)....-0:03:04

$$
ADJ JUL 15
