000
CDAK49 PAMC 302325
CLIMCG

CLIMATE REPORT
NATIONAL WEATHER SERVICE MCGRATH, AK
325 PM AKDT SAT AUG 30 2014

...................................
...THE MCGRATH AIRPORT CLIMATE SUMMARY FOR AUGUST 30 2014...
VALID TODAY AS OF 2:00 PM LOCAL TIME

CLIMATE NORMAL PERIOD  1981 TO  2010
CLIMATE RECORD PERIOD  1940 TO  2014

WEATHER ITEM   OBSERVED TIME    RECORD YEAR NORMAL DEPARTURE LAST
               VALUE    (LST)   VALUE       VALUE  FROM      YEAR
                                                   NORMAL
...................................................................
TEMPERATURE
TODAY
 MAXIMUM            54  0224 PM    76  1977     60      -6     56
 MINIMUM            32  0625 AM    28  1994     42     -10     43
 AVERAGE            43                          51      -8     50

PRECIPITATION
(INCHES)
 TODAY            0.00           1.18  1942   0.08   -0.08   0.00
 MONTH TO DATE    1.73                        2.71   -0.98   2.46
 SINCE JUN 1      5.83                        6.61   -0.78   5.24
 SINCE JAN 1      8.56                       11.28   -2.72   9.10

SNOWFALL
(INCHES)
 TODAY             0.0            0.0  2014    0.0     0.0    0.0
 MONTH TO DATE     0.0                         0.0     0.0    0.0
 SINCE JUN 1       0.0                         0.0     0.0    0.0
 SINCE JUL 1       0.0                         0.0     0.0    0.0
 SNOW DEPTH (IN)     0                                          0

DEGREE DAYS
 HEATING
  TODAY             22                          14       8     15
  MONTH TO DATE    217                         311     -94    234
  SINCE JUN 1      709                         717      -8    534
  SINCE JUL 1      404                         483     -79    399

 COOLING
  TODAY              0                           0       0      0
  MONTH TO DATE      0                           0       0      3
  SINCE JUN 1       11                          16      -5     69
  SINCE JAN 1       11                          16      -5     78
...................................................................

WIND (MPH)
 HIGHEST WIND SPEED    13     HIGHEST WIND DIRECTION     60
 HIGHEST GUST SPEED    16     HIGHEST GUST DIRECTION     40
 AVERAGE WIND SPEED    MM

WEATHER CONDITIONS
 THE FOLLOWING WEATHER WAS RECORDED TODAY.
 NO SIGNIFICANT WEATHER WAS OBSERVED.
...................................................................

THE MCGRATH CLIMATE NORMALS FOR TOMORROW
                        NORMAL    RECORD   YEAR
 MAXIMUM TEMPERATURE      60        70     1978
 MINIMUM TEMPERATURE      42        29     1962

SUNRISE AND SUNSET
 AUG 30 2014..........SUNRISE  7:04 AM      SUNSET  9:41 PM
 AUG 31 2014..........SUNRISE  7:07 AM      SUNSET  9:37 PM

-  INDICATES NEGATIVE NUMBERS.
R  INDICATES RECORD HAS BEEN SET OR TIED.
MM INDICATES DATA IS MISSING.
T  INDICATES TRACE OF PRECIPITATION.

&&
-------------------------------------------------------------------

AMOUNT OF DAYLIGHT TODAY  (HOUR:MIN)........14 HOURS 37 MINUTES
LOSS SINCE YESTERDAY (HOUR:MIN:SEC)....-0:06:08

$$
ADJ AUG 14
