000
CDAK49 PAMC 291206
CLIMCG

CLIMATE REPORT
NATIONAL WEATHER SERVICE MCGRATH, AK
306 AM AKST THU JAN 29 2015

...................................
...THE MCGRATH AIRPORT CLIMATE SUMMARY FOR JANUARY 28 2015...

CLIMATE NORMAL PERIOD  1981 TO  2010
CLIMATE RECORD PERIOD  1940 TO  2015

WEATHER ITEM   OBSERVED TIME    RECORD YEAR NORMAL DEPARTURE LAST
               VALUE    (LST)   VALUE       VALUE  FROM      YEAR
                                                   NORMAL
...................................................................
TEMPERATURE
YESTERDAY
 MAXIMUM           -15  0155 PM    52  1945      4     -19     35
 MINIMUM           -34  1035 AM   -58  1989    -14     -20     16
 AVERAGE           -25                          -5     -20     26

PRECIPITATION
(INCHES)
 YESTERDAY        0.00           0.35  1973   0.03   -0.03   0.01
 MONTH TO DATE    0.27                        0.99   -0.72   1.56
 SINCE DEC 1      1.67                        2.28   -0.61   3.01
 SINCE JAN 1      0.27                        0.99   -0.72   1.56

SNOWFALL
(INCHES)
 YESTERDAY         0.0            5.4  2008    0.5    -0.5    0.0
 MONTH TO DATE     5.7                        14.3    -8.6   14.4
 SINCE DEC 1      21.4                        34.5   -13.1   31.8
 SINCE JUL 1      31.1                        65.5   -34.4   44.7
 SNOW DEPTH (IN)    13                                         16

DEGREE DAYS
 HEATING
  YESTERDAY         90                          70      20     39
  MONTH TO DATE   1914                        2005     -91   1440
  SINCE DEC 1     3579                        4119    -540   3477
  SINCE JUL 1     7224                        8251   -1027   6943

 COOLING
  YESTERDAY          0                           0       0      0
  MONTH TO DATE      0                           0       0      0
  SINCE DEC 1        0                           0       0      0
  SINCE JAN 1        0                           0       0      0
...................................................................

WIND (MPH)
 HIGHEST WIND SPEED     5     HIGHEST WIND DIRECTION    260
 HIGHEST GUST SPEED     6     HIGHEST GUST DIRECTION    320
 AVERAGE WIND SPEED   0.6

WEATHER CONDITIONS
 THE FOLLOWING WEATHER WAS RECORDED YESTERDAY.
 NO SIGNIFICANT WEATHER WAS OBSERVED.

...................................................................

THE MCGRATH CLIMATE NORMALS FOR TODAY
                           NORMAL    RECORD   YEAR
 MAXIMUM TEMPERATURE (F)      5        45     1945
 MINIMUM TEMPERATURE (F)    -14       -64     1989

SUNRISE AND SUNSET
 JAN 29 2015..........SUNRISE 10:03 AM      SUNSET  5:10 PM
 JAN 30 2015..........SUNRISE 10:00 AM      SUNSET  5:13 PM

-  INDICATES NEGATIVE NUMBERS.
R  INDICATES RECORD HAS BEEN SET OR TIED.
MM INDICATES DATA IS MISSING.
T  INDICATES TRACE OF PRECIPITATION.

&&
-------------------------------------------------------------------

AMOUNT OF DAYLIGHT TODAY  (HOUR:MIN)........7 HOURS 7 MINUTES
GAIN SINCE YESTERDAY (HOUR:MIN:SEC)....+0:05:47

$$
JCD JAN 15
