000
CDAK49 PAFG 280042
CLIMCG

CLIMATE REPORT
NATIONAL WEATHER SERVICE FAIRBANKS AK
442 PM AKDT TUE SEP 27 2016


...................................

...THE MCGRATH AK CLIMATE SUMMARY FOR SEPTEMBER 27 2016...
VALID TODAY AS OF 0400 PM LOCAL TIME.

CLIMATE NORMAL PERIOD 1981 TO 2010
CLIMATE RECORD PERIOD 1946 TO 2016


WEATHER ITEM   OBSERVED TIME   RECORD YEAR NORMAL DEPARTURE LAST
                VALUE   (LST)  VALUE       VALUE  FROM      YEAR
                                                  NORMAL
..................................................................
TEMPERATURE (F)
 TODAY
  MAXIMUM         49    258 PM  67    1966  47      2       MM
  MINIMUM         30    747 AM   4    1992  31     -1       MM
  AVERAGE         40                        39      1       MM

PRECIPITATION (IN)
  TODAY            T             0.97 2015   0.08  -0.08    MM
  MONTH TO DATE    5.08                      2.26   2.82    MM
  SINCE SEP 1      5.08                      2.26   2.82    MM
  SINCE JAN 1     17.91                     13.63   4.28    MM

SNOWFALL (IN)
  TODAY            0.0           1.4  1981   0.1   -0.1     MM
  MONTH TO DATE    0.0                       1.1   -1.1     MM
  SINCE SEP 1      0.0                       1.1   -1.1     MM
  SINCE JUL 1      0.0                       1.1   -1.1     MM
  SNOW DEPTH       0

DEGREE DAYS
 HEATING
  TODAY           25                        26     -1       MM
  MONTH TO DATE  477                       530    -53       MM
  SINCE SEP 1    477                       530    -53       MM
  SINCE JUL 1    753                      1021   -268       MM

 COOLING
  TODAY            0                         0      0       MM
  MONTH TO DATE    0                         0      0       MM
  SINCE SEP 1      0                         0      0       MM
  SINCE JAN 1     29                        20      9       MM
..................................................................


WIND (MPH)
  HIGHEST GUST SPEED    19   HIGHEST GUST DIRECTION    SW (220)


SKY COVER
  AVERAGE SKY COVER 0.7


WEATHER CONDITIONS
 THE FOLLOWING WEATHER WAS RECORDED TODAY.
  LIGHT RAIN
  FOG
  FOG W/VISIBILITY <= 1/4 MILE


RELATIVE HUMIDITY (PERCENT)
 HIGHEST    96
 LOWEST     53
 AVERAGE    75

..........................................................


THE MCGRATH AK CLIMATE NORMALS FOR TOMORROW
                         NORMAL    RECORD    YEAR
 MAXIMUM TEMPERATURE (F)   46        61      1984
 MINIMUM TEMPERATURE (F)   30        15      1992
                                             1946


SUNRISE AND SUNSET
SEPTEMBER 27 2016.....SUNRISE   822 AM AKDT  SUNSET   804 PM AKDT
SEPTEMBER 28 2016.....SUNRISE   825 AM AKDT  SUNSET   800 PM AKDT

-  INDICATES NEGATIVE NUMBERS.
R  INDICATES RECORD WAS SET OR TIED.
MM INDICATES DATA IS MISSING.
T  INDICATES TRACE AMOUNT.

&&

SNOW DEPTH IS MEASURED AT 3AM AKST/4AM AKDT.

----------------------------
AVAILABLE DAYLIGHT

AMOUNT OF DAYLIGHT TODAY  (HOUR:MIN)........11:42
GAIN/LOSS SINCE YESTERDAY (HOUR:MIN:SEC)....-0:06:05

$$
CLE SEP 16
