105
CDAK49 PAMC 270907
CLIMCG

CLIMATE REPORT
NATIONAL WEATHER SERVICE MCGRATH, AK
107 AM AKDT SAT AUG 27 2016

...................................
...THE MCGRATH AIRPORT CLIMATE SUMMARY FOR AUGUST 26 2016...

CLIMATE NORMAL PERIOD  1981 TO  2010
CLIMATE RECORD PERIOD  1940 TO  2016

WEATHER ITEM   OBSERVED TIME    RECORD YEAR NORMAL DEPARTURE LAST
               VALUE    (LST)   VALUE       VALUE  FROM      YEAR
                                                   NORMAL
...................................................................
TEMPERATURE
YESTERDAY
 MAXIMUM            66  0354 PM    80  1941     61       5     58
 MINIMUM            46  0635 AM    28  2009     43       3     51
 AVERAGE            56                          52       4     55

PRECIPITATION
(INCHES)
 YESTERDAY        0.00           1.41  1955   0.09   -0.09   0.16
 MONTH TO DATE    3.77                        2.36    1.41   2.64
 SINCE JUN 1     10.38                        6.26    4.12   7.58
 SINCE JAN 1     13.19                       10.93    2.26   8.92

SNOWFALL
(INCHES)
 YESTERDAY         0.0            0.9  1998    0.0     0.0    0.0
 MONTH TO DATE     0.0                         0.0     0.0    0.0
 SINCE JUN 1       0.0                         0.0     0.0    0.0
 SINCE JUL 1       0.0                         0.0     0.0    0.0
 SNOW DEPTH (IN)     0                                          0

DEGREE DAYS
 HEATING
  YESTERDAY          9                          13      -4     10
  MONTH TO DATE    140                         258    -118    223
  SINCE JUN 1      465                         664    -199   1186
  SINCE JUL 1      275                         430    -155     MM

 COOLING
  YESTERDAY          0                           0       0      0
  MONTH TO DATE      0                           0       0      5
  SINCE JUN 1       28                          16      12     31
  SINCE JAN 1       28                          16      12     MM
...................................................................

WIND (MPH)
 HIGHEST WIND SPEED     9     HIGHEST WIND DIRECTION    360
 HIGHEST GUST SPEED    12     HIGHEST GUST DIRECTION    340
 AVERAGE WIND SPEED   2.1

WEATHER CONDITIONS
 THE FOLLOWING WEATHER WAS RECORDED YESTERDAY.
 FOG
...................................................................

THE MCGRATH CLIMATE NORMALS FOR TODAY
                           NORMAL    RECORD   YEAR
 MAXIMUM TEMPERATURE (F)     61        80     1981
 MINIMUM TEMPERATURE (F)     43        30     1996

SUNRISE AND SUNSET
 AUG 27 2016..........SUNRISE  6:58 AM      SUNSET  9:49 PM
 AUG 28 2016..........SUNRISE  7:00 AM      SUNSET  9:46 PM

-  INDICATES NEGATIVE NUMBERS.
R  INDICATES RECORD HAS BEEN SET OR TIED.
MM INDICATES DATA IS MISSING.
T  INDICATES TRACE OF PRECIPITATION.

&&
-------------------------------------------------------------------

AMOUNT OF DAYLIGHT TODAY  (HOUR:MIN)........14 HOURS 51 MINUTES
LOSS SINCE YESTERDAY (HOUR:MIN:SEC)....-0:06:08

$$
ADJ AUG 16
