000
CDUS43 KEAX 250632
CLIMCI

CLIMATE REPORT
NATIONAL WEATHER SERVICE KANSAS CITY/PLEASANT HILL MO
1232 AM CST SUN FEB 25 2018


...................................

...THE KANSAS CITY INTERNATIONAL MO CLIMATE SUMMARY FOR FEBRUARY 24 2018...

CLIMATE NORMAL PERIOD 1981 TO 2010
CLIMATE RECORD PERIOD 1888 TO 2018


WEATHER ITEM   OBSERVED TIME   RECORD YEAR NORMAL DEPARTURE LAST
                VALUE   (LST)  VALUE       VALUE  FROM      YEAR
                                                  NORMAL
..................................................................
TEMPERATURE (F)
 YESTERDAY
  MAXIMUM         40    151 PM  81    1930  47     -7       47
  MINIMUM         31   1159 PM   2    2010  27      4       24
                                      2003
  AVERAGE         36                        37     -1       36

PRECIPITATION (IN)
  YESTERDAY        0.20          1.17 1892   0.06   0.14      T
  MONTH TO DATE    1.32                      1.23   0.09     0.06
  SINCE DEC 1      2.64                      3.83  -1.19     2.64
  SINCE JAN 1      2.45                      2.30   0.15     1.45

SNOWFALL (IN)
  YESTERDAY        0.0           6.2  2011   0.1   -0.1       T
  MONTH TO DATE    0.9                       4.8   -3.9       T
  SINCE DEC 1      5.8                      14.2   -8.4      4.5
  SINCE JUL 1      5.8                      15.6   -9.8      4.5
  SNOW DEPTH       0

DEGREE DAYS
 HEATING
  YESTERDAY       29                        28      1       29
  MONTH TO DATE  839                       772     67      505
  SINCE DEC 1   2976                      2934     42     2583
  SINCE JUL 1   3856                      3936    -80     3167

 COOLING
  YESTERDAY        0                         0      0        0
  MONTH TO DATE    0                         0      0        0
  SINCE DEC 1      0                         0      0        0
  SINCE JAN 1      0                         0      0        0
..................................................................


WIND (MPH)
  HIGHEST WIND SPEED    22   HIGHEST WIND DIRECTION     W (280)
  HIGHEST GUST SPEED    27   HIGHEST GUST DIRECTION     W (280)
  AVERAGE WIND SPEED    11.2


SKY COVER
  POSSIBLE SUNSHINE  MM
  AVERAGE SKY COVER 0.8


WEATHER CONDITIONS
 THE FOLLOWING WEATHER WAS RECORDED YESTERDAY.
  LIGHT RAIN
  FOG
  FOG W/VISIBILITY <= 1/4 MILE


RELATIVE HUMIDITY (PERCENT)
 HIGHEST   100           900 AM
 LOWEST     82           800 PM
 AVERAGE    91

..........................................................


THE KANSAS CITY INTERNATIONAL MO CLIMATE NORMALS FOR TODAY
                         NORMAL    RECORD    YEAR
 MAXIMUM TEMPERATURE (F)   47        77      1995
 MINIMUM TEMPERATURE (F)   27         0      2003


SUNRISE AND SUNSET
FEBRUARY 25 2018......SUNRISE   657 AM CST   SUNSET   607 PM CST
FEBRUARY 26 2018......SUNRISE   656 AM CST   SUNSET   608 PM CST


-  INDICATES NEGATIVE NUMBERS.
R  INDICATES RECORD WAS SET OR TIED.
MM INDICATES DATA IS MISSING.
T  INDICATES TRACE AMOUNT.


&&

...MISCELLANEOUS CLIMATE DATA FROM YESTERDAY...

LOCATION                HIGH    LOW      PRECIP
ST. JOSEPH               37      30       0.09
DOWNTOWN KANSAS CITY     43      34       0.06
OLATHE NEW CENTURY       41      29       0.09
OLATHE JO CO EXEC        41      30       0.07
LEES SUMMIT              43      31       0.12
KIRKSVILLE               41      31       0.38
CHILLICOTHE              41      32       0.32
SEDALIA                  51      35       0.60
NWS PLEASANT HILL MO     45      31       0.15


THIS PRODUCT...ALONG WITH OTHER WEATHER...HYDROLOGICAL AND CLIMATE
INFORMATION...IS AVAILABLE ON THE WEB AT HTTP://WWW.WEATHER.GOV/EAX
OR AT HTTP://WEATHER.GOV

$$

JW
