000
CDUS43 KEAX 020635
CLIMCI

CLIMATE REPORT
NATIONAL WEATHER SERVICE KANSAS CITY/PLEASANT HILL MO
133 AM CDT MON MAY 2 2016


...................................

...THE KANSAS CITY INTERNATIONAL MO CLIMATE SUMMARY FOR MAY 1 2016...

CLIMATE NORMAL PERIOD 1981 TO 2010
CLIMATE RECORD PERIOD 1888 TO 2016


WEATHER ITEM   OBSERVED TIME   RECORD YEAR NORMAL DEPARTURE LAST
                VALUE   (LST)  VALUE       VALUE  FROM      YEAR
                                                  NORMAL
..................................................................
TEMPERATURE (F)
 YESTERDAY
  MAXIMUM         61   1131 AM  90    1959  70     -9       74
  MINIMUM         48   1159 PM  29    1909  50     -2       45
  AVERAGE         55                        60     -5       60

PRECIPITATION (IN)
  YESTERDAY        T             2.37 1898   0.16  -0.16      T
  MONTH TO DATE    T                         0.16  -0.16      T
  SINCE MAR 1      9.87                      6.23   3.64     4.17
  SINCE JAN 1     11.03                      8.76   2.27     6.35

SNOWFALL (IN)
  YESTERDAY        0.0           T    1909   0.0    0.0      0.0
  MONTH TO DATE    0.0                       0.0    0.0      0.0
  SINCE MAR 1      0.6                       2.6   -2.0       T
  SINCE JUL 1      5.9                      18.8  -12.9     14.2
  SNOW DEPTH       0

DEGREE DAYS
 HEATING
  YESTERDAY       10                         6      4        5
  MONTH TO DATE   10                         6      4        5
  SINCE MAR 1    695                       981   -286      811
  SINCE JUL 1   4052                      5026   -974     5025

 COOLING
  YESTERDAY        0                         1     -1        0
  MONTH TO DATE    0                         1     -1        0
  SINCE MAR 1     14                        29    -15        9
  SINCE JAN 1     14                        29    -15        9
..................................................................


WIND (MPH)
  HIGHEST WIND SPEED    16   HIGHEST WIND DIRECTION    NW (320)
  HIGHEST GUST SPEED    20   HIGHEST GUST DIRECTION    NW (310)
  AVERAGE WIND SPEED     8.0


SKY COVER
  POSSIBLE SUNSHINE  MM
  AVERAGE SKY COVER 0.9


WEATHER CONDITIONS
 THE FOLLOWING WEATHER WAS RECORDED YESTERDAY.
  RAIN
  LIGHT RAIN
  FOG


RELATIVE HUMIDITY (PERCENT)
 HIGHEST    86           300 AM
 LOWEST     64          1200 PM
 AVERAGE    75

..........................................................


THE KANSAS CITY INTERNATIONAL MO CLIMATE NORMALS FOR TODAY
                         NORMAL    RECORD    YEAR
 MAXIMUM TEMPERATURE (F)   71        91      1968
 MINIMUM TEMPERATURE (F)   50        31      2005


SUNRISE AND SUNSET
MAY  2 2016...........SUNRISE   618 AM CDT   SUNSET   814 PM CDT
MAY  3 2016...........SUNRISE   617 AM CDT   SUNSET   815 PM CDT


-  INDICATES NEGATIVE NUMBERS.
R  INDICATES RECORD WAS SET OR TIED.
MM INDICATES DATA IS MISSING.
T  INDICATES TRACE AMOUNT.


&&

...MISCELLANEOUS CLIMATE DATA FROM YESTERDAY...

LOCATION                HIGH    LOW      PRECIP
ST. JOSEPH               56      49       0.04
DOWNTOWN KANSAS CITY     63      51       T
OLATHE NEW CENTURY       60      46       0.00
OLATHE JO CO EXEC        60      47       0.00
LEES SUMMIT              62      50       T
KIRKSVILLE               54      48       0.07
CHILLICOTHE              58      50       0.02
SEDALIA                  65      49       T
NWS PLEASANT HILL MO     62      47       T


THIS PRODUCT...ALONG WITH OTHER WEATHER...HYDROLOGICAL AND CLIMATE
INFORMATION...IS AVAILABLE ON THE WEB AT HTTP://WWW.WEATHER.GOV/EAX
OR AT HTTP://WEATHER.GOV

$$

PM
